{"id":1182,"date":"2019-09-08T13:01:47","date_gmt":"2019-09-08T11:01:47","guid":{"rendered":"http:\/\/agora.xtec.cat\/inscanoriac\/?page_id=1182"},"modified":"2025-12-16T08:26:27","modified_gmt":"2025-12-16T07:26:27","slug":"consell-escolar","status":"publish","type":"page","link":"https:\/\/agora.xtec.cat\/inscanoriac\/linstitut\/organigrama\/consell-escolar\/","title":{"rendered":"Consell escolar"},"content":{"rendered":"\n<h5 class=\"wp-block-heading\">Qu\u00e8 \u00e9s?<\/h5>\n\n\n\n<p>El Consell Escolar del centre \u00e9s l\u2019\u00f2rgan de participaci\u00f3 de la comunitat escolar en el control i gesti\u00f3 dels centres docents, amb funcions en l\u2019\u00e0mbit de la programaci\u00f3 general, i en el seguiment i avaluaci\u00f3 de les seves activitats.<\/p>\n\n\n\n<h5 class=\"wp-block-heading\">Qui el forma?<\/h5>\n\n\n\n<p>Est\u00e0 integrat per membres de tots els \u00e0mbits escolars. La condici\u00f3 de membre electe del consell escolar del centre s\u2019adquireix per quatre anys. Cada dos anys es renova la meitat dels membres representants del professorat i la meitat dels membres representants de l\u2019alumnat i de les fam\u00edlies d\u2019alumnes.<\/p>\n\n\n\n<p>El consell escolar del nostre institut est\u00e0 format per:<\/p>\n\n\n\n<p>Representants de l&#8217;equip directiu:<\/p>\n\n\n\n<figure class=\"wp-block-table\"><table><tbody><tr><td>Direcci\u00f3<\/td><td>Mar\u00e7al Botey<\/td><\/tr><tr><td>Secretaria<\/td><td>Sergi Torres<\/td><\/tr><tr><td>Cap d&#8217;estudis<\/td><td>Llu\u00eds Ruiz<\/td><\/tr><\/tbody><\/table><\/figure>\n\n\n\n<p>Representants del sector:<\/p>\n\n\n\n<figure class=\"wp-block-table\"><table class=\"has-fixed-layout\"><tbody><tr><td>Professorat<\/td><td>Fam\u00edlies<\/td><td>PAS-PAE<\/td><td>Alumnat<\/td><td>Ajuntament<\/td><\/tr><tr><td>Pau Casares <\/td><td>Jos\u00e9 Luis Gonz\u00e1lez (AFA)<\/td><td>Alfred Hern\u00e1ndez<\/td><td>Matias Alba<\/td><td>Anna Reina<\/td><\/tr><tr><td>Alba Castelltort<\/td><td>Emma L\u00f3pez<\/td><td>&nbsp;<\/td><td>Hugo Jim\u00e9nez<\/td><td>&nbsp;<\/td><\/tr><tr><td>Aida Guill\u00e9n<\/td><td>Roger Plata<\/td><td>&nbsp;<\/td><td>&nbsp;<\/td><td>&nbsp;<\/td><\/tr><tr><td>Ivan Mullor <\/td><td>&nbsp;<\/td><td>&nbsp;<\/td><td>&nbsp;<\/td><td>&nbsp;<\/td><\/tr><tr><td>Eloi Puertas<\/td><td>&nbsp;<\/td><td>&nbsp;<\/td><td>&nbsp;<\/td><td>&nbsp;<\/td><\/tr><\/tbody><\/table><\/figure>\n\n\n\n<p><a href=\"https:\/\/docs.google.com\/document\/d\/15ceNv5Rktuxsc3Y3zKsJEeoAdXKOiYeuIHGbiDQyMB4\/edit?usp=sharing\" target=\"_blank\" rel=\"noopener\">Acta p\u00fablica de les reunions del Consell Escolar<\/a><\/p>\n","protected":false},"excerpt":{"rendered":"<p>Qu\u00e8 \u00e9s? El Consell Escolar del centre \u00e9s l\u2019\u00f2rgan de participaci\u00f3 de la comunitat escolar en el control i gesti\u00f3 [&hellip;]<\/p>\n","protected":false},"author":1,"featured_media":0,"parent":4734,"menu_order":3,"comment_status":"closed","ping_status":"closed","template":"","meta":{"site-sidebar-layout":"left-sidebar","site-content-layout":"","ast-site-content-layout":"default","site-content-style":"default","site-sidebar-style":"default","ast-global-header-display":"","ast-banner-title-visibility":"","ast-main-header-display":"","ast-hfb-above-header-display":"","ast-hfb-below-header-display":"","ast-hfb-mobile-header-display":"","site-post-title":"","ast-breadcrumbs-content":"","ast-featured-img":"","footer-sml-layout":"","theme-transparent-header-meta":"","adv-header-id-meta":"","stick-header-meta":"","header-above-stick-meta":"","header-main-stick-meta":"","header-below-stick-meta":"","astra-migrate-meta-layouts":"set","ast-page-background-enabled":"default","ast-page-background-meta":{"desktop":{"background-color":"var(--ast-global-color-4)","background-image":"","background-repeat":"repeat","background-position":"center center","background-size":"auto","background-attachment":"scroll","background-type":"","background-media":"","overlay-type":"","overlay-color":"","overlay-opacity":"","overlay-gradient":""},"tablet":{"background-color":"","background-image":"","background-repeat":"repeat","background-position":"center center","background-size":"auto","background-attachment":"scroll","background-type":"","background-media":"","overlay-type":"","overlay-color":"","overlay-opacity":"","overlay-gradient":""},"mobile":{"background-color":"","background-image":"","background-repeat":"repeat","background-position":"center center","background-size":"auto","background-attachment":"scroll","background-type":"","background-media":"","overlay-type":"","overlay-color":"","overlay-opacity":"","overlay-gradient":""}},"ast-content-background-meta":{"desktop":{"background-color":"var(--ast-global-color-5)","background-image":"","background-repeat":"repeat","background-position":"center center","background-size":"auto","background-attachment":"scroll","background-type":"","background-media":"","overlay-type":"","overlay-color":"","overlay-opacity":"","overlay-gradient":""},"tablet":{"background-color":"var(--ast-global-color-5)","background-image":"","background-repeat":"repeat","background-position":"center center","background-size":"auto","background-attachment":"scroll","background-type":"","background-media":"","overlay-type":"","overlay-color":"","overlay-opacity":"","overlay-gradient":""},"mobile":{"background-color":"var(--ast-global-color-5)","background-image":"","background-repeat":"repeat","background-position":"center center","background-size":"auto","background-attachment":"scroll","background-type":"","background-media":"","overlay-type":"","overlay-color":"","overlay-opacity":"","overlay-gradient":""}},"footnotes":""},"class_list":["post-1182","page","type-page","status-publish","hentry"],"post_mailing_queue_ids":[],"_links":{"self":[{"href":"https:\/\/agora.xtec.cat\/inscanoriac\/wp-json\/wp\/v2\/pages\/1182","targetHints":{"allow":["GET"]}}],"collection":[{"href":"https:\/\/agora.xtec.cat\/inscanoriac\/wp-json\/wp\/v2\/pages"}],"about":[{"href":"https:\/\/agora.xtec.cat\/inscanoriac\/wp-json\/wp\/v2\/types\/page"}],"author":[{"embeddable":true,"href":"https:\/\/agora.xtec.cat\/inscanoriac\/wp-json\/wp\/v2\/users\/1"}],"replies":[{"embeddable":true,"href":"https:\/\/agora.xtec.cat\/inscanoriac\/wp-json\/wp\/v2\/comments?post=1182"}],"version-history":[{"count":6,"href":"https:\/\/agora.xtec.cat\/inscanoriac\/wp-json\/wp\/v2\/pages\/1182\/revisions"}],"predecessor-version":[{"id":6231,"href":"https:\/\/agora.xtec.cat\/inscanoriac\/wp-json\/wp\/v2\/pages\/1182\/revisions\/6231"}],"up":[{"embeddable":true,"href":"https:\/\/agora.xtec.cat\/inscanoriac\/wp-json\/wp\/v2\/pages\/4734"}],"wp:attachment":[{"href":"https:\/\/agora.xtec.cat\/inscanoriac\/wp-json\/wp\/v2\/media?parent=1182"}],"curies":[{"name":"wp","href":"https:\/\/api.w.org\/{rel}","templated":true}]}}