{"id":69,"date":"2014-09-18T10:15:07","date_gmt":"2014-09-18T09:15:07","guid":{"rendered":"http:\/\/agora.xtec.cat\/insbosc\/?page_id=69"},"modified":"2025-09-25T12:38:24","modified_gmt":"2025-09-25T10:38:24","slug":"menjador-escolar","status":"publish","type":"page","link":"https:\/\/agora.xtec.cat\/insbosc\/serveis\/menjador-escolar\/","title":{"rendered":"Menjador escolar"},"content":{"rendered":"<p>A l\u2019institut disposem de servei de menjador escolar els dilluns, dimarts i dijous de 13:00h a 14:30h, i dimecres de 15:00h a 16:00h, amb l\u2019empresa SOM VALORS. Disposem de cuina pr\u00f2pia amb\u00a0els millors productes frescos, de proximitat i ecol\u00f2gics inclosos en el nostre men\u00fa, aix\u00ed com totes les derivacions, tenint en compte al\u00b7l\u00e8rgies, intoler\u00e0ncies, opcions religioses o indisposicions temporals.<\/p>\n<p>La coordinadora de Temps de Migdia i, de gestions econ\u00f2miques i d\u2019inscripcions, \u00e9s l&#8217;Elia Mart\u00ednez.<\/p>\n<table width=\"375\">\n<tbody>\n<tr>\n<td><strong>CONTACTE<\/strong><\/td>\n<\/tr>\n<tr>\n<td>Tel\u00e8fon: 654 339 678<\/td>\n<\/tr>\n<tr>\n<td>E-Mail: <a href=\"mailto:emartinez@somvalors.com\" target=\"_blank\" rel=\"noopener\">emartinez@somvalors.com<\/a><\/td>\n<\/tr>\n<\/tbody>\n<\/table>\n<div title=\"Page 1\">\n<div>\n<div>\n<div>\n<p>L\u2019horari d\u2019atenci\u00f3 telef\u00f2nica \u00e9s de 10h a 12h.<\/p>\n<p><b>Enlla\u00e7 per fer la inscripci\u00f3 per noves incorporacions:<\/b><br \/>\n<a href=\"https:\/\/inscripcions.somvalors.com\/login\/\" target=\"_blank\" rel=\"noopener noreferrer\" data-saferedirecturl=\"https:\/\/www.google.com\/url?q=https:\/\/inscripcions.somvalors.com\/login\/&amp;source=gmail&amp;ust=1758881557899000&amp;usg=AOvVaw0qLiD8ETjkd6zrgubOY4xK\">https:\/\/inscripcions.<wbr \/>somvalors.com\/login\/<\/a><br \/>\nSi heu de fer algun canvi despr\u00e9s de la inscripci\u00f3, ho haureu de notificar a l&#8217;email de la coordinaci\u00f3 (<a href=\"mailto:emartinez@somvalors.com\" target=\"_blank\" rel=\"noopener\">emartinez@somvalors.com<\/a>).<\/p>\n<p>S\u2019ha de fer la inscripci\u00f3 encara que feu servir el menjador de manera espor\u00e0dica.<\/p>\n<\/div>\n<\/div>\n<\/div>\n<\/div>\n<p>S&#8217;ha d&#8217;avisar per correu<b>\u00a0<\/b>si heu de fer servir el servei de menjador espor\u00e0dicament,<b>\u00a0sempre abans de les 9.30h del mateix dia\u00a0<\/b>que es queda a dinar. Posant nom i cognoms de l&#8217;alumne i el curs.<\/p>\n<p><a href=\"https:\/\/agora.xtec.cat\/insbosc\/wp-content\/uploads\/usu2624\/2025\/09\/Full-informatiu-INSTITUT-25-26.pdf\" target=\"_blank\" rel=\"noopener\" data-saferedirecturl=\"https:\/\/www.google.com\/url?q=https:\/\/agora.xtec.cat\/insbosc\/wp-content\/uploads\/usu2624\/2021\/07\/menjador-bosc-2020-2021.pdf&amp;source=gmail&amp;ust=1758881557899000&amp;usg=AOvVaw3gD9bFHwc9g8IagRpLVN87\">Aqu\u00ed us adjuntem un document<\/a>\u00a0amb tota la informaci\u00f3 i horaris.<\/p>\n","protected":false},"excerpt":{"rendered":"<p>A l\u2019institut disposem de servei de menjador escolar els dilluns, dimarts i dijous de 13:00h a 14:30h, i dimecres de 15:00h a 16:00h, amb l\u2019empresa SOM VALORS. Disposem de cuina pr\u00f2pia amb\u00a0els millors productes frescos, de proximitat i ecol\u00f2gics inclosos en el nostre men\u00fa, aix\u00ed&hellip;  <a href=\"https:\/\/agora.xtec.cat\/insbosc\/serveis\/menjador-escolar\/\" title=\"Read Menjador escolar\">Llegeix m\u00e9s\u00bb<\/a><\/p>\n","protected":false},"author":1,"featured_media":0,"parent":63,"menu_order":20,"comment_status":"closed","ping_status":"closed","template":"page-templates\/side-menu.php","meta":{"_bbp_topic_count":0,"_bbp_reply_count":0,"_bbp_total_topic_count":0,"_bbp_total_reply_count":0,"_bbp_voice_count":0,"_bbp_anonymous_reply_count":0,"_bbp_topic_count_hidden":0,"_bbp_reply_count_hidden":0,"_bbp_forum_subforum_count":0,"footnotes":""},"class_list":["post-69","page","type-page","status-publish","hentry"],"post_mailing_queue_ids":[],"_links":{"self":[{"href":"https:\/\/agora.xtec.cat\/insbosc\/wp-json\/wp\/v2\/pages\/69","targetHints":{"allow":["GET"]}}],"collection":[{"href":"https:\/\/agora.xtec.cat\/insbosc\/wp-json\/wp\/v2\/pages"}],"about":[{"href":"https:\/\/agora.xtec.cat\/insbosc\/wp-json\/wp\/v2\/types\/page"}],"author":[{"embeddable":true,"href":"https:\/\/agora.xtec.cat\/insbosc\/wp-json\/wp\/v2\/users\/1"}],"replies":[{"embeddable":true,"href":"https:\/\/agora.xtec.cat\/insbosc\/wp-json\/wp\/v2\/comments?post=69"}],"version-history":[{"count":5,"href":"https:\/\/agora.xtec.cat\/insbosc\/wp-json\/wp\/v2\/pages\/69\/revisions"}],"predecessor-version":[{"id":3322,"href":"https:\/\/agora.xtec.cat\/insbosc\/wp-json\/wp\/v2\/pages\/69\/revisions\/3322"}],"up":[{"embeddable":true,"href":"https:\/\/agora.xtec.cat\/insbosc\/wp-json\/wp\/v2\/pages\/63"}],"wp:attachment":[{"href":"https:\/\/agora.xtec.cat\/insbosc\/wp-json\/wp\/v2\/media?parent=69"}],"curies":[{"name":"wp","href":"https:\/\/api.w.org\/{rel}","templated":true}]}}