{"id":43,"date":"2014-09-17T16:45:07","date_gmt":"2014-09-17T16:45:07","guid":{"rendered":"http:\/\/agora.xtec.cat\/insbosc\/?page_id=43"},"modified":"2025-09-19T21:22:21","modified_gmt":"2025-09-19T19:22:21","slug":"consell-escolar","status":"publish","type":"page","link":"https:\/\/agora.xtec.cat\/insbosc\/linstitut\/consell-escolar\/","title":{"rendered":"AFA"},"content":{"rendered":"<p><strong>Qui som?\u00a0<\/strong><\/p>\n<p>L&#8217;AFA (Associaci\u00f3 de Fam\u00edlies d&#8217;Alumnes) de l\u2019Institut Bosc de Montju\u00efc \u00e9s l\u2019associaci\u00f3 sense \u00e0nim de lucre que agrupa totes les fam\u00edlies de l\u2019alumnat del centre que aix\u00ed ho desitgin.<\/p>\n<p><strong>Qu\u00e8 fem?\u00a0<\/strong><\/p>\n<p>1. Fomentar la conviv\u00e8ncia entre la comunitat educativa.<\/p>\n<p>2. Col\u00b7laborar i promoure activitats educatives, culturals i l\u00fadiques conjuntes.<\/p>\n<p>3. Potenciar la participaci\u00f3 de les fam\u00edlies en la vida del centre educatiu.<\/p>\n<p><strong>Com ens organitzem?\u00a0<\/strong><\/p>\n<p>1. Amb una junta directiva i quatre comissions permanents:<\/p>\n<ul>\n<li>Reciclatge de llibres<\/li>\n<li>Menjador<\/li>\n<li>Tallers<\/li>\n<li>Econ\u00f2mica<\/li>\n<\/ul>\n<p>2. Amb l&#8217;empenta del col\u00b7lectiu de les fam\u00edlies delegades\u00a0de classe.<\/p>\n<p>3. Amb la creaci\u00f3 de grups de treball \u201cad hoc\u201d per a la preparaci\u00f3 de\u00a0 festes i activitats.<\/p>\n<p><strong>Contacte<\/strong><\/p>\n<p>afa<span class=\"atwho-query\">@insboscmontjuic.com<\/span><\/p>\n<p>&nbsp;<\/p>\n","protected":false},"excerpt":{"rendered":"<p>Qui som?\u00a0<br \/>\nL&#8217;AFA (Associaci\u00f3 de Fam\u00edlies d&#8217;Alumnes) de l\u2019Institut Bosc de Montju\u00efc \u00e9s l\u2019associaci\u00f3 sense \u00e0nim de lucre que agrupa totes les fam\u00edlies de l\u2019alumnat del centre que aix\u00ed ho desitgin.<br \/>\nQu\u00e8 fem?\u00a0<br \/>\n1. Fomentar la conviv\u00e8ncia entre la comunitat educativa.<br \/>\n2. Col\u00b7laborar i promoure activitats educatives, culturals i&hellip;  <a href=\"https:\/\/agora.xtec.cat\/insbosc\/linstitut\/consell-escolar\/\" title=\"Read AFA\">Llegeix m\u00e9s\u00bb<\/a><\/p>\n","protected":false},"author":1,"featured_media":0,"parent":19,"menu_order":40,"comment_status":"closed","ping_status":"closed","template":"page-templates\/side-menu.php","meta":{"_bbp_topic_count":0,"_bbp_reply_count":0,"_bbp_total_topic_count":0,"_bbp_total_reply_count":0,"_bbp_voice_count":0,"_bbp_anonymous_reply_count":0,"_bbp_topic_count_hidden":0,"_bbp_reply_count_hidden":0,"_bbp_forum_subforum_count":0,"footnotes":""},"class_list":["post-43","page","type-page","status-publish","hentry"],"post_mailing_queue_ids":[],"_links":{"self":[{"href":"https:\/\/agora.xtec.cat\/insbosc\/wp-json\/wp\/v2\/pages\/43","targetHints":{"allow":["GET"]}}],"collection":[{"href":"https:\/\/agora.xtec.cat\/insbosc\/wp-json\/wp\/v2\/pages"}],"about":[{"href":"https:\/\/agora.xtec.cat\/insbosc\/wp-json\/wp\/v2\/types\/page"}],"author":[{"embeddable":true,"href":"https:\/\/agora.xtec.cat\/insbosc\/wp-json\/wp\/v2\/users\/1"}],"replies":[{"embeddable":true,"href":"https:\/\/agora.xtec.cat\/insbosc\/wp-json\/wp\/v2\/comments?post=43"}],"version-history":[{"count":6,"href":"https:\/\/agora.xtec.cat\/insbosc\/wp-json\/wp\/v2\/pages\/43\/revisions"}],"predecessor-version":[{"id":3302,"href":"https:\/\/agora.xtec.cat\/insbosc\/wp-json\/wp\/v2\/pages\/43\/revisions\/3302"}],"up":[{"embeddable":true,"href":"https:\/\/agora.xtec.cat\/insbosc\/wp-json\/wp\/v2\/pages\/19"}],"wp:attachment":[{"href":"https:\/\/agora.xtec.cat\/insbosc\/wp-json\/wp\/v2\/media?parent=43"}],"curies":[{"name":"wp","href":"https:\/\/api.w.org\/{rel}","templated":true}]}}