{"id":19,"date":"2014-09-17T14:56:56","date_gmt":"2014-09-17T14:56:56","guid":{"rendered":"http:\/\/agora.xtec.cat\/insbosc\/?page_id=19"},"modified":"2025-09-19T21:22:21","modified_gmt":"2025-09-19T19:22:21","slug":"linstitut","status":"publish","type":"page","link":"https:\/\/agora.xtec.cat\/insbosc\/linstitut\/","title":{"rendered":"L&#8217;institut"},"content":{"rendered":"<div class=\"page\" title=\"Page 4\">\n<div class=\"layoutArea\">\n<div class=\"column\">\n<p>L\u2019Institut Bosc de Montju\u00efc \u00e9s un centre p\u00fablic de titularitat municipal depenent del Consorci d\u2019Educaci\u00f3 de Barcelona que va iniciar el seu cam\u00ed el curs 1996-1997. En aquest curs acad\u00e8mic s\u2019obren dues l\u00ednies de 1r i 3r de la ESO, que recullen els alumnes de 6\u00e8 i 8\u00e8 d\u2019EGB, respectivament. Al curs seg\u00fcent, es completa tota l\u2019etapa de la ESO, segons estipulava la llei d\u2019educaci\u00f3 vigent en aquell moment (LOGSE).<\/p>\n<p>El seu naixement va ser provocat pel tancament de la ESO a l\u2019IESM Llu\u00efsa Cura i a l\u2019IESM Narc\u00eds Monturiol i dels quals provenien la majoria del professorat, que ja havien tingut l\u2019oportunitat de treballar en ESO.<br \/>\nLes instal\u2022lacions corresponien al CEIP Bosc de Montju\u00efc, que donada aquesta reestructuraci\u00f3 realitzada per l\u2019Institut Municipal d\u2019Educaci\u00f3 de Barcelona (IMEB), va passar de dues l\u00ednies a una. La Secci\u00f3 passar a ocupar aquestes depend\u00e8ncies lliures i am\u00e9s a m\u00e9s es fa necessari construir de noves per cobrir les exig\u00e8ncies acad\u00e8miques de la nova llei.<\/p>\n<p>El repte era engrescador i no absent de les dificultats que comporta la creaci\u00f3 d\u2019un nou centre escolar, per\u00f2 que van ser superades amb \u00e8xit, esfor\u00e7 i treball. Va comen\u00e7ar la seva activitat el curs 1996-1997 com a secci\u00f3 de l\u2019Institut Llu\u00efsa Cura impartint ensenyament a alumnat de 1r i 3r d\u2019ESO. El centre es va ubicar al recinte que ocupava l\u2019Escola Bosc de Montju\u00efc, amb qui comparteix instal\u00b7lacions. L&#8217;Escola de Bosc va ser una instituci\u00f3 pedag\u00f2gica nascuda a iniciativa de l&#8217;Ajuntament de Barcelona dins la renovaci\u00f3 pedag\u00f2gica promoguda per la Mancomunitat. L&#8217;Escola del Bosc estava ubicada a l&#8217;antiga torre Laribal, al Parc de Montju\u00efc i va ser inaugurada el 8 de maig de 1914.<\/p>\n<div class=\"page\" title=\"Page 5\">\n<div class=\"layoutArea\">\n<div class=\"column\">\n<p>Situat a sobre del Poble Sec i dins el districte de Sants-Montju\u00efc de Barcelona i amb la sensaci\u00f3 de tenir Barcelona als peus.<\/p>\n<\/div>\n<\/div>\n<\/div>\n<\/div>\n<\/div>\n<\/div>\n","protected":false},"excerpt":{"rendered":"<p>L\u2019Institut Bosc de Montju\u00efc \u00e9s un centre p\u00fablic de titularitat municipal depenent del Consorci d\u2019Educaci\u00f3 de Barcelona que va iniciar el seu cam\u00ed el curs 1996-1997. En aquest curs acad\u00e8mic s\u2019obren dues l\u00ednies de 1r i 3r de la ESO, que recullen els alumnes de&hellip;  <a href=\"https:\/\/agora.xtec.cat\/insbosc\/linstitut\/\" title=\"Read L&#8217;institut\">Llegeix m\u00e9s\u00bb<\/a><\/p>\n","protected":false},"author":1,"featured_media":0,"parent":0,"menu_order":0,"comment_status":"closed","ping_status":"closed","template":"page-templates\/side-menu.php","meta":{"_bbp_topic_count":0,"_bbp_reply_count":0,"_bbp_total_topic_count":0,"_bbp_total_reply_count":0,"_bbp_voice_count":0,"_bbp_anonymous_reply_count":0,"_bbp_topic_count_hidden":0,"_bbp_reply_count_hidden":0,"_bbp_forum_subforum_count":0,"footnotes":""},"class_list":["post-19","page","type-page","status-publish","hentry"],"post_mailing_queue_ids":[],"_links":{"self":[{"href":"https:\/\/agora.xtec.cat\/insbosc\/wp-json\/wp\/v2\/pages\/19","targetHints":{"allow":["GET"]}}],"collection":[{"href":"https:\/\/agora.xtec.cat\/insbosc\/wp-json\/wp\/v2\/pages"}],"about":[{"href":"https:\/\/agora.xtec.cat\/insbosc\/wp-json\/wp\/v2\/types\/page"}],"author":[{"embeddable":true,"href":"https:\/\/agora.xtec.cat\/insbosc\/wp-json\/wp\/v2\/users\/1"}],"replies":[{"embeddable":true,"href":"https:\/\/agora.xtec.cat\/insbosc\/wp-json\/wp\/v2\/comments?post=19"}],"version-history":[{"count":1,"href":"https:\/\/agora.xtec.cat\/insbosc\/wp-json\/wp\/v2\/pages\/19\/revisions"}],"predecessor-version":[{"id":730,"href":"https:\/\/agora.xtec.cat\/insbosc\/wp-json\/wp\/v2\/pages\/19\/revisions\/730"}],"wp:attachment":[{"href":"https:\/\/agora.xtec.cat\/insbosc\/wp-json\/wp\/v2\/media?parent=19"}],"curies":[{"name":"wp","href":"https:\/\/api.w.org\/{rel}","templated":true}]}}