{"id":614,"date":"2016-09-28T09:31:57","date_gmt":"2016-09-28T07:31:57","guid":{"rendered":"http:\/\/agora.xtec.cat\/insbitacola\/?page_id=614"},"modified":"2022-10-04T11:33:56","modified_gmt":"2022-10-04T09:33:56","slug":"eixos-dactuacio","status":"publish","type":"page","link":"https:\/\/agora.xtec.cat\/insbitacola\/linstitut\/com-som\/eixos-dactuacio\/","title":{"rendered":"Eixos d&#8217;actuaci\u00f3"},"content":{"rendered":"<p><strong><u>\u00a0<\/u><\/strong><\/p>\n<p>Cada un dels eixos es concreta en les seg\u00fcents actuacions:<\/p>\n<p><a href=\"https:\/\/agora.xtec.cat\/insbitacola\/wp-content\/uploads\/usu1329\/2022\/10\/Com-som-5-1.jpg\"><img loading=\"lazy\" decoding=\"async\" class=\"alignnone wp-image-25602\" src=\"https:\/\/agora.xtec.cat\/insbitacola\/wp-content\/uploads\/usu1329\/2022\/10\/Com-som-5-1.jpg\" alt=\"\" width=\"849\" height=\"938\" srcset=\"https:\/\/agora.xtec.cat\/insbitacola\/wp-content\/uploads\/usu1329\/2022\/10\/Com-som-5-1.jpg 783w, https:\/\/agora.xtec.cat\/insbitacola\/wp-content\/uploads\/usu1329\/2022\/10\/Com-som-5-1-272x300.jpg 272w, https:\/\/agora.xtec.cat\/insbitacola\/wp-content\/uploads\/usu1329\/2022\/10\/Com-som-5-1-768x848.jpg 768w\" sizes=\"auto, (max-width: 849px) 100vw, 849px\" \/><\/a><\/p>\n<p><span style=\"color: #0000ff;\"><b>Espai Globalitzat:<\/b><\/span> <span style=\"font-weight: 400;\">Treball per centre d\u2019inter\u00e8s que canvia cada sis setmanes i que globalitza ci\u00e8ncies socials, naturals, tecnologia i visual i pl\u00e0stica. Grups heterogenis que canvien en cada centre d\u2019inter\u00e8s dins un mateix nivell.<\/span><\/p>\n<p><span style=\"color: #0000ff;\"><b>Espai en Xarxa: <\/b><\/span><span style=\"font-weight: 400;\"><span style=\"color: #0000ff;\">\u00a0<\/span>Treball d\u2019Aprenentatge i servei en qu\u00e8 l\u2019alumnat haur\u00e0 d\u2019 afrontar \u00a0un enc\u00e0rrec fet per un agent extern (entitat, empresa, col\u00b7lectiu). Aquest Espai es realitza a partir de 2n d\u2019ESO i en grups internivells.<\/span><\/p>\n<p><span style=\"color: #0000ff;\"><b>\u00c0mbits Instrumentals<\/b><\/span><span style=\"font-weight: 400;\"><span style=\"color: #0000ff;\">: T<span style=\"color: #000000;\">reball d\u2019aquestes mat\u00e8ries amb metodologies competencials i que les converteixin en instruments per als Espais Globalitzats i en xarxa.<\/span><\/span><\/span><\/p>\n<ul>\n<li><span style=\"font-weight: 400;\"><strong> Matem\u00e0tiques:<\/strong> 3-4 hores a la setmana. Basada en resoluci\u00f3 de problemes.<\/span><\/li>\n<li><span style=\"color: #000000;\"><b>\u00c0mbit ling\u00fc\u00edstic: <\/b>Projectes amb centres d&#8217;inter\u00e8s que canvien cada 5-6 setmanes, alternant catal\u00e0 i castell\u00e0.<\/span><\/li>\n<\/ul>\n<p><span style=\"color: #0000ff;\"><b>Angl\u00e8s i Franc\u00e8s<\/b><\/span><span style=\"font-weight: 400;\"><span style=\"color: #0000ff;\">:<\/span> L\u2019angl\u00e8s es treballa com a instrumental 4 hores a la setmana. La 2a llengua estrangera \u00e9s el franc\u00e8s, i \u00e9s un \u00e0mbit obligatori de 1r a 4t d&#8217;ESO, 2 hores a la setmana.<\/span><\/p>\n<p><span style=\"color: #0000ff;\"><b>Espai creatiu: <\/b><\/span><span style=\"font-weight: 400;\">Aquest \u00e0mbit pertany a les \u00e0rees de m\u00fasica, teatre, educaci\u00f3 f\u00edsica i tecnologia. \u00c9s trimestral i en grups internivells. Espai per a crear espectacles trimestrals i treballar les emocions a partir de l\u2019\u00e0mbit art\u00edstic.<\/span><\/p>\n<p><span style=\"color: #0000ff;\"><b>Educaci\u00f3 musical i Educaci\u00f3 f\u00edsica:<\/b><\/span><span style=\"font-weight: 400;\"><span style=\"color: #0000ff;\"> \u00a0<\/span>Dues hores a la setmana amb el grup classe.<\/span><\/p>\n<p><span style=\"color: #0000ff;\"><b>Tutoria:<\/b> <\/span><span style=\"font-weight: 400;\">Hi ha una tutoria de grup i una individual (10 alumnes per professor\/a) per a fer l\u2019orientaci\u00f3 personalitzada.<\/span><\/p>\n<p><span style=\"color: #0000ff;\"><strong>Espai de participaci\u00f3:<\/strong> <\/span>Participaci\u00f3 de l&#8217;alumnat en les tasques de l&#8217;institut (secretaria, inform\u00e0tica, p\u00e0gina web, ambientaci\u00f3, jardineria&#8230;) i en diferents \u00e0mbits de debat i presa de decisions de centre al llarg de tot el curs per educar la responsabilitat en la comunitat.<\/p>\n<p><span style=\"color: #0000ff;\"><strong>Espai d&#8217;experts:<\/strong><\/span> Programaci\u00f3 i implementaci\u00f3 per part de l&#8217;alumnat d&#8217;un taller sobre un tema del qual \u00e9s expert. L&#8217;elecci\u00f3 per part de la resta de l&#8217;alumnat es fa despr\u00e9s d&#8217;assistir a una fira de presentaci\u00f3 dels diferents tallers.<\/p>\n<p style=\"text-align: justify;\"><strong><span style=\"color: #0000ff;\">Itineraris Personals:<\/span><\/strong> Itineraris de lliure elecci\u00f3 amb format de Projectes especialitzats en \u00e0mbits tecnol\u00f2gic, cient\u00edfic, art\u00edstic, social o ling\u00fc\u00edstics de sis setmanes, 5 o 6 hores a la setmana. En la majoria dels casos pren el format d\u2019Espai en Xarxa (4t ESO).<\/p>\n<p><a href=\"https:\/\/agora.xtec.cat\/insbitacola\/wp-content\/uploads\/usu1329\/2021\/07\/1.png\"><img loading=\"lazy\" decoding=\"async\" class=\"alignnone wp-image-21840\" src=\"https:\/\/agora.xtec.cat\/insbitacola\/wp-content\/uploads\/usu1329\/2021\/07\/1.png\" alt=\"\" width=\"616\" height=\"718\" srcset=\"https:\/\/agora.xtec.cat\/insbitacola\/wp-content\/uploads\/usu1329\/2021\/07\/1.png 564w, https:\/\/agora.xtec.cat\/insbitacola\/wp-content\/uploads\/usu1329\/2021\/07\/1-258x300.png 258w\" sizes=\"auto, (max-width: 616px) 100vw, 616px\" \/><\/a><\/p>\n\n\t\t<style type=\"text\/css\">\n\t\t\t#gallery-1 {\n\t\t\t\tmargin: auto;\n\t\t\t}\n\t\t\t#gallery-1 .gallery-item {\n\t\t\t\tfloat: left;\n\t\t\t\tmargin-top: 10px;\n\t\t\t\ttext-align: center;\n\t\t\t\twidth: 33%;\n\t\t\t}\n\t\t\t#gallery-1 img {\n\t\t\t\tborder: 2px solid #cfcfcf;\n\t\t\t}\n\t\t\t#gallery-1 .gallery-caption {\n\t\t\t\tmargin-left: 0;\n\t\t\t}\n\t\t\t\/* see gallery_shortcode() in wp-includes\/media.php *\/\n\t\t<\/style>\n\t\t<div id='gallery-1' class='gallery galleryid-614 gallery-columns-3 gallery-size-full'><dl class='gallery-item'>\n\t\t\t<dt class='gallery-icon landscape'>\n\t\t\t\t<a href='https:\/\/agora.xtec.cat\/insbitacola\/linstitut\/com-som\/eixos-dactuacio\/attachment\/eixos-d_actuacio-1\/'><img loading=\"lazy\" decoding=\"async\" width=\"912\" height=\"684\" src=\"https:\/\/agora.xtec.cat\/insbitacola\/wp-content\/uploads\/usu1329\/2022\/10\/eixos-d_actuacio-1.jpg\" class=\"attachment-full size-full\" alt=\"\" srcset=\"https:\/\/agora.xtec.cat\/insbitacola\/wp-content\/uploads\/usu1329\/2022\/10\/eixos-d_actuacio-1.jpg 912w, https:\/\/agora.xtec.cat\/insbitacola\/wp-content\/uploads\/usu1329\/2022\/10\/eixos-d_actuacio-1-300x225.jpg 300w, https:\/\/agora.xtec.cat\/insbitacola\/wp-content\/uploads\/usu1329\/2022\/10\/eixos-d_actuacio-1-768x576.jpg 768w, https:\/\/agora.xtec.cat\/insbitacola\/wp-content\/uploads\/usu1329\/2022\/10\/eixos-d_actuacio-1-200x150.jpg 200w\" sizes=\"auto, (max-width: 912px) 100vw, 912px\" \/><\/a>\n\t\t\t<\/dt><\/dl><dl class='gallery-item'>\n\t\t\t<dt class='gallery-icon landscape'>\n\t\t\t\t<a href='https:\/\/agora.xtec.cat\/insbitacola\/linstitut\/com-som\/eixos-dactuacio\/attachment\/eixos-d_actuacio-3\/'><img loading=\"lazy\" decoding=\"async\" width=\"1824\" height=\"1368\" src=\"https:\/\/agora.xtec.cat\/insbitacola\/wp-content\/uploads\/usu1329\/2022\/10\/eixos-d_actuacio-3.jpg\" class=\"attachment-full size-full\" alt=\"\" srcset=\"https:\/\/agora.xtec.cat\/insbitacola\/wp-content\/uploads\/usu1329\/2022\/10\/eixos-d_actuacio-3.jpg 1824w, https:\/\/agora.xtec.cat\/insbitacola\/wp-content\/uploads\/usu1329\/2022\/10\/eixos-d_actuacio-3-300x225.jpg 300w, https:\/\/agora.xtec.cat\/insbitacola\/wp-content\/uploads\/usu1329\/2022\/10\/eixos-d_actuacio-3-1024x768.jpg 1024w, https:\/\/agora.xtec.cat\/insbitacola\/wp-content\/uploads\/usu1329\/2022\/10\/eixos-d_actuacio-3-768x576.jpg 768w, https:\/\/agora.xtec.cat\/insbitacola\/wp-content\/uploads\/usu1329\/2022\/10\/eixos-d_actuacio-3-1536x1152.jpg 1536w, https:\/\/agora.xtec.cat\/insbitacola\/wp-content\/uploads\/usu1329\/2022\/10\/eixos-d_actuacio-3-200x150.jpg 200w\" sizes=\"auto, (max-width: 1824px) 100vw, 1824px\" \/><\/a>\n\t\t\t<\/dt><\/dl><dl class='gallery-item'>\n\t\t\t<dt class='gallery-icon landscape'>\n\t\t\t\t<a href='https:\/\/agora.xtec.cat\/insbitacola\/linstitut\/com-som\/eixos-dactuacio\/attachment\/eixos-d_actuacio-4\/'><img loading=\"lazy\" decoding=\"async\" width=\"960\" height=\"540\" src=\"https:\/\/agora.xtec.cat\/insbitacola\/wp-content\/uploads\/usu1329\/2022\/10\/eixos-d_actuacio-4.jpg\" class=\"attachment-full size-full\" alt=\"\" srcset=\"https:\/\/agora.xtec.cat\/insbitacola\/wp-content\/uploads\/usu1329\/2022\/10\/eixos-d_actuacio-4.jpg 960w, https:\/\/agora.xtec.cat\/insbitacola\/wp-content\/uploads\/usu1329\/2022\/10\/eixos-d_actuacio-4-300x169.jpg 300w, https:\/\/agora.xtec.cat\/insbitacola\/wp-content\/uploads\/usu1329\/2022\/10\/eixos-d_actuacio-4-768x432.jpg 768w\" sizes=\"auto, (max-width: 960px) 100vw, 960px\" \/><\/a>\n\t\t\t<\/dt><\/dl><br style=\"clear: both\" \/>\n\t\t<\/div>\n\n","protected":false},"excerpt":{"rendered":"<p>\u00a0<br \/>\nCada un dels eixos es concreta en les seg\u00fcents actuacions:<br \/>\n<a href=\"https:\/\/agora.xtec.cat\/insbitacola\/wp-content\/uploads\/usu1329\/2022\/10\/Com-som-5-1.jpg\"><\/a><br \/>\nEspai Globalitzat: Treball per centre d\u2019inter\u00e8s que canvia cada sis setmanes i que globalitza ci\u00e8ncies socials, naturals, tecnologia i visual i pl\u00e0stica. Grups heterogenis que canvien en cada centre d\u2019inter\u00e8s dins un mateix nivell.<br \/>\nEspai en&hellip;  <a href=\"https:\/\/agora.xtec.cat\/insbitacola\/linstitut\/com-som\/eixos-dactuacio\/\" title=\"Read Eixos d&#8217;actuaci\u00f3\">Llegeix m\u00e9s\u00bb<\/a><\/p>\n","protected":false},"author":1,"featured_media":0,"parent":39,"menu_order":5,"comment_status":"closed","ping_status":"closed","template":"page-templates\/side-menu.php","meta":{"_bbp_topic_count":0,"_bbp_reply_count":0,"_bbp_total_topic_count":0,"_bbp_total_reply_count":0,"_bbp_voice_count":0,"_bbp_anonymous_reply_count":0,"_bbp_topic_count_hidden":0,"_bbp_reply_count_hidden":0,"_bbp_forum_subforum_count":0,"footnotes":""},"class_list":["post-614","page","type-page","status-publish","hentry"],"post_mailing_queue_ids":[],"_links":{"self":[{"href":"https:\/\/agora.xtec.cat\/insbitacola\/wp-json\/wp\/v2\/pages\/614","targetHints":{"allow":["GET"]}}],"collection":[{"href":"https:\/\/agora.xtec.cat\/insbitacola\/wp-json\/wp\/v2\/pages"}],"about":[{"href":"https:\/\/agora.xtec.cat\/insbitacola\/wp-json\/wp\/v2\/types\/page"}],"author":[{"embeddable":true,"href":"https:\/\/agora.xtec.cat\/insbitacola\/wp-json\/wp\/v2\/users\/1"}],"replies":[{"embeddable":true,"href":"https:\/\/agora.xtec.cat\/insbitacola\/wp-json\/wp\/v2\/comments?post=614"}],"version-history":[{"count":4,"href":"https:\/\/agora.xtec.cat\/insbitacola\/wp-json\/wp\/v2\/pages\/614\/revisions"}],"predecessor-version":[{"id":13753,"href":"https:\/\/agora.xtec.cat\/insbitacola\/wp-json\/wp\/v2\/pages\/614\/revisions\/13753"}],"up":[{"embeddable":true,"href":"https:\/\/agora.xtec.cat\/insbitacola\/wp-json\/wp\/v2\/pages\/39"}],"wp:attachment":[{"href":"https:\/\/agora.xtec.cat\/insbitacola\/wp-json\/wp\/v2\/media?parent=614"}],"curies":[{"name":"wp","href":"https:\/\/api.w.org\/{rel}","templated":true}]}}