{"id":27,"date":"2014-09-17T16:24:03","date_gmt":"2014-09-17T16:24:03","guid":{"rendered":"http:\/\/agora.xtec.cat\/insbitacola\/?page_id=27"},"modified":"2021-07-23T13:47:10","modified_gmt":"2021-07-23T11:47:10","slug":"qui-som","status":"publish","type":"page","link":"https:\/\/agora.xtec.cat\/insbitacola\/linstitut\/qui-som\/","title":{"rendered":"Qui som?"},"content":{"rendered":"<p>&nbsp;<\/p>\n<p><a href=\"https:\/\/agora.xtec.cat\/insbitacola\/wp-content\/uploads\/usu1329\/2021\/07\/1.jpg\"><img loading=\"lazy\" decoding=\"async\" class=\"alignnone wp-image-21888 \" src=\"https:\/\/agora.xtec.cat\/insbitacola\/wp-content\/uploads\/usu1329\/2021\/07\/1-1024x576.jpg\" alt=\"\" width=\"366\" height=\"206\" border=\"10\" srcset=\"https:\/\/agora.xtec.cat\/insbitacola\/wp-content\/uploads\/usu1329\/2021\/07\/1-1024x576.jpg 1024w, https:\/\/agora.xtec.cat\/insbitacola\/wp-content\/uploads\/usu1329\/2021\/07\/1-300x169.jpg 300w, https:\/\/agora.xtec.cat\/insbitacola\/wp-content\/uploads\/usu1329\/2021\/07\/1-768x432.jpg 768w, https:\/\/agora.xtec.cat\/insbitacola\/wp-content\/uploads\/usu1329\/2021\/07\/1-1536x864.jpg 1536w, https:\/\/agora.xtec.cat\/insbitacola\/wp-content\/uploads\/usu1329\/2021\/07\/1.jpg 1920w\" sizes=\"auto, (max-width: 366px) 100vw, 366px\" \/><\/a><a href=\"http:\/\/agora.xtec.cat\/insbitacola\/wp-content\/uploads\/usu1329\/2014\/09\/Qui-som-2-1.jpg\"><img loading=\"lazy\" decoding=\"async\" class=\"alignnone wp-image-565\" src=\"http:\/\/agora.xtec.cat\/insbitacola\/wp-content\/uploads\/usu1329\/2014\/09\/Qui-som-2-1.jpg\" alt=\"qui-som-2\" width=\"290\" height=\"209\" srcset=\"https:\/\/agora.xtec.cat\/insbitacola\/wp-content\/uploads\/usu1329\/2014\/09\/Qui-som-2-1.jpg 973w, https:\/\/agora.xtec.cat\/insbitacola\/wp-content\/uploads\/usu1329\/2014\/09\/Qui-som-2-1-300x216.jpg 300w, https:\/\/agora.xtec.cat\/insbitacola\/wp-content\/uploads\/usu1329\/2014\/09\/Qui-som-2-1-768x553.jpg 768w\" sizes=\"auto, (max-width: 290px) 100vw, 290px\" \/><\/a><a href=\"http:\/\/agora.xtec.cat\/insbitacola\/wp-content\/uploads\/usu1329\/2014\/09\/Qui-som-3-1.jpg\"><img loading=\"lazy\" decoding=\"async\" class=\"alignnone wp-image-566\" src=\"http:\/\/agora.xtec.cat\/insbitacola\/wp-content\/uploads\/usu1329\/2014\/09\/Qui-som-3-1-1024x630.jpg\" alt=\"qui-som-3\" width=\"344\" height=\"212\" srcset=\"https:\/\/agora.xtec.cat\/insbitacola\/wp-content\/uploads\/usu1329\/2014\/09\/Qui-som-3-1-1024x630.jpg 1024w, https:\/\/agora.xtec.cat\/insbitacola\/wp-content\/uploads\/usu1329\/2014\/09\/Qui-som-3-1-300x185.jpg 300w, https:\/\/agora.xtec.cat\/insbitacola\/wp-content\/uploads\/usu1329\/2014\/09\/Qui-som-3-1-768x473.jpg 768w, https:\/\/agora.xtec.cat\/insbitacola\/wp-content\/uploads\/usu1329\/2014\/09\/Qui-som-3-1.jpg 1222w\" sizes=\"auto, (max-width: 344px) 100vw, 344px\" \/><\/a><\/p>\n<p style=\"text-align: justify;\">El nostre centre som un institut de Barber\u00e0 del Vall\u00e8s que va iniciar les classes al setembre de 2016.\u00a0 Compartim edifici amb l\u2019escola de prim\u00e0ria Elisa Badia i terreny amb l\u2019escola bressol La Rondalla. Tamb\u00e9 disposem de les instal\u00b7lacions del pavell\u00f3 municipal Elisa Badia. Ens definim, doncs, com un centre de secund\u00e0ria que forma part d\u2019una zona educativa amb vocaci\u00f3 de servei educatiu p\u00fablic de qualitat en la franja 1-16 anys a Barber\u00e0 del Vall\u00e8s.<\/p>\n<p><a href=\"http:\/\/agora.xtec.cat\/insbitacola\/wp-content\/uploads\/usu1329\/2014\/09\/Qui-som-4-1.jpg\"><img loading=\"lazy\" decoding=\"async\" class=\"alignnone wp-image-567\" src=\"http:\/\/agora.xtec.cat\/insbitacola\/wp-content\/uploads\/usu1329\/2014\/09\/Qui-som-4-1-1024x655.jpg\" alt=\"qui-som-4\" width=\"469\" height=\"300\" srcset=\"https:\/\/agora.xtec.cat\/insbitacola\/wp-content\/uploads\/usu1329\/2014\/09\/Qui-som-4-1-1024x655.jpg 1024w, https:\/\/agora.xtec.cat\/insbitacola\/wp-content\/uploads\/usu1329\/2014\/09\/Qui-som-4-1-300x192.jpg 300w, https:\/\/agora.xtec.cat\/insbitacola\/wp-content\/uploads\/usu1329\/2014\/09\/Qui-som-4-1-768x491.jpg 768w, https:\/\/agora.xtec.cat\/insbitacola\/wp-content\/uploads\/usu1329\/2014\/09\/Qui-som-4-1.jpg 1222w\" sizes=\"auto, (max-width: 469px) 100vw, 469px\" \/><\/a> <a href=\"http:\/\/agora.xtec.cat\/insbitacola\/wp-content\/uploads\/usu1329\/2014\/09\/Qui-som-5-1.jpg\"><img loading=\"lazy\" decoding=\"async\" class=\"alignnone wp-image-568\" src=\"http:\/\/agora.xtec.cat\/insbitacola\/wp-content\/uploads\/usu1329\/2014\/09\/Qui-som-5-1-1024x561.jpg\" alt=\"qui-som-5\" width=\"547\" height=\"300\" srcset=\"https:\/\/agora.xtec.cat\/insbitacola\/wp-content\/uploads\/usu1329\/2014\/09\/Qui-som-5-1-1024x561.jpg 1024w, https:\/\/agora.xtec.cat\/insbitacola\/wp-content\/uploads\/usu1329\/2014\/09\/Qui-som-5-1-300x164.jpg 300w, https:\/\/agora.xtec.cat\/insbitacola\/wp-content\/uploads\/usu1329\/2014\/09\/Qui-som-5-1-768x421.jpg 768w, https:\/\/agora.xtec.cat\/insbitacola\/wp-content\/uploads\/usu1329\/2014\/09\/Qui-som-5-1.jpg 1224w\" sizes=\"auto, (max-width: 547px) 100vw, 547px\" \/><\/a><\/p>\n","protected":false},"excerpt":{"rendered":"<p>&nbsp;<br \/>\n<a href=\"https:\/\/agora.xtec.cat\/insbitacola\/wp-content\/uploads\/usu1329\/2021\/07\/1.jpg\"><\/a><a href=\"http:\/\/agora.xtec.cat\/insbitacola\/wp-content\/uploads\/usu1329\/2014\/09\/Qui-som-2-1.jpg\"><\/a><a href=\"http:\/\/agora.xtec.cat\/insbitacola\/wp-content\/uploads\/usu1329\/2014\/09\/Qui-som-3-1.jpg\"><\/a><br \/>\nEl nostre centre som un institut de Barber\u00e0 del Vall\u00e8s que va iniciar les classes al setembre de 2016.\u00a0 Compartim edifici amb l\u2019escola de prim\u00e0ria Elisa Badia i terreny amb l\u2019escola bressol La Rondalla. Tamb\u00e9 disposem de les instal\u00b7lacions del pavell\u00f3 municipal&hellip;  <a href=\"https:\/\/agora.xtec.cat\/insbitacola\/linstitut\/qui-som\/\" title=\"Read Qui som?\">Llegeix m\u00e9s\u00bb<\/a><\/p>\n","protected":false},"author":1,"featured_media":0,"parent":19,"menu_order":2,"comment_status":"closed","ping_status":"closed","template":"page-templates\/side-menu.php","meta":{"_bbp_topic_count":0,"_bbp_reply_count":0,"_bbp_total_topic_count":0,"_bbp_total_reply_count":0,"_bbp_voice_count":0,"_bbp_anonymous_reply_count":0,"_bbp_topic_count_hidden":0,"_bbp_reply_count_hidden":0,"_bbp_forum_subforum_count":0,"footnotes":""},"class_list":["post-27","page","type-page","status-publish","hentry"],"post_mailing_queue_ids":[],"_links":{"self":[{"href":"https:\/\/agora.xtec.cat\/insbitacola\/wp-json\/wp\/v2\/pages\/27","targetHints":{"allow":["GET"]}}],"collection":[{"href":"https:\/\/agora.xtec.cat\/insbitacola\/wp-json\/wp\/v2\/pages"}],"about":[{"href":"https:\/\/agora.xtec.cat\/insbitacola\/wp-json\/wp\/v2\/types\/page"}],"author":[{"embeddable":true,"href":"https:\/\/agora.xtec.cat\/insbitacola\/wp-json\/wp\/v2\/users\/1"}],"replies":[{"embeddable":true,"href":"https:\/\/agora.xtec.cat\/insbitacola\/wp-json\/wp\/v2\/comments?post=27"}],"version-history":[{"count":4,"href":"https:\/\/agora.xtec.cat\/insbitacola\/wp-json\/wp\/v2\/pages\/27\/revisions"}],"predecessor-version":[{"id":21891,"href":"https:\/\/agora.xtec.cat\/insbitacola\/wp-json\/wp\/v2\/pages\/27\/revisions\/21891"}],"up":[{"embeddable":true,"href":"https:\/\/agora.xtec.cat\/insbitacola\/wp-json\/wp\/v2\/pages\/19"}],"wp:attachment":[{"href":"https:\/\/agora.xtec.cat\/insbitacola\/wp-json\/wp\/v2\/media?parent=27"}],"curies":[{"name":"wp","href":"https:\/\/api.w.org\/{rel}","templated":true}]}}