{"id":1251,"date":"2023-03-03T14:43:38","date_gmt":"2023-03-03T13:43:38","guid":{"rendered":"https:\/\/agora.xtec.cat\/insbiada\/?page_id=1251"},"modified":"2025-03-14T11:48:49","modified_gmt":"2025-03-14T10:48:49","slug":"preinscripcio-i-matricula-eso","status":"publish","type":"page","link":"https:\/\/agora.xtec.cat\/insbiada\/preinscripcio-i-matricula-eso\/","title":{"rendered":"Preinscripci\u00f3 i matr\u00edcula ESO"},"content":{"rendered":"<h2><strong>Preinscripci\u00f3 ESO pel curs 2025-2026<br \/>\n<\/strong><\/h2>\n<p>&nbsp;<\/p>\n<p><strong>Per\u00edode de presentaci\u00f3 de sol\u00b7licituds: <\/strong>del 14 al 26 de mar\u00e7 de 2025<\/p>\n<p>Per a m\u00e9s informaci\u00f3 referent a tot el proc\u00e9s de preinscripci\u00f3 i matr\u00edcula: <a href=\"https:\/\/preinscripcio.gencat.cat\/ca\/estudis\/eso\/inici\/\">clica aqu\u00ed<\/a><\/p>\n<p><strong>Presentaci\u00f3 de sol\u00b7licitud:\u00a0<\/strong> <!-- <a href=\"https:\/\/preinscripcio.gencat.cat\/ca\/estudis\/eso\/inici\/\">clica aqu\u00ed<\/a> --><\/p>\n<p>Si necessiteu ajuda per realitzar la preinscripci\u00f3, ens podeu trucar al tel\u00e8fon 93 798 14 89 o podeu demanar cita pr\u00e8via <strong>del 14 fins el 26 de mar\u00e7<\/strong><\/p>\n<p>Per demanar cita pr\u00e8via heu de clicar al seg\u00fcent enlla\u00e7: <a href=\"https:\/\/aplicacions.gestioeducativa.gencat.cat\/ords\/pls\/apex\/f?p=CITA_PREVIA:4::::4:P4_TIPUS_CALENDARI,P4_DOMINI:01_Oblig,08077976\">clica aqu\u00ed<\/a><\/p>\n<p>En cas de venir a fer la preinscripci\u00f3 al centre per cita pr\u00e8via, heu de portar la documentaci\u00f3 seg\u00fcent:<\/p>\n<p><strong>DOCUMENTS IDENTIFICATIUS:<\/strong><\/p>\n<ul>\n<li aria-level=\"1\">C\u00f2pia DNI \/ NIE \/ Passaport del pare \/ mare \/ tutor legal (les dues cares)<\/li>\n<li aria-level=\"1\">C\u00f2pia DNI \/ NIE \/ Passaport de l\u2019alumne (les dues cares)<\/li>\n<li aria-level=\"1\">C\u00f2pia del Llibre de fam\u00edlia (p\u00e0gina dels pares i p\u00e0gina de l\u2019alumne)<\/li>\n<\/ul>\n<p><strong>DOCUMENTS PER ACREDITAR ELS CRITERIS DE PRIORITAT:<\/strong><\/p>\n<ul>\n<li aria-level=\"1\">Proximitat del domicili a l\u2019escola:\n<ul>\n<li aria-level=\"2\">Padr\u00f3<\/li>\n<li aria-level=\"2\">Certificat o volant de conviv\u00e8ncia<\/li>\n<\/ul>\n<\/li>\n<li aria-level=\"1\">Proximitat de la feina a l\u2019escola:\n<ul>\n<li aria-level=\"2\">Contracte laboral<\/li>\n<li aria-level=\"2\">Certificat de l\u2019empresa<\/li>\n<li aria-level=\"2\">Model de l\u2019ag\u00e8ncia tribut\u00e0ria 036 o 037 (per aut\u00f2noms)<\/li>\n<\/ul>\n<\/li>\n<li aria-level=\"1\">Renda garantida:\n<ul>\n<li aria-level=\"2\">Resoluci\u00f3 de ser beneficiari\/\u00e0ria de la prestaci\u00f3 econ\u00f2mica de la renda garantida de ciutadania o de l&#8217;ajut m\u00ednim vital.<\/li>\n<\/ul>\n<\/li>\n<li aria-level=\"1\">Fam\u00edlia nombrosa, monoparental i discapacitat (&gt;33%):\n<ul>\n<li aria-level=\"2\">Carnet<\/li>\n<li aria-level=\"2\">Resoluci\u00f3<\/li>\n<\/ul>\n<\/li>\n<li aria-level=\"1\">V\u00edctima de viol\u00e8ncia de g\u00e8nere o terrorisme:\n<ul>\n<li aria-level=\"2\">Sent\u00e8ncia judicial<\/li>\n<li aria-level=\"2\">Ordre de protecci\u00f3 vigent<\/li>\n<li aria-level=\"2\">Informe dels serveis socials<\/li>\n<li aria-level=\"2\">Certificat que acredita la condici\u00f3 de v\u00edctima de terrorisme que emet la Subdirecci\u00f3n General de Apoyo a V\u00edctimas del Terrorismo del Ministeri de l&#8217;Interior.<\/li>\n<\/ul>\n<\/li>\n<\/ul>\n<p>&nbsp;<\/p>\n<p><strong>Publicacions<\/strong><\/p>\n<p><a href=\"https:\/\/agora.xtec.cat\/insbiada\/wp-content\/uploads\/usu2344\/2025\/03\/INFORME_OFERTA_OME_INFORME_OFERTA-2.pdf\">Oferta inicial<\/a><\/p>\n<p>&nbsp;<\/p>\n<p>&nbsp;<\/p>\n<p>&nbsp;<\/p>\n<p><!--\n&nbsp;\n\n<a href=\"https:\/\/agora.xtec.cat\/insbiada\/wp-content\/uploads\/usu2344\/2023\/03\/INFORME_OFERTA_OME_INFORME_OFERTA3.pdf\">Oferta inicial<\/a>\n\n<a href=\"https:\/\/agora.xtec.cat\/insbiada\/wp-content\/uploads\/usu2344\/2023\/04\/INFORME_BAREM_PROVISIONAL_ESO-23-24.pdf\">Llista de sol\u00b7licituds amb la puntuaci\u00f3 provisional<\/a>\n\n<a href=\"https:\/\/agora.xtec.cat\/insbiada\/wp-content\/uploads\/usu2344\/2023\/05\/BAREM_RESOLTES_Reclamacions-no-desempat-23-24.pdf\">Llistat amb la puntuaci\u00f3 un cop resoltes les reclamacions<\/a>\n\n<a href=\"https:\/\/agora.xtec.cat\/insbiada\/wp-content\/uploads\/usu2344\/2023\/05\/Numero-de-desempat-de-la-preinscripcio-2023.pdf\">N\u00famero de desempat<\/a>\n\n<a href=\"https:\/\/agora.xtec.cat\/insbiada\/wp-content\/uploads\/usu2344\/2023\/05\/INFORME_BAREM_DEFINITIU-ESO-23-24.pdf\">Llista de sol\u00b7licituds que han demanat el centre i l'ensenyament en primera<\/a>\npetici\u00f3\n\n<a href=\"https:\/\/agora.xtec.cat\/insbiada\/wp-content\/uploads\/usu2344\/2023\/06\/INFORME_PREINSCRITES_OME_AL-CENTRE-1.pdf\">Llistat d'alumnes preinscrits<\/a>\n\n<a href=\"https:\/\/agora.xtec.cat\/insbiada\/wp-content\/uploads\/usu2344\/2023\/06\/INFORME_LLISTA_ESPERA_ESO-1.pdf\">Llista d'espera<\/a>\n\n<a href=\"https:\/\/agora.xtec.cat\/insbiada\/wp-content\/uploads\/usu2344\/2023\/06\/INFORME_ASSIGNADES_AL-CENTRE-amb-1ra-peticio-1.pdf\">Llista d'alumnes assignats al centre en primera petici\u00f3<\/a>\n\n&nbsp; --><\/p>\n","protected":false},"excerpt":{"rendered":"<p>Preinscripci\u00f3 ESO pel curs 2025-2026<\/p>\n<p>&nbsp;<br \/>\nPer\u00edode de presentaci\u00f3 de sol\u00b7licituds: del 14 al 26 de mar\u00e7 de 2025<br \/>\nPer a m\u00e9s informaci\u00f3 referent a tot el proc\u00e9s de preinscripci\u00f3 i matr\u00edcula: <a href=\"https:\/\/preinscripcio.gencat.cat\/ca\/estudis\/eso\/inici\/\">clica aqu\u00ed<\/a><br \/>\nPresentaci\u00f3 de sol\u00b7licitud:\u00a0<br \/>\nSi necessiteu ajuda per realitzar la preinscripci\u00f3, ens podeu trucar al&hellip;  <a href=\"https:\/\/agora.xtec.cat\/insbiada\/preinscripcio-i-matricula-eso\/\" title=\"Read Preinscripci\u00f3 i matr\u00edcula ESO\">Llegeix m\u00e9s\u00bb<\/a><\/p>\n","protected":false},"author":7,"featured_media":0,"parent":0,"menu_order":0,"comment_status":"closed","ping_status":"closed","template":"","meta":{"_bbp_topic_count":0,"_bbp_reply_count":0,"_bbp_total_topic_count":0,"_bbp_total_reply_count":0,"_bbp_voice_count":0,"_bbp_anonymous_reply_count":0,"_bbp_topic_count_hidden":0,"_bbp_reply_count_hidden":0,"_bbp_forum_subforum_count":0,"footnotes":""},"class_list":["post-1251","page","type-page","status-publish","hentry"],"post_mailing_queue_ids":[],"_links":{"self":[{"href":"https:\/\/agora.xtec.cat\/insbiada\/wp-json\/wp\/v2\/pages\/1251","targetHints":{"allow":["GET"]}}],"collection":[{"href":"https:\/\/agora.xtec.cat\/insbiada\/wp-json\/wp\/v2\/pages"}],"about":[{"href":"https:\/\/agora.xtec.cat\/insbiada\/wp-json\/wp\/v2\/types\/page"}],"author":[{"embeddable":true,"href":"https:\/\/agora.xtec.cat\/insbiada\/wp-json\/wp\/v2\/users\/7"}],"replies":[{"embeddable":true,"href":"https:\/\/agora.xtec.cat\/insbiada\/wp-json\/wp\/v2\/comments?post=1251"}],"version-history":[{"count":6,"href":"https:\/\/agora.xtec.cat\/insbiada\/wp-json\/wp\/v2\/pages\/1251\/revisions"}],"predecessor-version":[{"id":4470,"href":"https:\/\/agora.xtec.cat\/insbiada\/wp-json\/wp\/v2\/pages\/1251\/revisions\/4470"}],"wp:attachment":[{"href":"https:\/\/agora.xtec.cat\/insbiada\/wp-json\/wp\/v2\/media?parent=1251"}],"curies":[{"name":"wp","href":"https:\/\/api.w.org\/{rel}","templated":true}]}}