{"id":559,"date":"2016-10-11T14:55:50","date_gmt":"2016-10-11T12:55:50","guid":{"rendered":"http:\/\/agora.xtec.cat\/insbegues\/?page_id=559"},"modified":"2025-01-09T13:04:15","modified_gmt":"2025-01-09T12:04:15","slug":"apadrinem-la-cova-de-can-sadurni","status":"publish","type":"page","link":"https:\/\/agora.xtec.cat\/insbegues\/projectes\/apadrinem-la-cova-de-can-sadurni\/","title":{"rendered":"Apadrinem la Cova de Can Sadurn\u00ed"},"content":{"rendered":"<p>El projecte \u201cApadrinem la Cova de Can Sadurn\u00ed\u201d va n\u00e9ixer a partir d&#8217;una proposta de participaci\u00f3 plantejada a l\u2019institut de Begues per part del CRP de la zona Baix Llobregat 2.<\/p>\n<p>Aquesta proposta s&#8217;emmarca dins el projecte general \u201cApadrinem el nostre patrimoni\u201d que el Departament d&#8217;Ensenyament va iniciar el curs 2013-2014 amb un nombre limitats de centres i zones educatives. S&#8217;inspira en experi\u00e8ncies pr\u00e8vies que s&#8217;han desenvolupat en el nostre pa\u00eds i en altres pa\u00efsos per fomentar el coneixement dels elements patrimonials de l\u2019entorn amb una actitud participativa de la comunitat escolar.<\/p>\n<p>Des del departament de Ci\u00e8ncies Socials continuem amb il\u00b7lusi\u00f3 un projecte centrat en el coneixement de l&#8217;entorn natural de Begues i la\u00a0<b>cova de Can Sadurn\u00ed, important exemple de la Prehist\u00f2ria a Catalunya.\u00a0<\/b><em>\u00a0<\/em>Alumnat i professorat<em>\u00a0<\/em>hi sou\u00a0convidats a un viatge al nostre passat prehist\u00f2ric.<\/p>\n<p>D&#8217;entre les activitats que promocionem a l&#8217;\u00e0rea de ci\u00e8ncies socials, hi comptem amb una visita anual amb el nostre alumnat de 1r ESO a les instal\u00b7lacions i voltants de la mateixa cova Neol\u00edtica. Hi comptem amb el coneixement d&#8217;un grup d&#8217;arque\u00f2legs especialitzats que ens proposen tallers for\u00e7a interessants.<\/p>\n<p>Paral\u00b7lelament, recordem la figureta de l&#8217;Encantat de Begues i realitzem tallers de disseny d&#8217;un collaret o polsera que l&#8217;alumnat s&#8217;emporta de record.<\/p>\n<p>Finalment, cal destacar la nostra participaci\u00f3 al concurs EFIM del departament de Mitjans Audiovisuals de la Generalitat de Catalunya. Es tracta d&#8217;una idea adre\u00e7ada als centres escolars catalans i a la difusi\u00f3 del nostre patrimoni cultural a trav\u00e9s de la fotografia. El nostre centre hi va participar durant el curs 2021-2022 amb una s\u00e8rie d&#8217;imatges relacionades amb l&#8217;entorn natural i patrimonial de Can Sadurn\u00ed.<\/p>\n<p><iframe loading=\"lazy\" src=\"\/\/www.youtube.com\/embed\/1bD9vTTgEsY\" width=\"560\" height=\"314\" allowfullscreen=\"allowfullscreen\"><\/iframe><\/p>\n","protected":false},"excerpt":{"rendered":"<p>El projecte \u201cApadrinem la Cova de Can Sadurn\u00ed\u201d va n\u00e9ixer a partir d&#8217;una proposta de participaci\u00f3 plantejada a l\u2019institut de Begues per part del CRP de la zona Baix Llobregat 2.<br \/>\nAquesta proposta s&#8217;emmarca dins el projecte general \u201cApadrinem el nostre patrimoni\u201d que el Departament d&#8217;Ensenyament&hellip;  <a href=\"https:\/\/agora.xtec.cat\/insbegues\/projectes\/apadrinem-la-cova-de-can-sadurni\/\" title=\"Read Apadrinem la Cova de Can Sadurn\u00ed\">Llegeix m\u00e9s\u00bb<\/a><\/p>\n","protected":false},"author":1,"featured_media":0,"parent":530,"menu_order":10,"comment_status":"closed","ping_status":"closed","template":"","meta":{"_bbp_topic_count":0,"_bbp_reply_count":0,"_bbp_total_topic_count":0,"_bbp_total_reply_count":0,"_bbp_voice_count":0,"_bbp_anonymous_reply_count":0,"_bbp_topic_count_hidden":0,"_bbp_reply_count_hidden":0,"_bbp_forum_subforum_count":0,"footnotes":""},"class_list":["post-559","page","type-page","status-publish","hentry"],"post_mailing_queue_ids":[],"_links":{"self":[{"href":"https:\/\/agora.xtec.cat\/insbegues\/wp-json\/wp\/v2\/pages\/559","targetHints":{"allow":["GET"]}}],"collection":[{"href":"https:\/\/agora.xtec.cat\/insbegues\/wp-json\/wp\/v2\/pages"}],"about":[{"href":"https:\/\/agora.xtec.cat\/insbegues\/wp-json\/wp\/v2\/types\/page"}],"author":[{"embeddable":true,"href":"https:\/\/agora.xtec.cat\/insbegues\/wp-json\/wp\/v2\/users\/1"}],"replies":[{"embeddable":true,"href":"https:\/\/agora.xtec.cat\/insbegues\/wp-json\/wp\/v2\/comments?post=559"}],"version-history":[{"count":5,"href":"https:\/\/agora.xtec.cat\/insbegues\/wp-json\/wp\/v2\/pages\/559\/revisions"}],"predecessor-version":[{"id":3815,"href":"https:\/\/agora.xtec.cat\/insbegues\/wp-json\/wp\/v2\/pages\/559\/revisions\/3815"}],"up":[{"embeddable":true,"href":"https:\/\/agora.xtec.cat\/insbegues\/wp-json\/wp\/v2\/pages\/530"}],"wp:attachment":[{"href":"https:\/\/agora.xtec.cat\/insbegues\/wp-json\/wp\/v2\/media?parent=559"}],"curies":[{"name":"wp","href":"https:\/\/api.w.org\/{rel}","templated":true}]}}