{"id":656,"date":"2018-11-18T12:26:41","date_gmt":"2018-11-18T11:26:41","guid":{"rendered":"https:\/\/agora.xtec.cat\/insbarresiones\/?page_id=656"},"modified":"2019-07-11T10:12:19","modified_gmt":"2019-07-11T08:12:19","slug":"erasmus","status":"publish","type":"page","link":"https:\/\/agora.xtec.cat\/insbarresiones\/projecte-educatiu\/erasmus\/","title":{"rendered":"Erasmus+"},"content":{"rendered":"<p style=\"text-align: justify;\">Enguany el nostre institut participa\u00a0 a l&#8217;intercanvi Erasmus+ dins del projecte\u00a0 <strong>&#8220;Neverland&#8230; Make it Real&#8221;<\/strong> amb quatre pa\u00efsos m\u00e9s: <em>Romania, Cro\u00e0cia, Gr\u00e8cia i Italia<\/em>. El projecte tracta sobre la construcci\u00f3 d&#8217;un<em> nou estat on no hi hagi espai per la discriminaci\u00f3<\/em> de cap tipus i cada pa\u00eds prepara el treball sobre un tipus de discriminaci\u00f3.<\/p>\n<p>Al febrer de 2019, el primer del intercanvis del programa Erasmus+ l&#8217;organitzava un <em>institut del municipi d&#8217;Arta<\/em>, una poblaci\u00f3 situada a 4 hores d&#8217;Atenes on ens van rebre amb els bra\u00e7os oberts. All\u00ed es va posar en marxa el projecte &#8220;Neverland&#8230; make it real&#8221;.<\/p>\n<p>Amb paraules d&#8217;una de les nostres estudiants ens explica la seva rutina a l&#8217;intercanvi i les seves emocions:<\/p>\n<blockquote><p><img loading=\"lazy\" decoding=\"async\" class=\"alignleft wp-image-1141 size-medium\" src=\"https:\/\/agora.xtec.cat\/insbarresiones\/wp-content\/uploads\/usu1942\/2019\/07\/Earta-300x224.png\" alt=\"\" width=\"300\" height=\"224\" srcset=\"https:\/\/agora.xtec.cat\/insbarresiones\/wp-content\/uploads\/usu1942\/2019\/07\/Earta-300x224.png 300w, https:\/\/agora.xtec.cat\/insbarresiones\/wp-content\/uploads\/usu1942\/2019\/07\/Earta-200x150.png 200w, https:\/\/agora.xtec.cat\/insbarresiones\/wp-content\/uploads\/usu1942\/2019\/07\/Earta.png 430w\" sizes=\"auto, (max-width: 300px) 100vw, 300px\" \/>&#8220;We went to the school every morning and then we have free time in the afternoon. We went to restaurants, shops, and we had great time talking and laughing &#8221;<\/p>\n<p>&#8220;We made friends and even today we&#8217;re still speaking with them. We have a very nice friendship and we have a group of all peaple that went to Greece &#8220;<\/p><\/blockquote>\n<p><img loading=\"lazy\" decoding=\"async\" class=\"wp-image-1142 size-medium alignright\" src=\"https:\/\/agora.xtec.cat\/insbarresiones\/wp-content\/uploads\/usu1942\/2019\/07\/EBadalona-300x238.png\" alt=\"\" width=\"300\" height=\"238\" srcset=\"https:\/\/agora.xtec.cat\/insbarresiones\/wp-content\/uploads\/usu1942\/2019\/07\/EBadalona-300x238.png 300w, https:\/\/agora.xtec.cat\/insbarresiones\/wp-content\/uploads\/usu1942\/2019\/07\/EBadalona.png 476w\" sizes=\"auto, (max-width: 300px) 100vw, 300px\" \/>Al mes de maig el nostre institut va acollir als estudiants i professors dels altres pa\u00efsos. Durant uns dies l&#8217;institut es transforma en la segona casa del croates, italians, romanesos i grecs.<\/p>\n<p>Es preparen tallers i visites a la ciutat. Exemples s\u00f3n la rebuda de l&#8217;alcade de Badalona, la visita al Parlament de Catalunya, el Museu Picasso i l&#8217;exposici\u00f3 del Wold Press Photo i la gimcana pel casc antic de Barcelona.<\/p>\n<p>El projecte continua a trav\u00e9s dels viatges a Romania, Cr\u00f2acia i It\u00e0lia per a seguir construint aquest Neverland m\u00e9s just i m\u00e9s equitatiu.<\/p>\n","protected":false},"excerpt":{"rendered":"<p>Enguany el nostre institut participa\u00a0 a l&#8217;intercanvi Erasmus+ dins del projecte\u00a0 &#8220;Neverland&#8230; Make it Real&#8221; amb quatre pa\u00efsos m\u00e9s: Romania, Cro\u00e0cia, Gr\u00e8cia i Italia. El projecte tracta sobre la construcci\u00f3 d&#8217;un nou estat on no hi hagi espai per la discriminaci\u00f3 de cap tipus i cada pa\u00eds prepara el treball sobre un tipus de discriminaci\u00f3. [&hellip;]<\/p>\n","protected":false},"author":1,"featured_media":0,"parent":57,"menu_order":15,"comment_status":"closed","ping_status":"closed","template":"page-templates\/side-menu.php","meta":{"_bbp_topic_count":0,"_bbp_reply_count":0,"_bbp_total_topic_count":0,"_bbp_total_reply_count":0,"_bbp_voice_count":0,"_bbp_anonymous_reply_count":0,"_bbp_topic_count_hidden":0,"_bbp_reply_count_hidden":0,"_bbp_forum_subforum_count":0,"site-sidebar-layout":"default","site-content-layout":"","ast-site-content-layout":"","site-content-style":"default","site-sidebar-style":"default","ast-global-header-display":"","ast-banner-title-visibility":"","ast-main-header-display":"","ast-hfb-above-header-display":"","ast-hfb-below-header-display":"","ast-hfb-mobile-header-display":"","site-post-title":"","ast-breadcrumbs-content":"","ast-featured-img":"","footer-sml-layout":"","theme-transparent-header-meta":"","adv-header-id-meta":"","stick-header-meta":"","header-above-stick-meta":"","header-main-stick-meta":"","header-below-stick-meta":"","astra-migrate-meta-layouts":"default","ast-page-background-enabled":"default","ast-page-background-meta":{"desktop":{"background-color":"var(--ast-global-color-4)","background-image":"","background-repeat":"repeat","background-position":"center center","background-size":"auto","background-attachment":"scroll","background-type":"","background-media":"","overlay-type":"","overlay-color":"","overlay-opacity":"","overlay-gradient":""},"tablet":{"background-color":"","background-image":"","background-repeat":"repeat","background-position":"center center","background-size":"auto","background-attachment":"scroll","background-type":"","background-media":"","overlay-type":"","overlay-color":"","overlay-opacity":"","overlay-gradient":""},"mobile":{"background-color":"","background-image":"","background-repeat":"repeat","background-position":"center center","background-size":"auto","background-attachment":"scroll","background-type":"","background-media":"","overlay-type":"","overlay-color":"","overlay-opacity":"","overlay-gradient":""}},"ast-content-background-meta":{"desktop":{"background-color":"var(--ast-global-color-5)","background-image":"","background-repeat":"repeat","background-position":"center center","background-size":"auto","background-attachment":"scroll","background-type":"","background-media":"","overlay-type":"","overlay-color":"","overlay-opacity":"","overlay-gradient":""},"tablet":{"background-color":"var(--ast-global-color-5)","background-image":"","background-repeat":"repeat","background-position":"center center","background-size":"auto","background-attachment":"scroll","background-type":"","background-media":"","overlay-type":"","overlay-color":"","overlay-opacity":"","overlay-gradient":""},"mobile":{"background-color":"var(--ast-global-color-5)","background-image":"","background-repeat":"repeat","background-position":"center center","background-size":"auto","background-attachment":"scroll","background-type":"","background-media":"","overlay-type":"","overlay-color":"","overlay-opacity":"","overlay-gradient":""}},"footnotes":""},"class_list":["post-656","page","type-page","status-publish","hentry"],"post_mailing_queue_ids":[],"_links":{"self":[{"href":"https:\/\/agora.xtec.cat\/insbarresiones\/wp-json\/wp\/v2\/pages\/656","targetHints":{"allow":["GET"]}}],"collection":[{"href":"https:\/\/agora.xtec.cat\/insbarresiones\/wp-json\/wp\/v2\/pages"}],"about":[{"href":"https:\/\/agora.xtec.cat\/insbarresiones\/wp-json\/wp\/v2\/types\/page"}],"author":[{"embeddable":true,"href":"https:\/\/agora.xtec.cat\/insbarresiones\/wp-json\/wp\/v2\/users\/1"}],"replies":[{"embeddable":true,"href":"https:\/\/agora.xtec.cat\/insbarresiones\/wp-json\/wp\/v2\/comments?post=656"}],"version-history":[{"count":4,"href":"https:\/\/agora.xtec.cat\/insbarresiones\/wp-json\/wp\/v2\/pages\/656\/revisions"}],"predecessor-version":[{"id":1145,"href":"https:\/\/agora.xtec.cat\/insbarresiones\/wp-json\/wp\/v2\/pages\/656\/revisions\/1145"}],"up":[{"embeddable":true,"href":"https:\/\/agora.xtec.cat\/insbarresiones\/wp-json\/wp\/v2\/pages\/57"}],"wp:attachment":[{"href":"https:\/\/agora.xtec.cat\/insbarresiones\/wp-json\/wp\/v2\/media?parent=656"}],"curies":[{"name":"wp","href":"https:\/\/api.w.org\/{rel}","templated":true}]}}