{"id":4192,"date":"2026-04-14T16:58:07","date_gmt":"2026-04-14T14:58:07","guid":{"rendered":"https:\/\/agora.xtec.cat\/insbarresiones\/?page_id=4192"},"modified":"2026-04-14T17:23:04","modified_gmt":"2026-04-14T15:23:04","slug":"informacio-cfgm-smx-sistemes-microinformatics-i-xarxes","status":"publish","type":"page","link":"https:\/\/agora.xtec.cat\/insbarresiones\/secretaria\/preinscripcio-i-matricula\/jornada-de-portes-obertes-batxillerat-i-cfgm-smx-2026\/informacio-cfgm-smx-sistemes-microinformatics-i-xarxes\/","title":{"rendered":"Informaci\u00f3 CFGM SMX \u2013 Sistemes Microinform\u00e0tics i Xarxes"},"content":{"rendered":"\n<h3 class=\"wp-block-heading\">Vols treballar en el m\u00f3n de la inform\u00e0tica?<\/h3>\n\n\n\n<p>El Cicle Formatiu de Grau Mitj\u00e0 en <strong>Sistemes Microinform\u00e0tics i Xarxes (SMX)<\/strong> \u00e9s la porta d\u2019entrada al sector tecnol\u00f2gic. Aprendr\u00e0s a instal\u00b7lar, configurar i mantenir sistemes inform\u00e0tics, aix\u00ed com a gestionar xarxes i donar suport t\u00e8cnic a usuaris.<\/p>\n\n\n\n<h3 class=\"wp-block-heading\">Qu\u00e8 aprendr\u00e0s?<\/h3>\n\n\n\n<div data-wp-interactive=\"core\/file\" class=\"wp-block-file\"><object data-wp-bind--hidden=\"!state.hasPdfPreview\" hidden class=\"wp-block-file__embed\" data=\"https:\/\/agora.xtec.cat\/insbarresiones\/wp-content\/uploads\/usu1942\/2026\/04\/New-Flyer-Barres-i-Ones-1.pdf\" type=\"application\/pdf\" style=\"width:100%;height:600px\" aria-label=\"Incrustaci\u00f3 del fitxer New Flyer Barres i Ones (1).\"><\/object><a id=\"wp-block-file--media-9c85c8bc-0d28-450a-9e9c-96444108da61\" href=\"https:\/\/agora.xtec.cat\/insbarresiones\/wp-content\/uploads\/usu1942\/2026\/04\/New-Flyer-Barres-i-Ones-1.pdf\">New Flyer Barres i Ones (1)<\/a><a href=\"https:\/\/agora.xtec.cat\/insbarresiones\/wp-content\/uploads\/usu1942\/2026\/04\/New-Flyer-Barres-i-Ones-1.pdf\" class=\"wp-block-file__button wp-element-button\" download aria-describedby=\"wp-block-file--media-9c85c8bc-0d28-450a-9e9c-96444108da61\">Baixa<\/a><\/div>\n\n\n\n<p>Durant el cicle desenvolupar\u00e0s compet\u00e8ncies clau com:<\/p>\n\n\n\n<ul class=\"wp-block-list\">\n<li>Muntatge i manteniment d\u2019equips inform\u00e0tics<\/li>\n\n\n\n<li>Instal\u00b7laci\u00f3 de sistemes operatius (Windows i Linux)<\/li>\n\n\n\n<li>Configuraci\u00f3 de xarxes locals<\/li>\n\n\n\n<li>Seguretat inform\u00e0tica b\u00e0sica<\/li>\n\n\n\n<li>Serveis en xarxa (web, correu, fitxers\u2026)<\/li>\n\n\n\n<li>Suport t\u00e8cnic i resoluci\u00f3 d\u2019incid\u00e8ncies<\/li>\n\n\n\n<li>Aplicacions web (wordpress, moodle, github, html&#8230;)<\/li>\n<\/ul>\n\n\n\n<div data-wp-interactive=\"core\/file\" class=\"wp-block-file\"><object data-wp-bind--hidden=\"!state.hasPdfPreview\" hidden class=\"wp-block-file__embed\" data=\"https:\/\/agora.xtec.cat\/insbarresiones\/wp-content\/uploads\/usu1942\/2026\/04\/Informacio-CFGM-SMX.pdf\" type=\"application\/pdf\" style=\"width:100%;height:600px\" aria-label=\"Incrustaci\u00f3 del fitxer Informaci\u00f3 CFGM - SMX.\"><\/object><a id=\"wp-block-file--media-b585c95b-0cb3-4263-a8ba-3b0c9fadf492\" href=\"https:\/\/agora.xtec.cat\/insbarresiones\/wp-content\/uploads\/usu1942\/2026\/04\/Informacio-CFGM-SMX.pdf\">Informaci\u00f3 CFGM &#8211; SMX<\/a><a href=\"https:\/\/agora.xtec.cat\/insbarresiones\/wp-content\/uploads\/usu1942\/2026\/04\/Informacio-CFGM-SMX.pdf\" class=\"wp-block-file__button wp-element-button\" download aria-describedby=\"wp-block-file--media-b585c95b-0cb3-4263-a8ba-3b0c9fadf492\">Baixa<\/a><\/div>\n\n\n\n<p>Podeu consultar les notes de tall del curs 2025-2026 a la web <a href=\"https:\/\/preinscripcio.gencat.cat\/ca\/estudis\/fp-grau-mitja\/informat\/consulta-notes-tall\/index.html\">https:\/\/preinscripcio.gencat.cat\/ca\/estudis\/fp-grau-mitja\/informat\/consulta-notes-tall\/index.html<\/a><\/p>\n\n\n\n<figure class=\"wp-block-image aligncenter size-large\"><a href=\"https:\/\/agora.xtec.cat\/insbarresiones\/wp-content\/uploads\/usu1942\/2026\/04\/image-3.png\"><img loading=\"lazy\" decoding=\"async\" width=\"1024\" height=\"591\" src=\"https:\/\/agora.xtec.cat\/insbarresiones\/wp-content\/uploads\/usu1942\/2026\/04\/image-3-1024x591.png\" alt=\"\" class=\"wp-image-4202\" srcset=\"https:\/\/agora.xtec.cat\/insbarresiones\/wp-content\/uploads\/usu1942\/2026\/04\/image-3-1024x591.png 1024w, https:\/\/agora.xtec.cat\/insbarresiones\/wp-content\/uploads\/usu1942\/2026\/04\/image-3-300x173.png 300w, https:\/\/agora.xtec.cat\/insbarresiones\/wp-content\/uploads\/usu1942\/2026\/04\/image-3-768x443.png 768w, https:\/\/agora.xtec.cat\/insbarresiones\/wp-content\/uploads\/usu1942\/2026\/04\/image-3.png 1246w\" sizes=\"auto, (max-width: 1024px) 100vw, 1024px\" \/><\/a><\/figure>\n\n\n\n<p><\/p>\n","protected":false},"excerpt":{"rendered":"<p>Vols treballar en el m\u00f3n de la inform\u00e0tica? El Cicle Formatiu de Grau Mitj\u00e0 en Sistemes Microinform\u00e0tics i Xarxes (SMX) \u00e9s la porta d\u2019entrada al sector tecnol\u00f2gic. Aprendr\u00e0s a instal\u00b7lar, configurar i mantenir sistemes inform\u00e0tics, aix\u00ed com a gestionar xarxes i donar suport t\u00e8cnic a usuaris. Qu\u00e8 aprendr\u00e0s? Durant el cicle desenvolupar\u00e0s compet\u00e8ncies clau com: [&hellip;]<\/p>\n","protected":false},"author":5,"featured_media":0,"parent":4139,"menu_order":0,"comment_status":"closed","ping_status":"closed","template":"","meta":{"_bbp_topic_count":0,"_bbp_reply_count":0,"_bbp_total_topic_count":0,"_bbp_total_reply_count":0,"_bbp_voice_count":0,"_bbp_anonymous_reply_count":0,"_bbp_topic_count_hidden":0,"_bbp_reply_count_hidden":0,"_bbp_forum_subforum_count":0,"site-sidebar-layout":"default","site-content-layout":"","ast-site-content-layout":"default","site-content-style":"default","site-sidebar-style":"default","ast-global-header-display":"","ast-banner-title-visibility":"","ast-main-header-display":"","ast-hfb-above-header-display":"","ast-hfb-below-header-display":"","ast-hfb-mobile-header-display":"","site-post-title":"","ast-breadcrumbs-content":"","ast-featured-img":"","footer-sml-layout":"","theme-transparent-header-meta":"","adv-header-id-meta":"","stick-header-meta":"","header-above-stick-meta":"","header-main-stick-meta":"","header-below-stick-meta":"","astra-migrate-meta-layouts":"set","ast-page-background-enabled":"default","ast-page-background-meta":{"desktop":{"background-color":"var(--ast-global-color-4)","background-image":"","background-repeat":"repeat","background-position":"center center","background-size":"auto","background-attachment":"scroll","background-type":"","background-media":"","overlay-type":"","overlay-color":"","overlay-opacity":"","overlay-gradient":""},"tablet":{"background-color":"","background-image":"","background-repeat":"repeat","background-position":"center center","background-size":"auto","background-attachment":"scroll","background-type":"","background-media":"","overlay-type":"","overlay-color":"","overlay-opacity":"","overlay-gradient":""},"mobile":{"background-color":"","background-image":"","background-repeat":"repeat","background-position":"center center","background-size":"auto","background-attachment":"scroll","background-type":"","background-media":"","overlay-type":"","overlay-color":"","overlay-opacity":"","overlay-gradient":""}},"ast-content-background-meta":{"desktop":{"background-color":"var(--ast-global-color-5)","background-image":"","background-repeat":"repeat","background-position":"center center","background-size":"auto","background-attachment":"scroll","background-type":"","background-media":"","overlay-type":"","overlay-color":"","overlay-opacity":"","overlay-gradient":""},"tablet":{"background-color":"var(--ast-global-color-5)","background-image":"","background-repeat":"repeat","background-position":"center center","background-size":"auto","background-attachment":"scroll","background-type":"","background-media":"","overlay-type":"","overlay-color":"","overlay-opacity":"","overlay-gradient":""},"mobile":{"background-color":"var(--ast-global-color-5)","background-image":"","background-repeat":"repeat","background-position":"center center","background-size":"auto","background-attachment":"scroll","background-type":"","background-media":"","overlay-type":"","overlay-color":"","overlay-opacity":"","overlay-gradient":""}},"footnotes":""},"class_list":["post-4192","page","type-page","status-publish","hentry"],"post_mailing_queue_ids":[],"_links":{"self":[{"href":"https:\/\/agora.xtec.cat\/insbarresiones\/wp-json\/wp\/v2\/pages\/4192","targetHints":{"allow":["GET"]}}],"collection":[{"href":"https:\/\/agora.xtec.cat\/insbarresiones\/wp-json\/wp\/v2\/pages"}],"about":[{"href":"https:\/\/agora.xtec.cat\/insbarresiones\/wp-json\/wp\/v2\/types\/page"}],"author":[{"embeddable":true,"href":"https:\/\/agora.xtec.cat\/insbarresiones\/wp-json\/wp\/v2\/users\/5"}],"replies":[{"embeddable":true,"href":"https:\/\/agora.xtec.cat\/insbarresiones\/wp-json\/wp\/v2\/comments?post=4192"}],"version-history":[{"count":3,"href":"https:\/\/agora.xtec.cat\/insbarresiones\/wp-json\/wp\/v2\/pages\/4192\/revisions"}],"predecessor-version":[{"id":4203,"href":"https:\/\/agora.xtec.cat\/insbarresiones\/wp-json\/wp\/v2\/pages\/4192\/revisions\/4203"}],"up":[{"embeddable":true,"href":"https:\/\/agora.xtec.cat\/insbarresiones\/wp-json\/wp\/v2\/pages\/4139"}],"wp:attachment":[{"href":"https:\/\/agora.xtec.cat\/insbarresiones\/wp-json\/wp\/v2\/media?parent=4192"}],"curies":[{"name":"wp","href":"https:\/\/api.w.org\/{rel}","templated":true}]}}