{"id":1116,"date":"2019-07-10T19:43:17","date_gmt":"2019-07-10T17:43:17","guid":{"rendered":"https:\/\/agora.xtec.cat\/insbarresiones\/?page_id=1116"},"modified":"2021-12-11T18:46:19","modified_gmt":"2021-12-11T17:46:19","slug":"hort-jardi","status":"publish","type":"page","link":"https:\/\/agora.xtec.cat\/insbarresiones\/projecte-educatiu\/hort-jardi\/","title":{"rendered":"Hort-Jard\u00ed"},"content":{"rendered":"<p style=\"text-align: justify;\"><img loading=\"lazy\" decoding=\"async\" class=\"alignleft wp-image-1118\" src=\"https:\/\/agora.xtec.cat\/insbarresiones\/wp-content\/uploads\/usu1942\/2019\/07\/hort-1-300x168.png\" alt=\"\" width=\"400\" height=\"224\" srcset=\"https:\/\/agora.xtec.cat\/insbarresiones\/wp-content\/uploads\/usu1942\/2019\/07\/hort-1-300x168.png 300w, https:\/\/agora.xtec.cat\/insbarresiones\/wp-content\/uploads\/usu1942\/2019\/07\/hort-1.png 669w\" sizes=\"auto, (max-width: 400px) 100vw, 400px\" \/>L&#8217;institut ha posat en marxa un projecte diferent que consisteix en la <strong>transformaci\u00f3 d&#8217;un espai<\/strong> que inicialment no tenia cap \u00fas en un hort-jard\u00ed.<\/p>\n<p style=\"text-align: justify;\">El <em>canvi ha comen\u00e7at<\/em> amb els primers brots d&#8217;aquest nou espai de les verdures d&#8217;hivern gr\u00e0cies a la feina dels alumnes que hi participen.<\/p>\n<p style=\"text-align: justify;\">L&#8217;hort-jard\u00ed \u00e9s una mat\u00e8ria que vol <em>relacionar el nois i noies amb el seu entorn<\/em> i que s&#8217;enriqueixen amb tot all\u00f2 que la natura els hi pot donar i que l&#8217;experi\u00e8ncia del contacte compartit amb la terra, les plantes i els fruits els hi faci despertar una sensibilitat, estimaci\u00f3 i observaci\u00f3 de la natura.<\/p>\n<p style=\"text-align: justify;\">L&#8217;hort \u00e9s un espai privilegiat per <em>plantejar-se preguntes, formular hip\u00f2tesis i experimentar<\/em>. Possibilita el tractament de problemes reals que s&#8217;originen, desenvolupen i formulen de manera natural, i tamb\u00e9 la viv\u00e8ncia d&#8217;experi\u00e8ncies que poden ser compartides i analitzades.<\/p>\n<p style=\"text-align: justify;\">\u00c9s ideal per a qui li agrada el <em>treball f\u00edsic, tocar terra, tenir cura del que s&#8217;ha plantat<\/em>, observar-ne com creix i veure i\u00a0 testar-ne els fruits.<\/p>\n<p><a href=\"https:\/\/www.instagram.com\/institutbarresiiones\/\">&gt;&gt;&gt; M\u00e9s imatges (Instagram de l&#8217;Institut)<\/a><\/p>\n","protected":false},"excerpt":{"rendered":"<p>L&#8217;institut ha posat en marxa un projecte diferent que consisteix en la transformaci\u00f3 d&#8217;un espai que inicialment no tenia cap \u00fas en un hort-jard\u00ed. El canvi ha comen\u00e7at amb els primers brots d&#8217;aquest nou espai de les verdures d&#8217;hivern gr\u00e0cies a la feina dels alumnes que hi participen. L&#8217;hort-jard\u00ed \u00e9s una mat\u00e8ria que vol relacionar [&hellip;]<\/p>\n","protected":false},"author":3,"featured_media":0,"parent":57,"menu_order":0,"comment_status":"closed","ping_status":"closed","template":"page-templates\/side-menu.php","meta":{"_bbp_topic_count":0,"_bbp_reply_count":0,"_bbp_total_topic_count":0,"_bbp_total_reply_count":0,"_bbp_voice_count":0,"_bbp_anonymous_reply_count":0,"_bbp_topic_count_hidden":0,"_bbp_reply_count_hidden":0,"_bbp_forum_subforum_count":0,"site-sidebar-layout":"default","site-content-layout":"","ast-site-content-layout":"","site-content-style":"default","site-sidebar-style":"default","ast-global-header-display":"","ast-banner-title-visibility":"","ast-main-header-display":"","ast-hfb-above-header-display":"","ast-hfb-below-header-display":"","ast-hfb-mobile-header-display":"","site-post-title":"","ast-breadcrumbs-content":"","ast-featured-img":"","footer-sml-layout":"","theme-transparent-header-meta":"","adv-header-id-meta":"","stick-header-meta":"","header-above-stick-meta":"","header-main-stick-meta":"","header-below-stick-meta":"","astra-migrate-meta-layouts":"default","ast-page-background-enabled":"default","ast-page-background-meta":{"desktop":{"background-color":"var(--ast-global-color-4)","background-image":"","background-repeat":"repeat","background-position":"center center","background-size":"auto","background-attachment":"scroll","background-type":"","background-media":"","overlay-type":"","overlay-color":"","overlay-opacity":"","overlay-gradient":""},"tablet":{"background-color":"","background-image":"","background-repeat":"repeat","background-position":"center center","background-size":"auto","background-attachment":"scroll","background-type":"","background-media":"","overlay-type":"","overlay-color":"","overlay-opacity":"","overlay-gradient":""},"mobile":{"background-color":"","background-image":"","background-repeat":"repeat","background-position":"center center","background-size":"auto","background-attachment":"scroll","background-type":"","background-media":"","overlay-type":"","overlay-color":"","overlay-opacity":"","overlay-gradient":""}},"ast-content-background-meta":{"desktop":{"background-color":"var(--ast-global-color-5)","background-image":"","background-repeat":"repeat","background-position":"center center","background-size":"auto","background-attachment":"scroll","background-type":"","background-media":"","overlay-type":"","overlay-color":"","overlay-opacity":"","overlay-gradient":""},"tablet":{"background-color":"var(--ast-global-color-5)","background-image":"","background-repeat":"repeat","background-position":"center center","background-size":"auto","background-attachment":"scroll","background-type":"","background-media":"","overlay-type":"","overlay-color":"","overlay-opacity":"","overlay-gradient":""},"mobile":{"background-color":"var(--ast-global-color-5)","background-image":"","background-repeat":"repeat","background-position":"center center","background-size":"auto","background-attachment":"scroll","background-type":"","background-media":"","overlay-type":"","overlay-color":"","overlay-opacity":"","overlay-gradient":""}},"footnotes":""},"class_list":["post-1116","page","type-page","status-publish","hentry"],"post_mailing_queue_ids":[],"_links":{"self":[{"href":"https:\/\/agora.xtec.cat\/insbarresiones\/wp-json\/wp\/v2\/pages\/1116","targetHints":{"allow":["GET"]}}],"collection":[{"href":"https:\/\/agora.xtec.cat\/insbarresiones\/wp-json\/wp\/v2\/pages"}],"about":[{"href":"https:\/\/agora.xtec.cat\/insbarresiones\/wp-json\/wp\/v2\/types\/page"}],"author":[{"embeddable":true,"href":"https:\/\/agora.xtec.cat\/insbarresiones\/wp-json\/wp\/v2\/users\/3"}],"replies":[{"embeddable":true,"href":"https:\/\/agora.xtec.cat\/insbarresiones\/wp-json\/wp\/v2\/comments?post=1116"}],"version-history":[{"count":3,"href":"https:\/\/agora.xtec.cat\/insbarresiones\/wp-json\/wp\/v2\/pages\/1116\/revisions"}],"predecessor-version":[{"id":2446,"href":"https:\/\/agora.xtec.cat\/insbarresiones\/wp-json\/wp\/v2\/pages\/1116\/revisions\/2446"}],"up":[{"embeddable":true,"href":"https:\/\/agora.xtec.cat\/insbarresiones\/wp-json\/wp\/v2\/pages\/57"}],"wp:attachment":[{"href":"https:\/\/agora.xtec.cat\/insbarresiones\/wp-json\/wp\/v2\/media?parent=1116"}],"curies":[{"name":"wp","href":"https:\/\/api.w.org\/{rel}","templated":true}]}}

Hort-Jardí

<p style="text-align: justify;"><img loading="lazy" decoding="async" class="alignleft wp-image-1118" src="https://agora.xtec.cat/insbarresiones/wp-content/uploads/usu1942/2019/07/hort-1-300x168.png" alt="" width="400" height="224" srcset="https://agora.xtec.cat/insbarresiones/wp-content/uploads/usu1942/2019/07/hort-1-300x168.png 300w, https://agora.xtec.cat/insbarresiones/wp-content/uploads/usu1942/2019/07/hort-1.png 669w" sizes="auto, (max-width: 400px) 100vw, 400px" />L&#8217;institut ha posat en marxa un projecte diferent que consisteix en la <strong>transformació d&#8217;un espai</strong> que inicialment no tenia cap ús en un hort-jardí.</p>
<p style="text-align: justify;">El <em>canvi ha començat</em> amb els primers brots d&#8217;aquest nou espai de les verdures d&#8217;hivern gràcies a la feina dels alumnes que hi participen.</p>
<p style="text-align: justify;">L&#8217;hort-jardí és una matèria que vol <em>relacionar el nois i noies amb el seu entorn</em> i que s&#8217;enriqueixen amb tot allò que la natura els hi pot donar i que l&#8217;experiència del contacte compartit amb la terra, les plantes i els fruits els hi faci despertar una sensibilitat, estimació i observació de la natura.</p>
<p style="text-align: justify;">L&#8217;hort és un espai privilegiat per <em>plantejar-se preguntes, formular hipòtesis i experimentar</em>. Possibilita el tractament de problemes reals que s&#8217;originen, desenvolupen i formulen de manera natural, i també la vivència d&#8217;experiències que poden ser compartides i analitzades.</p>
<p style="text-align: justify;">És ideal per a qui li agrada el <em>treball físic, tocar terra, tenir cura del que s&#8217;ha plantat</em>, observar-ne com creix i veure i  testar-ne els fruits.</p>
<p><a href="https://www.instagram.com/institutbarresiiones/">&gt;&gt;&gt; Més imatges (Instagram de l&#8217;Institut)</a></p>

<p>L&#8217;institut ha posat en marxa un projecte diferent que consisteix en la transformació d&#8217;un espai que inicialment no tenia cap ús en un hort-jardí. El canvi ha començat amb els primers brots d&#8217;aquest nou espai de les verdures d&#8217;hivern gràcies a la feina dels alumnes que hi participen. L&#8217;hort-jardí és una matèria que vol relacionar [&hellip;]</p>
