{"id":725,"date":"2019-09-30T13:25:05","date_gmt":"2019-09-30T11:25:05","guid":{"rendered":"https:\/\/agora.xtec.cat\/insbaixpenedes\/?page_id=725"},"modified":"2025-08-27T11:24:30","modified_gmt":"2025-08-27T09:24:30","slug":"departament-de-matematiques","status":"publish","type":"page","link":"https:\/\/agora.xtec.cat\/insbaixpenedes\/departament-de-matematiques\/","title":{"rendered":"Departament de Matem\u00e0tiques"},"content":{"rendered":"<p><a href=\"https:\/\/agora.xtec.cat\/insbaixpenedes\/wp-content\/uploads\/usu1417\/2019\/09\/sem-matematiques.jpg\"><img loading=\"lazy\" decoding=\"async\" class=\"aligncenter size-full wp-image-726\" src=\"https:\/\/agora.xtec.cat\/insbaixpenedes\/wp-content\/uploads\/usu1417\/2019\/09\/sem-matematiques.jpg\" alt=\"\" width=\"1920\" height=\"600\" srcset=\"https:\/\/agora.xtec.cat\/insbaixpenedes\/wp-content\/uploads\/usu1417\/2019\/09\/sem-matematiques.jpg 1920w, https:\/\/agora.xtec.cat\/insbaixpenedes\/wp-content\/uploads\/usu1417\/2019\/09\/sem-matematiques-300x94.jpg 300w, https:\/\/agora.xtec.cat\/insbaixpenedes\/wp-content\/uploads\/usu1417\/2019\/09\/sem-matematiques-768x240.jpg 768w, https:\/\/agora.xtec.cat\/insbaixpenedes\/wp-content\/uploads\/usu1417\/2019\/09\/sem-matematiques-1024x320.jpg 1024w\" sizes=\"auto, (max-width: 1920px) 100vw, 1920px\" \/><\/a><\/p>\n<ul style=\"list-style-type: square;\">\n<li><strong>Amparo Climent<\/strong>:\u00a0<a href=\"acliment@institutbaixpenedes.cat\">acliment@institutbaixpenedes.cat<\/a> &#8211; Cap de departament<\/li>\n<li><span style=\"font-size: medium;\"><strong>Armando Torres<\/strong>: <a href=\"mailto:atorres@institutbaixpenedes.cat\">atorres@institutbaixpenedes.cat<\/a><\/span>\u00a0&#8211; Secretari<\/li>\n<li><strong>Laura Sol\u00e9<\/strong>: <a href=\"mailto:gmartin@institutbaixpenedes.cat\">lsole@institutbaixpenedes.cat<\/a><\/li>\n<li><strong>Anna Ma\u00f1\u00e9<\/strong>: <a href=\"amane@institutbaixpenedes.cat\">amane@institutbaixpenedes.cat<\/a>\u00a0<span style=\"font-size: medium;\"><br \/>\n<\/span><\/li>\n<li><strong>Jordi Nieto<\/strong>: <a href=\"mailto:jnieto@institutbaixpenedes.cat\">jnieto@institutbaixpenedes.cat<\/a>\u00a0&#8211; Tutor 4t ESO B<\/li>\n<li><strong>Montse Iglesias<\/strong>: <a href=\"mailto:miglesias@institutbaixpenedes.cat\">miglesias@institutbaixpenedes.cat<\/a><\/li>\n<\/ul>\n<p><em><strong><a href=\"https:\/\/agora.xtec.cat\/insbaixpenedes\/wp-content\/uploads\/usu1417\/2025\/02\/contingut_matematiques_proves_geso.pdf\">CONTINGUT MATEM\u00c0TIQUES PROVES GESO<\/a><\/strong><\/em><\/p>\n","protected":false},"excerpt":{"rendered":"<p>Amparo Climent:\u00a0acliment@institutbaixpenedes.cat &#8211; Cap de departament Armando Torres: atorres@institutbaixpenedes.cat\u00a0&#8211; Secretari Laura Sol\u00e9: lsole@institutbaixpenedes.cat Anna Ma\u00f1\u00e9: amane@institutbaixpenedes.cat\u00a0 Jordi Nieto: jnieto@institutbaixpenedes.cat\u00a0&#8211; Tutor 4t ESO B Montse Iglesias: miglesias@institutbaixpenedes.cat CONTINGUT MATEM\u00c0TIQUES PROVES GESO<\/p>\n","protected":false},"author":1,"featured_media":0,"parent":0,"menu_order":0,"comment_status":"closed","ping_status":"closed","template":"","meta":{"_bbp_topic_count":0,"_bbp_reply_count":0,"_bbp_total_topic_count":0,"_bbp_total_reply_count":0,"_bbp_voice_count":0,"_bbp_anonymous_reply_count":0,"_bbp_topic_count_hidden":0,"_bbp_reply_count_hidden":0,"_bbp_forum_subforum_count":0,"site-sidebar-layout":"default","site-content-layout":"","ast-site-content-layout":"default","site-content-style":"default","site-sidebar-style":"default","ast-global-header-display":"","ast-banner-title-visibility":"","ast-main-header-display":"","ast-hfb-above-header-display":"","ast-hfb-below-header-display":"","ast-hfb-mobile-header-display":"","site-post-title":"","ast-breadcrumbs-content":"","ast-featured-img":"","footer-sml-layout":"","theme-transparent-header-meta":"default","adv-header-id-meta":"","stick-header-meta":"","header-above-stick-meta":"","header-main-stick-meta":"","header-below-stick-meta":"","astra-migrate-meta-layouts":"set","ast-page-background-enabled":"default","ast-page-background-meta":{"desktop":{"background-color":"var(--ast-global-color-4)","background-image":"","background-repeat":"repeat","background-position":"center center","background-size":"auto","background-attachment":"scroll","background-type":"","background-media":"","overlay-type":"","overlay-color":"","overlay-opacity":"","overlay-gradient":""},"tablet":{"background-color":"","background-image":"","background-repeat":"repeat","background-position":"center center","background-size":"auto","background-attachment":"scroll","background-type":"","background-media":"","overlay-type":"","overlay-color":"","overlay-opacity":"","overlay-gradient":""},"mobile":{"background-color":"","background-image":"","background-repeat":"repeat","background-position":"center center","background-size":"auto","background-attachment":"scroll","background-type":"","background-media":"","overlay-type":"","overlay-color":"","overlay-opacity":"","overlay-gradient":""}},"ast-content-background-meta":{"desktop":{"background-color":"var(--ast-global-color-5)","background-image":"","background-repeat":"repeat","background-position":"center center","background-size":"auto","background-attachment":"scroll","background-type":"","background-media":"","overlay-type":"","overlay-color":"","overlay-opacity":"","overlay-gradient":""},"tablet":{"background-color":"var(--ast-global-color-5)","background-image":"","background-repeat":"repeat","background-position":"center center","background-size":"auto","background-attachment":"scroll","background-type":"","background-media":"","overlay-type":"","overlay-color":"","overlay-opacity":"","overlay-gradient":""},"mobile":{"background-color":"var(--ast-global-color-5)","background-image":"","background-repeat":"repeat","background-position":"center center","background-size":"auto","background-attachment":"scroll","background-type":"","background-media":"","overlay-type":"","overlay-color":"","overlay-opacity":"","overlay-gradient":""}},"footnotes":""},"class_list":["post-725","page","type-page","status-publish","hentry"],"post_mailing_queue_ids":[],"_links":{"self":[{"href":"https:\/\/agora.xtec.cat\/insbaixpenedes\/wp-json\/wp\/v2\/pages\/725","targetHints":{"allow":["GET"]}}],"collection":[{"href":"https:\/\/agora.xtec.cat\/insbaixpenedes\/wp-json\/wp\/v2\/pages"}],"about":[{"href":"https:\/\/agora.xtec.cat\/insbaixpenedes\/wp-json\/wp\/v2\/types\/page"}],"author":[{"embeddable":true,"href":"https:\/\/agora.xtec.cat\/insbaixpenedes\/wp-json\/wp\/v2\/users\/1"}],"replies":[{"embeddable":true,"href":"https:\/\/agora.xtec.cat\/insbaixpenedes\/wp-json\/wp\/v2\/comments?post=725"}],"version-history":[{"count":6,"href":"https:\/\/agora.xtec.cat\/insbaixpenedes\/wp-json\/wp\/v2\/pages\/725\/revisions"}],"predecessor-version":[{"id":5818,"href":"https:\/\/agora.xtec.cat\/insbaixpenedes\/wp-json\/wp\/v2\/pages\/725\/revisions\/5818"}],"wp:attachment":[{"href":"https:\/\/agora.xtec.cat\/insbaixpenedes\/wp-json\/wp\/v2\/media?parent=725"}],"curies":[{"name":"wp","href":"https:\/\/api.w.org\/{rel}","templated":true}]}}