{"id":681,"date":"2019-09-28T11:12:15","date_gmt":"2019-09-28T09:12:15","guid":{"rendered":"https:\/\/agora.xtec.cat\/insbaixpenedes\/?page_id=681"},"modified":"2025-07-10T13:06:39","modified_gmt":"2025-07-10T11:06:39","slug":"afa","status":"publish","type":"page","link":"https:\/\/agora.xtec.cat\/insbaixpenedes\/afa\/","title":{"rendered":"AFA"},"content":{"rendered":"<h5><a href=\"https:\/\/agora.xtec.cat\/insbaixpenedes\/wp-content\/uploads\/usu1417\/2025\/07\/afa.png\"><img loading=\"lazy\" decoding=\"async\" class=\"aligncenter size-large wp-image-5754\" src=\"https:\/\/agora.xtec.cat\/insbaixpenedes\/wp-content\/uploads\/usu1417\/2025\/07\/afa-1024x329.png\" alt=\"\" width=\"1024\" height=\"329\" srcset=\"https:\/\/agora.xtec.cat\/insbaixpenedes\/wp-content\/uploads\/usu1417\/2025\/07\/afa-1024x329.png 1024w, https:\/\/agora.xtec.cat\/insbaixpenedes\/wp-content\/uploads\/usu1417\/2025\/07\/afa-300x96.png 300w, https:\/\/agora.xtec.cat\/insbaixpenedes\/wp-content\/uploads\/usu1417\/2025\/07\/afa-768x246.png 768w, https:\/\/agora.xtec.cat\/insbaixpenedes\/wp-content\/uploads\/usu1417\/2025\/07\/afa-1536x493.png 1536w, https:\/\/agora.xtec.cat\/insbaixpenedes\/wp-content\/uploads\/usu1417\/2025\/07\/afa.png 1920w\" sizes=\"auto, (max-width: 1024px) 100vw, 1024px\" \/><\/a><\/h5>\n<h5><\/h5>\n<h2 data-start=\"299\" data-end=\"342\">Associaci\u00f3 de Fam\u00edlies d&#8217;Alumnes (AFA)<\/h2>\n<p data-start=\"343\" data-end=\"382\"><strong data-start=\"343\" data-end=\"382\">Institut Baix Pened\u00e8s \u2013 El Vendrell<\/strong><\/p>\n<hr data-start=\"384\" data-end=\"387\" \/>\n<h3 data-start=\"389\" data-end=\"401\">Qui som?<\/h3>\n<p data-start=\"403\" data-end=\"629\">L\u2019AFA \u00e9s l\u2019\u00f2rgan de participaci\u00f3 de les fam\u00edlies a l\u2019Institut Baix Pened\u00e8s. Som una entitat <strong data-start=\"495\" data-end=\"518\">sense \u00e0nim de lucre<\/strong>, formada per mares, pares i tutors legals, <strong data-start=\"562\" data-end=\"604\">oberta a totes les fam\u00edlies del centre<\/strong> i a les seves propostes.<\/p>\n<p data-start=\"631\" data-end=\"789\">La nostra finalitat \u00e9s <strong data-start=\"653\" data-end=\"717\">promoure la coordinaci\u00f3, la relaci\u00f3 i la participaci\u00f3 activa<\/strong> de les fam\u00edlies amb l\u2019Institut, el barri i tota la comunitat educativa.<\/p>\n<hr data-start=\"791\" data-end=\"794\" \/>\n<h3 data-start=\"796\" data-end=\"808\">Qu\u00e8 fem?<\/h3>\n<p data-start=\"810\" data-end=\"915\">Des de l\u2019AFA, treballem per <strong data-start=\"838\" data-end=\"886\">enfortir el vincle entre fam\u00edlies i institut<\/strong> mitjan\u00e7ant diverses accions:<\/p>\n<ul>\n<li data-start=\"917\" data-end=\"975\">\n<p data-start=\"919\" data-end=\"975\">Donem <strong data-start=\"925\" data-end=\"961\">suport econ\u00f2mic, hum\u00e0 i log\u00edstic<\/strong> a l\u2019Institut.<\/p>\n<\/li>\n<li data-start=\"976\" data-end=\"1026\">\n<p data-start=\"978\" data-end=\"1026\"><strong data-start=\"978\" data-end=\"1026\">Representem les fam\u00edlies al Consell Escolar.<\/strong><\/p>\n<\/li>\n<li data-start=\"1027\" data-end=\"1207\">\n<p data-start=\"1029\" data-end=\"1079\">Gestionem serveis per a les fam\u00edlies s\u00f2cies:<\/p>\n<ul style=\"list-style-type: circle;\" data-start=\"917\" data-end=\"1350\">\n<li data-start=\"1082\" data-end=\"1139\">\n<p data-start=\"1084\" data-end=\"1139\">Compra de llibres a trav\u00e9s de la plataforma <strong data-start=\"1128\" data-end=\"1138\">Iddink<\/strong>.<\/p>\n<\/li>\n<li data-start=\"1142\" data-end=\"1207\">\n<p data-start=\"1144\" data-end=\"1207\">Participaci\u00f3 en <strong data-start=\"1160\" data-end=\"1193\">projectes educatius i socials<\/strong> del municipi.<\/p>\n<\/li>\n<\/ul>\n<\/li>\n<li data-start=\"1208\" data-end=\"1350\">\n<p data-start=\"1210\" data-end=\"1259\">Impulsem accions educatives i de sensibilitzaci\u00f3:<\/p>\n<ul style=\"list-style-type: circle;\" data-start=\"1262\" data-end=\"1350\">\n<li data-start=\"1262\" data-end=\"1350\">\n<p data-start=\"1264\" data-end=\"1350\">Tallers i xerrades sobre <strong data-start=\"1289\" data-end=\"1349\">g\u00e8nere, estereotips, viol\u00e8ncies i prevenci\u00f3 del bullying<\/strong>.<\/p>\n<\/li>\n<\/ul>\n<\/li>\n<li data-start=\"1262\" data-end=\"1350\">\n<p data-start=\"1264\" data-end=\"1350\">A m\u00e9s, <strong data-start=\"1359\" data-end=\"1377\">formem part de<\/strong>:<\/p>\n<ul style=\"list-style-type: circle;\">\n<li data-start=\"1382\" data-end=\"1401\">\ud83c\udf92 <em data-start=\"1385\" data-end=\"1399\">La Ballaruga<\/em><\/li>\n<li data-start=\"1404\" data-end=\"1433\">\ud83c\udfeb <em data-start=\"1407\" data-end=\"1433\">El Pla Educatiu d\u2019Entorn<\/em><\/li>\n<\/ul>\n<\/li>\n<\/ul>\n<hr data-start=\"1435\" data-end=\"1438\" \/>\n<h3 data-start=\"1440\" data-end=\"1493\">A qu\u00e8 destinem les quotes de les fam\u00edlies s\u00f2cies?<\/h3>\n<p data-start=\"1495\" data-end=\"1554\">Amb la vostra col\u00b7laboraci\u00f3, podem dur a terme accions com:<\/p>\n<ul data-start=\"1556\" data-end=\"1928\">\n<li data-start=\"1556\" data-end=\"1608\">\n<p data-start=\"1558\" data-end=\"1608\">Regal de benvinguda (una sola vegada per fam\u00edlia).<\/p>\n<\/li>\n<li data-start=\"1609\" data-end=\"1663\">\n<p data-start=\"1611\" data-end=\"1663\">Descompte de <strong data-start=\"1624\" data-end=\"1647\">5\u202f\u20ac per alumne soci<\/strong> en una sortida.<\/p>\n<\/li>\n<li data-start=\"1664\" data-end=\"1709\">\n<p data-start=\"1666\" data-end=\"1709\">Gesti\u00f3 de compra de llibres amb <strong data-start=\"1698\" data-end=\"1708\">Iddink<\/strong>.<\/p>\n<\/li>\n<li data-start=\"1710\" data-end=\"1820\">\n<p data-start=\"1712\" data-end=\"1753\">Millores a les instal\u00b7lacions del centre:<\/p>\n<ul style=\"list-style-type: circle;\" data-start=\"1756\" data-end=\"1820\">\n<li data-start=\"1756\" data-end=\"1820\">\n<p data-start=\"1758\" data-end=\"1820\">Compra de <strong data-start=\"1768\" data-end=\"1814\">taules de p\u00edcnic, sistemes de so, altaveus<\/strong>, etc.<\/p>\n<\/li>\n<li data-start=\"1821\" data-end=\"1876\">\n<p data-start=\"1823\" data-end=\"1876\">Finan\u00e7ament del <strong data-start=\"1839\" data-end=\"1875\">transport d\u2019activitats culturals<\/strong>.<\/p>\n<\/li>\n<\/ul>\n<\/li>\n<li data-start=\"1877\" data-end=\"1928\">\n<p data-start=\"1879\" data-end=\"1928\">Suport a <strong data-start=\"1888\" data-end=\"1927\">projectes del centre i de l\u2019alumnat<\/strong>.<\/p>\n<\/li>\n<\/ul>\n<hr data-start=\"1930\" data-end=\"1933\" \/>\n<h3 data-start=\"205\" data-end=\"232\"><strong data-start=\"205\" data-end=\"232\">Com et pots fer soci\/a?<\/strong><\/h3>\n<ul>\n<li data-start=\"234\" data-end=\"335\">L\u2019AFA ofereix el servei de compra de llibres per als seus socis <strong>a trav\u00e9s de la plataforma Iddink<\/strong>. En fer la compra amb Iddink:<\/li>\n<\/ul>\n<ul>\n<li style=\"list-style-type: none;\">\n<ul style=\"list-style-type: circle;\" data-start=\"368\" data-end=\"501\">\n<li data-start=\"368\" data-end=\"435\">\n<p data-start=\"370\" data-end=\"435\">Es formalitza autom\u00e0ticament la inscripci\u00f3 com a soci de l\u2019AFA.<\/p>\n<\/li>\n<li data-start=\"436\" data-end=\"501\">\n<p data-start=\"438\" data-end=\"501\">S\u2019inclou el pagament de la quota anual de <strong data-start=\"480\" data-end=\"500\">25\u202f\u20ac per fam\u00edlia<\/strong>.<\/p>\n<\/li>\n<\/ul>\n<\/li>\n<li data-start=\"503\" data-end=\"637\">Si voleu fer-vos socis <strong>sense utilitzar Iddink<\/strong>, nom\u00e9s cal que ens <strong>contacteu per correu electr\u00f2nic<\/strong>:\n<ul style=\"list-style-type: circle;\">\n<li data-start=\"503\" data-end=\"637\"><strong data-start=\"606\" data-end=\"637\"><a class=\"cursor-pointer\" rel=\"noopener\" data-start=\"608\" data-end=\"635\">\ud83d\udce7 afainsbaixpenedes@gmail.com<\/a><\/strong><\/li>\n<\/ul>\n<\/li>\n<\/ul>\n<hr data-start=\"639\" data-end=\"642\" \/>\n<p data-start=\"644\" data-end=\"673\"><strong data-start=\"644\" data-end=\"673\">AVANTATGES DE SER SOCI\/A:<\/strong><\/p>\n<p data-start=\"675\" data-end=\"765\">\u2714\ufe0f Descomptes<br data-start=\"688\" data-end=\"691\" \/>\u2714\ufe0f Activitats exclusives<br data-start=\"715\" data-end=\"718\" \/>\u2714\ufe0f Participaci\u00f3 activa a la comunitat educativa<\/p>\n<hr data-start=\"2425\" data-end=\"2428\" \/>\n<h3 data-start=\"2430\" data-end=\"2456\">Comptem amb vosaltres!<\/h3>\n<p data-start=\"2458\" data-end=\"2642\">Per fer realitat totes aquestes iniciatives, <strong data-start=\"2503\" data-end=\"2550\">necessitem la col\u00b7laboraci\u00f3 de les fam\u00edlies<\/strong>.<br data-start=\"2551\" data-end=\"2554\" \/>Cap ajuda \u00e9s petita: <strong data-start=\"2575\" data-end=\"2641\">tot suma per millorar el dia a dia dels nostres fills i filles<\/strong>.<\/p>\n<p data-start=\"2644\" data-end=\"2665\"><strong data-start=\"2644\" data-end=\"2665\">Podeu participar:<\/strong><\/p>\n<ul data-start=\"2667\" data-end=\"2808\">\n<li data-start=\"2667\" data-end=\"2699\">\n<p data-start=\"2669\" data-end=\"2699\">A la <strong data-start=\"2674\" data-end=\"2683\">junta<\/strong>, amb veu i vot.<\/p>\n<\/li>\n<li data-start=\"2700\" data-end=\"2761\">\n<p data-start=\"2702\" data-end=\"2761\">De forma <strong data-start=\"2711\" data-end=\"2722\">puntual<\/strong>, col\u00b7laborant en activitats concretes.<\/p>\n<\/li>\n<li data-start=\"2762\" data-end=\"2808\">\n<p data-start=\"2764\" data-end=\"2808\">Amb la <strong data-start=\"2771\" data-end=\"2807\">vostra quota com a fam\u00edlia s\u00f2cia<\/strong>.<\/p>\n<\/li>\n<\/ul>\n<blockquote data-start=\"2810\" data-end=\"2927\">\n<p data-start=\"2812\" data-end=\"2927\"><strong data-start=\"2812\" data-end=\"2863\">Fer-te soci\/a nom\u00e9s costa 25\u202f\u20ac\/any per fam\u00edlia.<\/strong><br data-start=\"2863\" data-end=\"2866\" \/><strong data-start=\"2868\" data-end=\"2885\">T\u2019hi apuntes?<\/strong><br data-start=\"2885\" data-end=\"2888\" \/>\ud83e\udde1 <em data-start=\"2893\" data-end=\"2927\">T\u2019esperem amb els bra\u00e7os oberts!<\/em><\/p>\n<\/blockquote>\n<hr data-start=\"2929\" data-end=\"2932\" \/>\n<h3 data-start=\"2934\" data-end=\"2955\">Contacte i xarxes<\/h3>\n<p data-start=\"2957\" data-end=\"3161\">\ud83d\udcf1 Instagram: <a class=\"\" href=\"https:\/\/www.instagram.com\/afainsbaixpenedes\" target=\"_new\" rel=\"noopener\" data-start=\"2971\" data-end=\"3036\">@afainsbaixpenedes<\/a><br data-start=\"3036\" data-end=\"3039\" \/>\ud83d\udce7 Correu electr\u00f2nic: <a class=\"cursor-pointer\" rel=\"noopener\" data-start=\"3061\" data-end=\"3126\">afainsbaixpenedes@gmail.com<\/a><br data-start=\"3126\" data-end=\"3129\" \/>\ud83d\udcde Tel\u00e8fon\/WhatsApp: 623 178 889<\/p>\n","protected":false},"excerpt":{"rendered":"<p>Associaci\u00f3 de Fam\u00edlies d&#8217;Alumnes (AFA) Institut Baix Pened\u00e8s \u2013 El Vendrell Qui som? L\u2019AFA \u00e9s l\u2019\u00f2rgan de participaci\u00f3 de les fam\u00edlies a l\u2019Institut Baix Pened\u00e8s. Som una entitat sense \u00e0nim de lucre, formada per mares, pares i tutors legals, oberta a totes les fam\u00edlies del centre i a les seves propostes. La nostra finalitat \u00e9s [&hellip;]<\/p>\n","protected":false},"author":1,"featured_media":0,"parent":0,"menu_order":0,"comment_status":"closed","ping_status":"closed","template":"","meta":{"_bbp_topic_count":0,"_bbp_reply_count":0,"_bbp_total_topic_count":0,"_bbp_total_reply_count":0,"_bbp_voice_count":0,"_bbp_anonymous_reply_count":0,"_bbp_topic_count_hidden":0,"_bbp_reply_count_hidden":0,"_bbp_forum_subforum_count":0,"site-sidebar-layout":"default","site-content-layout":"","ast-site-content-layout":"default","site-content-style":"default","site-sidebar-style":"default","ast-global-header-display":"","ast-banner-title-visibility":"","ast-main-header-display":"","ast-hfb-above-header-display":"","ast-hfb-below-header-display":"","ast-hfb-mobile-header-display":"","site-post-title":"","ast-breadcrumbs-content":"","ast-featured-img":"","footer-sml-layout":"","theme-transparent-header-meta":"default","adv-header-id-meta":"","stick-header-meta":"","header-above-stick-meta":"","header-main-stick-meta":"","header-below-stick-meta":"","astra-migrate-meta-layouts":"set","ast-page-background-enabled":"default","ast-page-background-meta":{"desktop":{"background-color":"var(--ast-global-color-4)","background-image":"","background-repeat":"repeat","background-position":"center center","background-size":"auto","background-attachment":"scroll","background-type":"","background-media":"","overlay-type":"","overlay-color":"","overlay-opacity":"","overlay-gradient":""},"tablet":{"background-color":"","background-image":"","background-repeat":"repeat","background-position":"center center","background-size":"auto","background-attachment":"scroll","background-type":"","background-media":"","overlay-type":"","overlay-color":"","overlay-opacity":"","overlay-gradient":""},"mobile":{"background-color":"","background-image":"","background-repeat":"repeat","background-position":"center center","background-size":"auto","background-attachment":"scroll","background-type":"","background-media":"","overlay-type":"","overlay-color":"","overlay-opacity":"","overlay-gradient":""}},"ast-content-background-meta":{"desktop":{"background-color":"var(--ast-global-color-5)","background-image":"","background-repeat":"repeat","background-position":"center center","background-size":"auto","background-attachment":"scroll","background-type":"","background-media":"","overlay-type":"","overlay-color":"","overlay-opacity":"","overlay-gradient":""},"tablet":{"background-color":"var(--ast-global-color-5)","background-image":"","background-repeat":"repeat","background-position":"center center","background-size":"auto","background-attachment":"scroll","background-type":"","background-media":"","overlay-type":"","overlay-color":"","overlay-opacity":"","overlay-gradient":""},"mobile":{"background-color":"var(--ast-global-color-5)","background-image":"","background-repeat":"repeat","background-position":"center center","background-size":"auto","background-attachment":"scroll","background-type":"","background-media":"","overlay-type":"","overlay-color":"","overlay-opacity":"","overlay-gradient":""}},"footnotes":""},"class_list":["post-681","page","type-page","status-publish","hentry"],"post_mailing_queue_ids":[],"_links":{"self":[{"href":"https:\/\/agora.xtec.cat\/insbaixpenedes\/wp-json\/wp\/v2\/pages\/681","targetHints":{"allow":["GET"]}}],"collection":[{"href":"https:\/\/agora.xtec.cat\/insbaixpenedes\/wp-json\/wp\/v2\/pages"}],"about":[{"href":"https:\/\/agora.xtec.cat\/insbaixpenedes\/wp-json\/wp\/v2\/types\/page"}],"author":[{"embeddable":true,"href":"https:\/\/agora.xtec.cat\/insbaixpenedes\/wp-json\/wp\/v2\/users\/1"}],"replies":[{"embeddable":true,"href":"https:\/\/agora.xtec.cat\/insbaixpenedes\/wp-json\/wp\/v2\/comments?post=681"}],"version-history":[{"count":6,"href":"https:\/\/agora.xtec.cat\/insbaixpenedes\/wp-json\/wp\/v2\/pages\/681\/revisions"}],"predecessor-version":[{"id":5769,"href":"https:\/\/agora.xtec.cat\/insbaixpenedes\/wp-json\/wp\/v2\/pages\/681\/revisions\/5769"}],"wp:attachment":[{"href":"https:\/\/agora.xtec.cat\/insbaixpenedes\/wp-json\/wp\/v2\/media?parent=681"}],"curies":[{"name":"wp","href":"https:\/\/api.w.org\/{rel}","templated":true}]}}