{"id":27,"date":"2014-09-17T16:24:03","date_gmt":"2014-09-17T16:24:03","guid":{"rendered":"http:\/\/agora.xtec.cat\/insbaixpenedes\/?page_id=27"},"modified":"2019-10-02T10:05:15","modified_gmt":"2019-10-02T08:05:15","slug":"historia","status":"publish","type":"page","link":"https:\/\/agora.xtec.cat\/insbaixpenedes\/linstitut\/historia\/","title":{"rendered":"Hist\u00f2ria"},"content":{"rendered":"<p><a href=\"https:\/\/agora.xtec.cat\/insbaixpenedes\/wp-content\/uploads\/usu1417\/2019\/09\/muntatge-historia.jpg\"><img loading=\"lazy\" decoding=\"async\" class=\"aligncenter wp-image-493 size-full\" src=\"https:\/\/agora.xtec.cat\/insbaixpenedes\/wp-content\/uploads\/usu1417\/2019\/09\/muntatge-historia.jpg\" alt=\"\" width=\"1920\" height=\"600\" srcset=\"https:\/\/agora.xtec.cat\/insbaixpenedes\/wp-content\/uploads\/usu1417\/2019\/09\/muntatge-historia.jpg 1920w, https:\/\/agora.xtec.cat\/insbaixpenedes\/wp-content\/uploads\/usu1417\/2019\/09\/muntatge-historia-300x94.jpg 300w, https:\/\/agora.xtec.cat\/insbaixpenedes\/wp-content\/uploads\/usu1417\/2019\/09\/muntatge-historia-768x240.jpg 768w, https:\/\/agora.xtec.cat\/insbaixpenedes\/wp-content\/uploads\/usu1417\/2019\/09\/muntatge-historia-1024x320.jpg 1024w\" sizes=\"auto, (max-width: 1920px) 100vw, 1920px\" \/><\/a><\/p>\n<p>&nbsp;<\/p>\n<p style=\"text-align: justify;\">Segons testimonis consultats, a finals dels anys 60 del segle passat, les possibilitats de fer estudis secundaris al Vendrell eren molt limitades: Hi havia les \u201cEscuelas Nacionales\u201d, que arribaven nom\u00e9s a Prim\u00e0ria, el Col\u00b7legi Sagrat Cor, nom\u00e9s per noies, que feia la Prim\u00e0ria i el Batxillerat i la Acad\u00e8mia de la Sra. Teresina Martorell, on podien anar nens i nenes. Altres centres eren l\u2019Academia Almi, dirigida pel Sr. Pros, l\u2019Acad\u00e8mia Guimer\u00e0, dirigida pel Sr. Serra i l\u2019escola \u201cYota\u201d, de la Sra. Carme Sumoy. Aquests alumnes es preparaven a les acad\u00e8mies i despr\u00e9s s\u2019examinaven com alumnes lliures a instituts de Tarragona o Reus.<\/p>\n<p style=\"text-align: justify;\">Els dem\u00e9s nois i noies que olien fer Batxillerat ho feien a col\u00b7legis privats de Tarragona i Montblanc, la qual cosa comportava estar intern, lluny de casa.<\/p>\n<p style=\"text-align: justify;\">La idea de que es fes un Institut a la nostra Vila va sorgir de l\u2019alcalde Sr. Casimiro Coll i del concejal d\u2019ensenyament i Cultura Sr. Frederic Pellicer. Per desgr\u00e0cia, cap d\u2019ells dos ens pot ja explicar les gestions que van fer; tot i aix\u00f2, altres persones ens ho han anat explicant, amb petici\u00f3 de discreci\u00f3 sobre la seva identitat.<\/p>\n<p style=\"text-align: justify;\">L\u2019Institut va n\u00e9ixer gr\u00e0cies a l\u2019inter\u00e8s del Sr. Coll, que va aprofitar una oferta feta pel Govern Civil de Tarragona per a fer Instituts a varies poblacions, caps de partit, ara b\u00e9, no els va ser senzill: El tracte obligava a l\u2019Ajuntament a cedir els terrenys i a pagar una part de la construcci\u00f3.<\/p>\n<p style=\"text-align: justify;\">L\u2019Ajuntament havia comprat ja unes vinyes on ara \u00e9s l\u2019Institut, per\u00f2 no tenia medis per a l\u2019obra. Davant la manca de recursos del Consistori, uns quants ve\u00efns van oferir al Sr. Coll un ajut econ\u00f2mic a fi de que es pogu\u00e9s fer l\u2019obra. No tenim cap const\u00e0ncia de quines persones van ser.<\/p>\n<p style=\"text-align: justify;\">El cas \u00e9s que l\u2019Institut es va crear el curs 1969 \u2013 70 a partir d\u2019un Col\u00b7legi Lliure Adoptat (CLA) depenent de l\u2019Institut Salvador Vilaseca de Reus, i que va tenir la seu a unes aules de l\u2019escola Angel Guimer\u00e0, situades on ara hi ha la pla\u00e7a Pep Jai.<\/p>\n<p><a href=\"https:\/\/agora.xtec.cat\/insbaixpenedes\/wp-content\/uploads\/usu1417\/2019\/09\/historia_2.jpg\"><img loading=\"lazy\" decoding=\"async\" class=\"aligncenter size-large wp-image-494\" src=\"https:\/\/agora.xtec.cat\/insbaixpenedes\/wp-content\/uploads\/usu1417\/2019\/09\/historia_2-1024x192.jpg\" alt=\"\" width=\"1024\" height=\"192\" srcset=\"https:\/\/agora.xtec.cat\/insbaixpenedes\/wp-content\/uploads\/usu1417\/2019\/09\/historia_2-1024x192.jpg 1024w, https:\/\/agora.xtec.cat\/insbaixpenedes\/wp-content\/uploads\/usu1417\/2019\/09\/historia_2-300x56.jpg 300w, https:\/\/agora.xtec.cat\/insbaixpenedes\/wp-content\/uploads\/usu1417\/2019\/09\/historia_2-768x144.jpg 768w, https:\/\/agora.xtec.cat\/insbaixpenedes\/wp-content\/uploads\/usu1417\/2019\/09\/historia_2.jpg 1600w\" sizes=\"auto, (max-width: 1024px) 100vw, 1024px\" \/><\/a><\/p>\n<p style=\"text-align: justify;\">L\u2019any 1970 ja es va venir al nou edifici, que ocupava la major part del que ara coneixem com \u201cedifici antic\u201d, amb el nom de \u201cInstituto de Ense\u00f1anza Media Mixto de Vendrell\u201d, passant a ser la primera Directora la Sra. Leonor Card\u00f3 Avell\u00e0.<\/p>\n<p style=\"text-align: justify;\">Al costat de l\u2019Institut, l\u2019Ajuntament va aixecar un edifici de planta baixa amb teulada on va instal\u00b7lar el menjador i la oficina de l\u2019APAVECO (Associaci\u00f3 de Pares d\u2019Alumnes de Vendrell i Comarca). Aquesta associaci\u00f3 va fer una important tasca de recolzament de l\u2019Institut, sobre tot en els primers anys.<\/p>\n<p style=\"text-align: justify;\">El 28 d\u2019octubre de 1971, el Consejo Local del Movimiento va trametre a l\u2019Institut una proposta de nomenar al Centre \u201cJose Luis Villar Pallas\u00ed\u201d. No consta cap refer\u00e8ncia a aquesta proposta en cap acta del Claustre, de manera que no sembla que tingu\u00e9s cap conseq\u00fc\u00e8ncia.<\/p>\n<p style=\"text-align: justify;\">Les instal\u00b7lacions van ser aviat insuficients, de manera que l\u2019any 1974 es van fer unes obres de consolidaci\u00f3 que van comportar la primera ampliaci\u00f3, en la que es va afegir la zona dels laboratoris.<\/p>\n<p style=\"text-align: justify;\">Aquell mateix any es va fer el primer canvi de nom, passant-se a dir \u201cAlmirante Carrero Blanco\u201d. Fins aleshores, la Sra. Card\u00f3 havia defugit el tema del nom propi del Centre, ja que volia proposar el de Pau Casals, fill il\u00b7lustre de la Vila, per\u00f2 en aquell temps molt mal vist pel r\u00e8gim franquista. Per\u00f2 al desembre de 1973, l\u2019almirall Carrero Blanco, president del govern, fou assassinat per ETA.<\/p>\n<p style=\"text-align: justify;\">Arrel del fet, les \u201cAutoridades\u201d de molts pobles de tota Espanya van iniciar una cursa per honorar al pol\u00edtic assassinat i es va donar el seu nom a tot tipus d\u2019instal\u00b7lacions, carrers, places, jardins, etc. per tot el territori nacional. Al Vendrell nom\u00e9s hi havia sense nom l\u2019Institut, de manera que l\u2019Alcalde i Jefe Local del Movimiento en aquell moment, Sr. Jes\u00fas Trayner, va fer arribar la proposta del Ajuntament a la Direcci\u00f3 de l\u2019Institut.<\/p>\n<p style=\"text-align: justify;\">La Sra. Card\u00f3 va plantejar el tema al Claustre, que va donar la seva conformitat (acta del claustre de 9 de gener de 1974). Segons es diu, la decisi\u00f3 va ser presa a contracor, per\u00f2 la gran majoria dels professors eren interins, de manera que un informe desfavorable de les autoritats pol\u00edtiques locals els podia deixar sense feina, fins i tot, la mateixa Sra. Card\u00f3 estava aqu\u00ed en comissi\u00f3 de servei, ja que la seva pla\u00e7a era a Villanueva de la Serena (Badajoz), de manera que el Centre no s\u2019hi va oposar i l\u2019Institut va rebre el nou nom.<\/p>\n<p style=\"text-align: justify;\">El vint de gener d\u2019aquell any es va descobrir, amb assist\u00e8ncia de les autoritats, una placa de marbre donant testimoni del nom del Centre. Aquesta placa va desapar\u00e8ixer pocs mesos despr\u00e9s per acci\u00f3 de mans an\u00f2nimes i nocturnes. (Anys despr\u00e9s, parts de la placa eren al Museu Guimer\u00e0). A la porta principal d\u2019aleshores (la que est\u00e0 al costat del menjador) es va posar una nova placa de fullola amb lletres d\u2019alumini de la que existeix testimoni fotogr\u00e0fic.<\/p>\n<p style=\"text-align: justify;\">Cap a l\u2019any 1978, la directora Sra. Joana Borr\u00e0s va demanar canviar el nom. Ja no podia ser \u201cPau Casals\u201d per que s\u2019havia anomenat aix\u00ed un nou grup escolar ve\u00ed. Algunes persones van proposar el nom d\u2019Andreu Nin, fill tamb\u00e9 del poble, encara que va prevaler el criteri de no posar un pol\u00edtic en el lloc d\u2019altre, i com l\u2019Institut era l\u2019\u00fanic de la comarca, es va proposar el nom de \u201cBaix Pened\u00e8s\u201d, que porta des de l\u2019any 1979 fins avui.<\/p>\n<blockquote>\n<p style=\"text-align: right;\"><strong>Vicen\u00e7 Cabr\u00e9<\/strong><\/p>\n<\/blockquote>\n","protected":false},"excerpt":{"rendered":"<p>&nbsp; Segons testimonis consultats, a finals dels anys 60 del segle passat, les possibilitats de fer estudis secundaris al Vendrell eren molt limitades: Hi havia les \u201cEscuelas Nacionales\u201d, que arribaven nom\u00e9s a Prim\u00e0ria, el Col\u00b7legi Sagrat Cor, nom\u00e9s per noies, que feia la Prim\u00e0ria i el Batxillerat i la Acad\u00e8mia de la Sra. Teresina Martorell, [&hellip;]<\/p>\n","protected":false},"author":1,"featured_media":0,"parent":19,"menu_order":20,"comment_status":"closed","ping_status":"closed","template":"page-templates\/side-menu.php","meta":{"_bbp_topic_count":0,"_bbp_reply_count":0,"_bbp_total_topic_count":0,"_bbp_total_reply_count":0,"_bbp_voice_count":0,"_bbp_anonymous_reply_count":0,"_bbp_topic_count_hidden":0,"_bbp_reply_count_hidden":0,"_bbp_forum_subforum_count":0,"site-sidebar-layout":"default","site-content-layout":"","ast-site-content-layout":"","site-content-style":"default","site-sidebar-style":"default","ast-global-header-display":"","ast-banner-title-visibility":"","ast-main-header-display":"","ast-hfb-above-header-display":"","ast-hfb-below-header-display":"","ast-hfb-mobile-header-display":"","site-post-title":"","ast-breadcrumbs-content":"","ast-featured-img":"","footer-sml-layout":"","theme-transparent-header-meta":"","adv-header-id-meta":"","stick-header-meta":"","header-above-stick-meta":"","header-main-stick-meta":"","header-below-stick-meta":"","astra-migrate-meta-layouts":"default","ast-page-background-enabled":"default","ast-page-background-meta":{"desktop":{"background-color":"var(--ast-global-color-4)","background-image":"","background-repeat":"repeat","background-position":"center center","background-size":"auto","background-attachment":"scroll","background-type":"","background-media":"","overlay-type":"","overlay-color":"","overlay-opacity":"","overlay-gradient":""},"tablet":{"background-color":"","background-image":"","background-repeat":"repeat","background-position":"center center","background-size":"auto","background-attachment":"scroll","background-type":"","background-media":"","overlay-type":"","overlay-color":"","overlay-opacity":"","overlay-gradient":""},"mobile":{"background-color":"","background-image":"","background-repeat":"repeat","background-position":"center center","background-size":"auto","background-attachment":"scroll","background-type":"","background-media":"","overlay-type":"","overlay-color":"","overlay-opacity":"","overlay-gradient":""}},"ast-content-background-meta":{"desktop":{"background-color":"var(--ast-global-color-5)","background-image":"","background-repeat":"repeat","background-position":"center center","background-size":"auto","background-attachment":"scroll","background-type":"","background-media":"","overlay-type":"","overlay-color":"","overlay-opacity":"","overlay-gradient":""},"tablet":{"background-color":"var(--ast-global-color-5)","background-image":"","background-repeat":"repeat","background-position":"center center","background-size":"auto","background-attachment":"scroll","background-type":"","background-media":"","overlay-type":"","overlay-color":"","overlay-opacity":"","overlay-gradient":""},"mobile":{"background-color":"var(--ast-global-color-5)","background-image":"","background-repeat":"repeat","background-position":"center center","background-size":"auto","background-attachment":"scroll","background-type":"","background-media":"","overlay-type":"","overlay-color":"","overlay-opacity":"","overlay-gradient":""}},"footnotes":""},"class_list":["post-27","page","type-page","status-publish","hentry"],"post_mailing_queue_ids":[],"_links":{"self":[{"href":"https:\/\/agora.xtec.cat\/insbaixpenedes\/wp-json\/wp\/v2\/pages\/27","targetHints":{"allow":["GET"]}}],"collection":[{"href":"https:\/\/agora.xtec.cat\/insbaixpenedes\/wp-json\/wp\/v2\/pages"}],"about":[{"href":"https:\/\/agora.xtec.cat\/insbaixpenedes\/wp-json\/wp\/v2\/types\/page"}],"author":[{"embeddable":true,"href":"https:\/\/agora.xtec.cat\/insbaixpenedes\/wp-json\/wp\/v2\/users\/1"}],"replies":[{"embeddable":true,"href":"https:\/\/agora.xtec.cat\/insbaixpenedes\/wp-json\/wp\/v2\/comments?post=27"}],"version-history":[{"count":2,"href":"https:\/\/agora.xtec.cat\/insbaixpenedes\/wp-json\/wp\/v2\/pages\/27\/revisions"}],"predecessor-version":[{"id":543,"href":"https:\/\/agora.xtec.cat\/insbaixpenedes\/wp-json\/wp\/v2\/pages\/27\/revisions\/543"}],"up":[{"embeddable":true,"href":"https:\/\/agora.xtec.cat\/insbaixpenedes\/wp-json\/wp\/v2\/pages\/19"}],"wp:attachment":[{"href":"https:\/\/agora.xtec.cat\/insbaixpenedes\/wp-json\/wp\/v2\/media?parent=27"}],"curies":[{"name":"wp","href":"https:\/\/api.w.org\/{rel}","templated":true}]}}