{"id":956,"date":"2025-06-24T22:12:39","date_gmt":"2025-06-24T20:12:39","guid":{"rendered":"https:\/\/agora.xtec.cat\/insbaixemporda\/?page_id=956"},"modified":"2026-04-07T15:02:36","modified_gmt":"2026-04-07T13:02:36","slug":"auxiliar-de-comerc-i-atencio-al-public","status":"publish","type":"page","link":"https:\/\/agora.xtec.cat\/insbaixemporda\/estudis\/pfi-ptt\/auxiliar-de-comerc-i-atencio-al-public\/","title":{"rendered":"Auxiliar de comer\u00e7 i atenci\u00f3 al p\u00fablic"},"content":{"rendered":"\n<h3 class=\"wp-block-heading\">Descripci\u00f3 <\/h3>\n\n\n\n<p>Aquests estudis capaciten per dur a terme tasques auxiliars de comercialitzaci\u00f3, marxandatge i emmagatzematge de productes i mercaderies, aix\u00ed com les operacions de tractament de dades relacionades amb aquesta activitat. Tenen una durada total de 1.000 hores, un curs acad\u00e8mic. <\/p>\n\n\n\n<h3 class=\"wp-block-heading\">Continguts <\/h3>\n\n\n\n<p>M\u00f2duls de formaci\u00f3 professional (inclouen 200 hores d&#8217;estada formativa a l&#8217;empresa) <\/p>\n\n\n\n<ul class=\"wp-block-list\">\n<li>T\u00e8cniques B\u00e0siques de Comercialitzaci\u00f3 <\/li>\n\n\n\n<li>Atenci\u00f3 al Client <\/li>\n\n\n\n<li>Preparaci\u00f3 de Comandes i Venda de Productes <\/li>\n\n\n\n<li>Formaci\u00f3 B\u00e0sica en Prevenci\u00f3 de Riscos Laborals <\/li>\n\n\n\n<li>Projecte M\u00f2duls de formaci\u00f3 general <\/li>\n\n\n\n<li>Estrat\u00e8gies i Eines de Comunicaci\u00f3 <\/li>\n\n\n\n<li>Entorn Social i Territorial <\/li>\n\n\n\n<li>Estrat\u00e8gies i Eines Matem\u00e0tiques <\/li>\n\n\n\n<li>Incorporaci\u00f3 al M\u00f3n Professional Tutoria, seguiment i orientaci\u00f3 personalitzada <\/li>\n<\/ul>\n\n\n\n<h3 class=\"wp-block-heading\">Acc\u00e9s <\/h3>\n\n\n\n<p>Poden accedir a aquest programa de formaci\u00f3 i inserci\u00f3 (PFI) els joves no ocupats que compleixin com a m\u00ednim 16 anys i com a m\u00e0xim 21 en l&#8217;any d&#8217;inici del programa i que no hagin obtingut el graduat en ESO. <\/p>\n\n\n\n<h3 class=\"wp-block-heading\">Tr\u00e0mits <\/h3>\n\n\n\n<p>Per cursar un programa de formaci\u00f3 i inserci\u00f3 (PFI) del Departament d&#8217;Educaci\u00f3 (PTT, FIAP i PIP en institut) cal fer la preinscripci\u00f3 i matr\u00edcula segons les directrius d&#8217;aquest Departament. <\/p>\n\n\n\n<p>Trobareu m\u00e9s informaci\u00f3 <strong><a href=\"https:\/\/preinscripcio.gencat.cat\/ca\/estudis\/pfi\/inici\/\">aqu\u00ed<\/a><\/strong>.<\/p>\n\n\n\n<h3 class=\"wp-block-heading\">Continu\u00eftat <\/h3>\n\n\n\n<p>La superaci\u00f3 d&#8217;aquest programa de formaci\u00f3 i inserci\u00f3 (PFI) comporta el seg\u00fcent: <\/p>\n\n\n\n<ul class=\"wp-block-list\">\n<li>Certificat acad\u00e8mic i professional, que cont\u00e9 la qualificaci\u00f3 final obtinguda en el PFI i acredita les compet\u00e8ncies professionals assolides. <\/li>\n\n\n\n<li>Certificat del Curs de formaci\u00f3 preparatori per accedir als cicles de grau mitj\u00e0, si el PFI s&#8217;ha cursat en un centre autoritzat a impartir aquest curs. <\/li>\n\n\n\n<li>Acc\u00e9s als cicles formatius de grau mitj\u00e0, d&#8217;acord amb la Resoluci\u00f3 EDF\/4245\/2024, de 26 de novembre. <\/li>\n\n\n\n<li>Reconeixement dels m\u00f2duls professionals superats en el PFI per a l&#8217;obtenci\u00f3 del t\u00edtol professional b\u00e0sic associat al perfil. <\/li>\n\n\n\n<li>Acc\u00e9s als centres de formaci\u00f3 d&#8217;adults per obtenir el graduat en educaci\u00f3 secund\u00e0ria obligat\u00f2ria (GESO), sense complir el requisit de tenir 18 anys. <\/li>\n<\/ul>\n\n\n\n<p>La superaci\u00f3 d&#8217;aquest programa de formaci\u00f3 i inserci\u00f3 (PFI) permet accedir al m\u00f3n laboral com a: <\/p>\n\n\n\n<ul class=\"wp-block-list\">\n<li>Auxiliar de dependent de comer\u00e7 <\/li>\n\n\n\n<li>Auxiliar d&#8217;animaci\u00f3 del punt de venda <\/li>\n\n\n\n<li>Auxiliar de venda<\/li>\n\n\n\n<li>Auxiliar de promoci\u00f3 de vendes <\/li>\n\n\n\n<li>Reposador o reposadora<\/li>\n\n\n\n<li>Preparador o preparadora de comandes<\/li>\n\n\n\n<li>Auxiliar de recepci\u00f3 i expedici\u00f3<\/li>\n\n\n\n<li>Auxiliar d&#8217;informaci\u00f3 en establiments comercials<\/li>\n\n\n\n<li>Repartidor o repartidora de proximitat.<\/li>\n<\/ul>\n\n\n\n<p><\/p>\n","protected":false},"excerpt":{"rendered":"<p>Descripci\u00f3 Aquests estudis capaciten per dur a terme tasques auxiliars de comercialitzaci\u00f3, marxandatge i emmagatzematge de productes i mercaderies, aix\u00ed com les operacions de tractament de dades relacionades amb aquesta activitat. Tenen una durada total de 1.000 hores, un curs acad\u00e8mic. Continguts M\u00f2duls de formaci\u00f3 professional (inclouen 200 hores d&#8217;estada formativa a l&#8217;empresa) Acc\u00e9s Poden [&hellip;]<\/p>\n","protected":false},"author":1,"featured_media":0,"parent":893,"menu_order":0,"comment_status":"closed","ping_status":"close","template":"","meta":{"site-sidebar-layout":"default","site-content-layout":"","ast-site-content-layout":"default","site-content-style":"default","site-sidebar-style":"default","ast-global-header-display":"","ast-banner-title-visibility":"","ast-main-header-display":"","ast-hfb-above-header-display":"","ast-hfb-below-header-display":"","ast-hfb-mobile-header-display":"","site-post-title":"","ast-breadcrumbs-content":"","ast-featured-img":"","footer-sml-layout":"","theme-transparent-header-meta":"","adv-header-id-meta":"","stick-header-meta":"","header-above-stick-meta":"","header-main-stick-meta":"","header-below-stick-meta":"","astra-migrate-meta-layouts":"set","ast-page-background-enabled":"default","ast-page-background-meta":{"desktop":{"background-color":"var(--ast-global-color-4)","background-image":"","background-repeat":"repeat","background-position":"center center","background-size":"auto","background-attachment":"scroll","background-type":"","background-media":"","overlay-type":"","overlay-color":"","overlay-opacity":"","overlay-gradient":""},"tablet":{"background-color":"","background-image":"","background-repeat":"repeat","background-position":"center center","background-size":"auto","background-attachment":"scroll","background-type":"","background-media":"","overlay-type":"","overlay-color":"","overlay-opacity":"","overlay-gradient":""},"mobile":{"background-color":"","background-image":"","background-repeat":"repeat","background-position":"center center","background-size":"auto","background-attachment":"scroll","background-type":"","background-media":"","overlay-type":"","overlay-color":"","overlay-opacity":"","overlay-gradient":""}},"ast-content-background-meta":{"desktop":{"background-color":"var(--ast-global-color-5)","background-image":"","background-repeat":"repeat","background-position":"center center","background-size":"auto","background-attachment":"scroll","background-type":"","background-media":"","overlay-type":"","overlay-color":"","overlay-opacity":"","overlay-gradient":""},"tablet":{"background-color":"var(--ast-global-color-5)","background-image":"","background-repeat":"repeat","background-position":"center center","background-size":"auto","background-attachment":"scroll","background-type":"","background-media":"","overlay-type":"","overlay-color":"","overlay-opacity":"","overlay-gradient":""},"mobile":{"background-color":"var(--ast-global-color-5)","background-image":"","background-repeat":"repeat","background-position":"center center","background-size":"auto","background-attachment":"scroll","background-type":"","background-media":"","overlay-type":"","overlay-color":"","overlay-opacity":"","overlay-gradient":""}},"footnotes":""},"class_list":["post-956","page","type-page","status-publish","hentry"],"post_mailing_queue_ids":[],"_links":{"self":[{"href":"https:\/\/agora.xtec.cat\/insbaixemporda\/wp-json\/wp\/v2\/pages\/956","targetHints":{"allow":["GET"]}}],"collection":[{"href":"https:\/\/agora.xtec.cat\/insbaixemporda\/wp-json\/wp\/v2\/pages"}],"about":[{"href":"https:\/\/agora.xtec.cat\/insbaixemporda\/wp-json\/wp\/v2\/types\/page"}],"author":[{"embeddable":true,"href":"https:\/\/agora.xtec.cat\/insbaixemporda\/wp-json\/wp\/v2\/users\/1"}],"replies":[{"embeddable":true,"href":"https:\/\/agora.xtec.cat\/insbaixemporda\/wp-json\/wp\/v2\/comments?post=956"}],"version-history":[{"count":6,"href":"https:\/\/agora.xtec.cat\/insbaixemporda\/wp-json\/wp\/v2\/pages\/956\/revisions"}],"predecessor-version":[{"id":3395,"href":"https:\/\/agora.xtec.cat\/insbaixemporda\/wp-json\/wp\/v2\/pages\/956\/revisions\/3395"}],"up":[{"embeddable":true,"href":"https:\/\/agora.xtec.cat\/insbaixemporda\/wp-json\/wp\/v2\/pages\/893"}],"wp:attachment":[{"href":"https:\/\/agora.xtec.cat\/insbaixemporda\/wp-json\/wp\/v2\/media?parent=956"}],"curies":[{"name":"wp","href":"https:\/\/api.w.org\/{rel}","templated":true}]}}

Auxiliar de comerç i atenció al públic

<h3 class="wp-block-heading">Descripció </h3>



<p>Aquests estudis capaciten per dur a terme tasques auxiliars de comercialització, marxandatge i emmagatzematge de productes i mercaderies, així com les operacions de tractament de dades relacionades amb aquesta activitat. Tenen una durada total de 1.000 hores, un curs acadèmic. </p>



<h3 class="wp-block-heading">Continguts </h3>



<p>Mòduls de formació professional (inclouen 200 hores d&#8217;estada formativa a l&#8217;empresa) </p>



<ul class="wp-block-list">
<li>Tècniques Bàsiques de Comercialització </li>



<li>Atenció al Client </li>



<li>Preparació de Comandes i Venda de Productes </li>



<li>Formació Bàsica en Prevenció de Riscos Laborals </li>



<li>Projecte Mòduls de formació general </li>



<li>Estratègies i Eines de Comunicació </li>



<li>Entorn Social i Territorial </li>



<li>Estratègies i Eines Matemàtiques </li>



<li>Incorporació al Món Professional Tutoria, seguiment i orientació personalitzada </li>
</ul>



<h3 class="wp-block-heading">Accés </h3>



<p>Poden accedir a aquest programa de formació i inserció (PFI) els joves no ocupats que compleixin com a mínim 16 anys i com a màxim 21 en l&#8217;any d&#8217;inici del programa i que no hagin obtingut el graduat en ESO. </p>



<h3 class="wp-block-heading">Tràmits </h3>



<p>Per cursar un programa de formació i inserció (PFI) del Departament d&#8217;Educació (PTT, FIAP i PIP en institut) cal fer la preinscripció i matrícula segons les directrius d&#8217;aquest Departament. </p>



<p>Trobareu més informació <strong><a href="https://preinscripcio.gencat.cat/ca/estudis/pfi/inici/">aquí</a></strong>.</p>



<h3 class="wp-block-heading">Continuïtat </h3>



<p>La superació d&#8217;aquest programa de formació i inserció (PFI) comporta el següent: </p>



<ul class="wp-block-list">
<li>Certificat acadèmic i professional, que conté la qualificació final obtinguda en el PFI i acredita les competències professionals assolides. </li>



<li>Certificat del Curs de formació preparatori per accedir als cicles de grau mitjà, si el PFI s&#8217;ha cursat en un centre autoritzat a impartir aquest curs. </li>



<li>Accés als cicles formatius de grau mitjà, d&#8217;acord amb la Resolució EDF/4245/2024, de 26 de novembre. </li>



<li>Reconeixement dels mòduls professionals superats en el PFI per a l&#8217;obtenció del títol professional bàsic associat al perfil. </li>



<li>Accés als centres de formació d&#8217;adults per obtenir el graduat en educació secundària obligatòria (GESO), sense complir el requisit de tenir 18 anys. </li>
</ul>



<p>La superació d&#8217;aquest programa de formació i inserció (PFI) permet accedir al món laboral com a: </p>



<ul class="wp-block-list">
<li>Auxiliar de dependent de comerç </li>



<li>Auxiliar d&#8217;animació del punt de venda </li>



<li>Auxiliar de venda</li>



<li>Auxiliar de promoció de vendes </li>



<li>Reposador o reposadora</li>



<li>Preparador o preparadora de comandes</li>



<li>Auxiliar de recepció i expedició</li>



<li>Auxiliar d&#8217;informació en establiments comercials</li>



<li>Repartidor o repartidora de proximitat.</li>
</ul>



<p></p>

<p>Descripció Aquests estudis capaciten per dur a terme tasques auxiliars de comercialització, marxandatge i emmagatzematge de productes i mercaderies, així com les operacions de tractament de dades relacionades amb aquesta activitat. Tenen una durada total de 1.000 hores, un curs acadèmic. Continguts Mòduls de formació professional (inclouen 200 hores d&#8217;estada formativa a l&#8217;empresa) Accés Poden [&hellip;]</p>
