{"id":890,"date":"2025-06-23T23:56:40","date_gmt":"2025-06-23T21:56:40","guid":{"rendered":"https:\/\/agora.xtec.cat\/insbaixemporda\/?page_id=890"},"modified":"2026-01-17T22:13:35","modified_gmt":"2026-01-17T21:13:35","slug":"batxillerat","status":"publish","type":"page","link":"https:\/\/agora.xtec.cat\/insbaixemporda\/estudis\/batxillerat\/","title":{"rendered":"Batxillerat"},"content":{"rendered":"\n<figure class=\"wp-block-gallery has-nested-images columns-default is-cropped wp-block-gallery-1 is-layout-flex wp-block-gallery-is-layout-flex\">\n<figure class=\"wp-block-image size-large\"><a href=\"https:\/\/agora.xtec.cat\/insbaixemporda\/wp-content\/uploads\/usu3485\/2025\/07\/insbaixemporda_batxillerat-2.jpg\"><img loading=\"lazy\" decoding=\"async\" width=\"1024\" height=\"640\" data-id=\"1162\" src=\"https:\/\/agora.xtec.cat\/insbaixemporda\/wp-content\/uploads\/usu3485\/2025\/07\/insbaixemporda_batxillerat-2-1024x640.jpg\" alt=\"\" class=\"wp-image-1162\" srcset=\"https:\/\/agora.xtec.cat\/insbaixemporda\/wp-content\/uploads\/usu3485\/2025\/07\/insbaixemporda_batxillerat-2-1024x640.jpg 1024w, https:\/\/agora.xtec.cat\/insbaixemporda\/wp-content\/uploads\/usu3485\/2025\/07\/insbaixemporda_batxillerat-2-300x188.jpg 300w, https:\/\/agora.xtec.cat\/insbaixemporda\/wp-content\/uploads\/usu3485\/2025\/07\/insbaixemporda_batxillerat-2-768x480.jpg 768w, https:\/\/agora.xtec.cat\/insbaixemporda\/wp-content\/uploads\/usu3485\/2025\/07\/insbaixemporda_batxillerat-2-1536x960.jpg 1536w, https:\/\/agora.xtec.cat\/insbaixemporda\/wp-content\/uploads\/usu3485\/2025\/07\/insbaixemporda_batxillerat-2.jpg 1689w\" sizes=\"auto, (max-width: 1024px) 100vw, 1024px\" \/><\/a><\/figure>\n\n\n\n<figure class=\"wp-block-image size-large\"><a href=\"https:\/\/agora.xtec.cat\/insbaixemporda\/wp-content\/uploads\/usu3485\/2025\/07\/insbaixemporda_batxillerat-5-1.jpg\"><img loading=\"lazy\" decoding=\"async\" width=\"1024\" height=\"640\" data-id=\"1161\" src=\"https:\/\/agora.xtec.cat\/insbaixemporda\/wp-content\/uploads\/usu3485\/2025\/07\/insbaixemporda_batxillerat-5-1-1024x640.jpg\" alt=\"\" class=\"wp-image-1161\" srcset=\"https:\/\/agora.xtec.cat\/insbaixemporda\/wp-content\/uploads\/usu3485\/2025\/07\/insbaixemporda_batxillerat-5-1-1024x640.jpg 1024w, https:\/\/agora.xtec.cat\/insbaixemporda\/wp-content\/uploads\/usu3485\/2025\/07\/insbaixemporda_batxillerat-5-1-300x188.jpg 300w, https:\/\/agora.xtec.cat\/insbaixemporda\/wp-content\/uploads\/usu3485\/2025\/07\/insbaixemporda_batxillerat-5-1-768x480.jpg 768w, https:\/\/agora.xtec.cat\/insbaixemporda\/wp-content\/uploads\/usu3485\/2025\/07\/insbaixemporda_batxillerat-5-1.jpg 1486w\" sizes=\"auto, (max-width: 1024px) 100vw, 1024px\" \/><\/a><\/figure>\n\n\n\n<figure class=\"wp-block-image size-large\"><a href=\"https:\/\/agora.xtec.cat\/insbaixemporda\/wp-content\/uploads\/usu3485\/2025\/07\/insbaixemporda_batxillerat-8-1.jpg\"><img loading=\"lazy\" decoding=\"async\" width=\"1024\" height=\"640\" data-id=\"1160\" src=\"https:\/\/agora.xtec.cat\/insbaixemporda\/wp-content\/uploads\/usu3485\/2025\/07\/insbaixemporda_batxillerat-8-1-1024x640.jpg\" alt=\"\" class=\"wp-image-1160\" srcset=\"https:\/\/agora.xtec.cat\/insbaixemporda\/wp-content\/uploads\/usu3485\/2025\/07\/insbaixemporda_batxillerat-8-1-1024x640.jpg 1024w, https:\/\/agora.xtec.cat\/insbaixemporda\/wp-content\/uploads\/usu3485\/2025\/07\/insbaixemporda_batxillerat-8-1-300x188.jpg 300w, https:\/\/agora.xtec.cat\/insbaixemporda\/wp-content\/uploads\/usu3485\/2025\/07\/insbaixemporda_batxillerat-8-1-768x480.jpg 768w, https:\/\/agora.xtec.cat\/insbaixemporda\/wp-content\/uploads\/usu3485\/2025\/07\/insbaixemporda_batxillerat-8-1-1536x961.jpg 1536w, https:\/\/agora.xtec.cat\/insbaixemporda\/wp-content\/uploads\/usu3485\/2025\/07\/insbaixemporda_batxillerat-8-1.jpg 1639w\" sizes=\"auto, (max-width: 1024px) 100vw, 1024px\" \/><\/a><\/figure>\n<\/figure>\n\n\n\n<h3 class=\"wp-block-heading\">Qu\u00e8 \u00e9s i quina durada t\u00e9?<\/h3>\n\n\n\n<p>El&nbsp;batxillerat&nbsp;\u00e9s l\u2019etapa que es cursa normalment entre els 16 i els 18 anys. \u00c9s un cicle format per dos cursos de trenta hores lectives setmanals.<\/p>\n\n\n\n<p>En aquests estudis es vol preparar i orientar per a estudis superiors, i per aix\u00f2, els professors i professores tenim com a objectiu la preparaci\u00f3 de l\u2019alumnat perqu\u00e8 desenvolupi i consolidi les pr\u00f2pies capacitats al mateix temps que se\u2019ls mostra les sortides universit\u00e0ries i de cicles superiors.<\/p>\n\n\n\n<h3 class=\"wp-block-heading\">Qui hi accedeix?<\/h3>\n\n\n\n<p>Per accedir al&nbsp;batxillerat&nbsp;cal tenir algun dels t\u00edtols seg\u00fcents:<\/p>\n\n\n\n<ul class=\"wp-block-list\">\n<li>Graduat en educaci\u00f3 secund\u00e0ria obligat\u00f2ria (ESO).<\/li>\n\n\n\n<li>T\u00e8cnic d\u2019un cicle formatiu de grau mitj\u00e0 o t\u00e8cnic superior d\u2019un cicle formatiu de grau superior (en aquests casos es pot demanar la convalidaci\u00f3 de mat\u00e8ries optatives i del treball de recerca).<\/li>\n\n\n\n<li>Haver cursat estudis de sistemes educatius estrangers que hagin estat homologats al t\u00edtol de GESO o al t\u00edtol de t\u00e8cnic. L\u2019homologaci\u00f3 s\u2019acredita mitjan\u00e7ant la credencial corresponent o b\u00e9, si aquesta encara est\u00e0 en tr\u00e0mit, presentant el \u201cVolant per a la inscripci\u00f3 condicional en centres educatius\u201d.<\/li>\n<\/ul>\n\n\n\n<h3 class=\"wp-block-heading\">Horari<\/h3>\n\n\n\n<p>L\u2019horari de batxillerat al nostre institut \u00e9s de 8 a 14.30h.<\/p>\n\n\n\n<h3 class=\"wp-block-heading\">Continguts<\/h3>\n\n\n\n<p>Les mat\u00e8ries de batxillerat es divideixen en mat\u00e8ries comunes, mat\u00e8ries de modalitat i mat\u00e8ries optatives<\/p>\n\n\n\n<h3 class=\"wp-block-heading\">Modalitats<\/h3>\n\n\n\n<p>Al nostre centre oferim dues modalitats diferents de batxillerat:<\/p>\n\n\n\n<ul class=\"wp-block-list\">\n<li>Ci\u00e8ncies i tecnologia<\/li>\n\n\n\n<li>Humanitats i ci\u00e8ncies socials<\/li>\n<\/ul>\n\n\n\n<h3 class=\"wp-block-heading\">Mat\u00e8ries<\/h3>\n\n\n\n<ul class=\"wp-block-list\">\n<li><strong>Mat\u00e8ries comunes:<\/strong>\u00a0proporcionen una formaci\u00f3 general\u00a0i s\u00f3n obligat\u00f2ries per tot l&#8217;alumnat.<\/li>\n\n\n\n<li><strong>Mat\u00e8ries de modalitat:<\/strong>\u00a0algunes s\u00f3n comunes a tots els estudiants que cursen una determinada modalitat i, a m\u00e9s, cada curs els alumnes triaran dues mat\u00e8ries m\u00e9s d&#8217;entre l&#8217;oferta existent per a cada modalitat.<\/li>\n\n\n\n<li><strong>Mat\u00e8ries optatives:<\/strong>\u00a0permeten aprofundir\u00a0en aspectes propis de la modalitat escollida o b\u00e9 obrir nous\u00a0camps de coneixement. En funci\u00f3 de la seva organitzaci\u00f3 i recursos\u00a0els centres podran adaptar el nombre de mat\u00e8ries optatives impartides.<\/li>\n\n\n\n<li><strong>Treball de recerca:<\/strong>\u00a0\u00c9s un treball d&#8217;investigaci\u00f3 que representa el 10% de la qualificaci\u00f3 total de l&#8217;etapa.\u00a0<\/li>\n<\/ul>\n\n\n\n<h3 class=\"wp-block-heading\">I despr\u00e9s qu\u00e8?<\/h3>\n\n\n\n<p>Amb el t\u00edtol de<strong>&nbsp;<\/strong>batxillerat<strong>&nbsp;<\/strong>es pot accedir:<\/p>\n\n\n\n<ul class=\"wp-block-list\">\n<li>A la universitat (un cop aprovades les proves d\u2019acc\u00e9s),<\/li>\n\n\n\n<li>A un cicle formatiu de grau superior de formaci\u00f3 professional espec\u00edfica, d\u2019arts pl\u00e0stiques i disseny,<\/li>\n\n\n\n<li>A un cicle formatiu de grau superior d\u2019ensenyaments esportius, si es tenen els requisits d\u2019acc\u00e9s,<\/li>\n\n\n\n<li>Als ensenyaments superiors art\u00edstics (un cop superada una prova espec\u00edfica d\u2019acc\u00e9s)<\/li>\n\n\n\n<li>Al m\u00f3n laboral.<\/li>\n<\/ul>\n\n\n\n<p>Al nostre centre es poden cursar diversos cicles formatius de grau superior de formaci\u00f3 professional espec\u00edfica.<\/p>\n\n\n\n<p><strong>Al web del Departament d&#8217;Educaci\u00f3 i Formaci\u00f3 Professional hi ha<\/strong><strong>&nbsp;<a href=\"https:\/\/triaeducativa.gencat.cat\/ca\/batxillerat\/\">m\u00e9s detalls<\/a>.<\/strong><\/p>\n","protected":false},"excerpt":{"rendered":"<p>Qu\u00e8 \u00e9s i quina durada t\u00e9? El&nbsp;batxillerat&nbsp;\u00e9s l\u2019etapa que es cursa normalment entre els 16 i els 18 anys. \u00c9s un cicle format per dos cursos de trenta hores lectives setmanals. En aquests estudis es vol preparar i orientar per a estudis superiors, i per aix\u00f2, els professors i professores tenim com a objectiu la [&hellip;]<\/p>\n","protected":false},"author":1,"featured_media":0,"parent":195,"menu_order":0,"comment_status":"closed","ping_status":"close","template":"","meta":{"site-sidebar-layout":"default","site-content-layout":"","ast-site-content-layout":"default","site-content-style":"default","site-sidebar-style":"default","ast-global-header-display":"","ast-banner-title-visibility":"","ast-main-header-display":"","ast-hfb-above-header-display":"","ast-hfb-below-header-display":"","ast-hfb-mobile-header-display":"","site-post-title":"","ast-breadcrumbs-content":"","ast-featured-img":"","footer-sml-layout":"","theme-transparent-header-meta":"","adv-header-id-meta":"","stick-header-meta":"","header-above-stick-meta":"","header-main-stick-meta":"","header-below-stick-meta":"","astra-migrate-meta-layouts":"set","ast-page-background-enabled":"default","ast-page-background-meta":{"desktop":{"background-color":"var(--ast-global-color-4)","background-image":"","background-repeat":"repeat","background-position":"center center","background-size":"auto","background-attachment":"scroll","background-type":"","background-media":"","overlay-type":"","overlay-color":"","overlay-opacity":"","overlay-gradient":""},"tablet":{"background-color":"","background-image":"","background-repeat":"repeat","background-position":"center center","background-size":"auto","background-attachment":"scroll","background-type":"","background-media":"","overlay-type":"","overlay-color":"","overlay-opacity":"","overlay-gradient":""},"mobile":{"background-color":"","background-image":"","background-repeat":"repeat","background-position":"center center","background-size":"auto","background-attachment":"scroll","background-type":"","background-media":"","overlay-type":"","overlay-color":"","overlay-opacity":"","overlay-gradient":""}},"ast-content-background-meta":{"desktop":{"background-color":"var(--ast-global-color-5)","background-image":"","background-repeat":"repeat","background-position":"center center","background-size":"auto","background-attachment":"scroll","background-type":"","background-media":"","overlay-type":"","overlay-color":"","overlay-opacity":"","overlay-gradient":""},"tablet":{"background-color":"var(--ast-global-color-5)","background-image":"","background-repeat":"repeat","background-position":"center center","background-size":"auto","background-attachment":"scroll","background-type":"","background-media":"","overlay-type":"","overlay-color":"","overlay-opacity":"","overlay-gradient":""},"mobile":{"background-color":"var(--ast-global-color-5)","background-image":"","background-repeat":"repeat","background-position":"center center","background-size":"auto","background-attachment":"scroll","background-type":"","background-media":"","overlay-type":"","overlay-color":"","overlay-opacity":"","overlay-gradient":""}},"footnotes":""},"class_list":["post-890","page","type-page","status-publish","hentry"],"post_mailing_queue_ids":[],"_links":{"self":[{"href":"https:\/\/agora.xtec.cat\/insbaixemporda\/wp-json\/wp\/v2\/pages\/890","targetHints":{"allow":["GET"]}}],"collection":[{"href":"https:\/\/agora.xtec.cat\/insbaixemporda\/wp-json\/wp\/v2\/pages"}],"about":[{"href":"https:\/\/agora.xtec.cat\/insbaixemporda\/wp-json\/wp\/v2\/types\/page"}],"author":[{"embeddable":true,"href":"https:\/\/agora.xtec.cat\/insbaixemporda\/wp-json\/wp\/v2\/users\/1"}],"replies":[{"embeddable":true,"href":"https:\/\/agora.xtec.cat\/insbaixemporda\/wp-json\/wp\/v2\/comments?post=890"}],"version-history":[{"count":6,"href":"https:\/\/agora.xtec.cat\/insbaixemporda\/wp-json\/wp\/v2\/pages\/890\/revisions"}],"predecessor-version":[{"id":1165,"href":"https:\/\/agora.xtec.cat\/insbaixemporda\/wp-json\/wp\/v2\/pages\/890\/revisions\/1165"}],"up":[{"embeddable":true,"href":"https:\/\/agora.xtec.cat\/insbaixemporda\/wp-json\/wp\/v2\/pages\/195"}],"wp:attachment":[{"href":"https:\/\/agora.xtec.cat\/insbaixemporda\/wp-json\/wp\/v2\/media?parent=890"}],"curies":[{"name":"wp","href":"https:\/\/api.w.org\/{rel}","templated":true}]}}