{"id":3181,"date":"2026-02-09T21:03:14","date_gmt":"2026-02-09T20:03:14","guid":{"rendered":"https:\/\/agora.xtec.cat\/insbaixemporda\/?page_id=3181"},"modified":"2026-02-12T19:57:19","modified_gmt":"2026-02-12T18:57:19","slug":"convalidacions-de-moduls-professionals","status":"publish","type":"page","link":"https:\/\/agora.xtec.cat\/insbaixemporda\/secretaria\/convalidacions-de-moduls-professionals\/","title":{"rendered":"Convalidacions de m\u00f2duls professionals"},"content":{"rendered":"\n<p>Per sol\u00b7licitar convalidacions la persona ha d\u2019estar matriculada en el cicle formatiu d\u2019algun m\u00f2dul t\u00edtol LOE o Cr\u00e8dit t\u00edtol LOGSE, per tant, ha de disposar dels requisits d\u2019acc\u00e9s.<\/p>\n\n\n\n<h4 class=\"wp-block-heading\">Sol\u00b7licituds d&#8217;estudis de Cicles de Grau Mitj\u00e0:<\/h4>\n\n\n\n<ul class=\"wp-block-list\">\n<li><a href=\"http:\/\/insbaixemporda.cat\/wp-content\/uploads\/2024\/11\/CFGM-HT10-Cuina-i-gastronomia-1.pdf\" target=\"_blank\" rel=\"noreferrer noopener\">Cuina i gastronomia<\/a><\/li>\n\n\n\n<li><a href=\"http:\/\/insbaixemporda.cat\/wp-content\/uploads\/2024\/11\/CFGM-TM10-Electromec%C3%A0nica-de-vehicles-autom%C3%B2bils-1.pdf\" target=\"_blank\" rel=\"noreferrer noopener\">Electromec\u00e0nica de vehicles<\/a><\/li>\n\n\n\n<li><a href=\"http:\/\/insbaixemporda.cat\/wp-content\/uploads\/2024\/11\/CFGM-IA60-Forneria-pastisseria-i-confiteria-1.pdf\" target=\"_blank\" rel=\"noreferrer noopener\">Forneria, pastisseria i confiteria<\/a><\/li>\n\n\n\n<li><a href=\"http:\/\/insbaixemporda.cat\/wp-content\/uploads\/2024\/11\/CFGM-AG10-Gesti%C3%B3-administrativa-1.pdf\" target=\"_blank\" rel=\"noreferrer noopener\">Gesti\u00f3 administrativa<\/a><\/li>\n\n\n\n<li><a href=\"http:\/\/insbaixemporda.cat\/wp-content\/uploads\/2024\/11\/CFGM-AG11-Gesti%C3%B3-administrativa-en-l%C3%A0mbit-jur%C3%ADdic-1.pdf\" target=\"_blank\" rel=\"noreferrer noopener\">Gesti\u00f3 administrativa en l\u2019\u00e0mbit jur\u00eddic<\/a><\/li>\n\n\n\n<li><a href=\"http:\/\/insbaixemporda.cat\/wp-content\/uploads\/2024\/11\/CFGM-EE10-Instal%C2%B7lacions-el%C3%A8ctriques-i-autom%C3%A0tiques-1.pdf\" target=\"_blank\" rel=\"noreferrer noopener\">Instal\u00b7lacions el\u00e8ctriques i autom\u00e0tiques<\/a><\/li>\n\n\n\n<li><a href=\"http:\/\/insbaixemporda.cat\/wp-content\/uploads\/2024\/11\/CFGM-HT30-Serveis-en-restauraci%C3%B3-1.pdf\" target=\"_blank\" rel=\"noreferrer noopener\">Serveis en restauraci\u00f3<\/a><\/li>\n<\/ul>\n\n\n\n<h4 class=\"wp-block-heading\">Sol\u00b7licituds d&#8217;estudis de Cicles de Grau Superior:<\/h4>\n\n\n\n<ul class=\"wp-block-list\">\n<li><a href=\"http:\/\/insbaixemporda.cat\/wp-content\/uploads\/2024\/11\/CFGS-AGB0-Administraci%C3%B3-i-finances-1.pdf\" target=\"_blank\" rel=\"noreferrer noopener\">Administraci\u00f3 i finances\u00a0<\/a>\u00a0(<a href=\"https:\/\/drive.google.com\/open?id=17GPHrZq4yoICNI8SNTc-z_cPoJwq--xH\" target=\"_blank\" rel=\"noreferrer noopener\">2n curs)<\/a><\/li>\n\n\n\n<li><a href=\"http:\/\/insbaixemporda.cat\/wp-content\/uploads\/2024\/11\/CFGS-HTD0-Direcci%C3%B3-de-cuina.pdf\" target=\"_blank\" rel=\"noreferrer noopener\">Direcci\u00f3 de cuina<\/a>\u00a0(<a href=\"https:\/\/drive.google.com\/open?id=1EVl8FB6PU9MSBo4qIgw3lwh3blrg_eKl\" target=\"_blank\" rel=\"noreferrer noopener\">2n curs<\/a>)<\/li>\n\n\n\n<li><a href=\"http:\/\/insbaixemporda.cat\/wp-content\/uploads\/2024\/11\/CFGS-HTB0-Gesti%C3%B3-dallotjaments-tur%C3%ADstics-1.pdf\" target=\"_blank\" rel=\"noreferrer noopener\">Gesti\u00f3 d\u2019allotjaments tur\u00edstics<\/a>&nbsp;(<a href=\"http:\/\/insbaixemporda.cat\/wp-content\/uploads\/2021\/12\/Gesti%C3%B3-dallotjaments-tur%C3%ADstics_convalidacions.pdf\" target=\"_blank\" rel=\"noreferrer noopener\">2n curs<\/a>)<\/li>\n\n\n\n<li><a href=\"http:\/\/insbaixemporda.cat\/wp-content\/uploads\/2024\/11\/CFGS-EEA0-Sistemes-electrot%C3%A8cnics-i-automatitzats-1.pdf\" target=\"_blank\" rel=\"noreferrer noopener\">Sistemes electrot\u00e8cnics i automatitzats<\/a>&nbsp;<a href=\"https:\/\/drive.google.com\/open?id=1v6b0HXBN9V8zMcwiJQj5NDatLjZt6_fL\" target=\"_blank\" rel=\"noreferrer noopener\">(2n curs)<\/a><\/li>\n<\/ul>\n\n\n\n<h4 class=\"wp-block-heading\">Sol\u00b7licitud de convalidaci\u00f3 singular:<\/h4>\n\n\n\n<ul class=\"wp-block-list\">\n<li><a href=\"http:\/\/chrome-extension:\/\/efaidnbmnnnibpcajpcglclefindmkaj\/https:\/\/documents.espai.educacio.gencat.cat\/FormularisModels\/CentresDocumentacioAcademica\/A1043.pdf\"><strong>Sol\u00b7licitud de convalidaci\u00f3 singular d\u2019estudis de formaci\u00f3 professional espec\u00edfica<\/strong><\/a>.<\/li>\n<\/ul>\n\n\n\n<hr class=\"wp-block-separator has-alpha-channel-opacity\"\/>\n\n\n\n<p><strong>NORMATIVA APLICABLE<\/strong><\/p>\n\n\n\n<p>El Reial decret 1085\/2020, de 9 de desembre, regula les condicions de c\u00e0lcul de la qualificaci\u00f3 mitjana dels cicles formatius quan hi ha m\u00f2duls professionals convalidats.<\/p>\n\n\n\n<p>Els m\u00f2duls professionals o unitats formatives superats que tinguin la mateixa denominaci\u00f3 i curr\u00edculum, i que siguin comuns a diversos cicles, la qualificaci\u00f3 obtinguda es trasllada a qualsevol dels cicles on aquests m\u00f2duls professionals o unitats formatives estiguin inclosos.<\/p>\n\n\n\n<p>Els m\u00f2duls professionals convalidats entre t\u00edtols LOGSE-LOE i LOE-LOE: es trasllada la nota dels m\u00f2duls aportats per fer la convalidaci\u00f3. Es traslladar\u00e0 la qualificaci\u00f3 obtinguda en el m\u00f2dul professional presentat per a la convalidaci\u00f3 i es traslladar\u00e0 al m\u00f2dul convalidat.<\/p>\n\n\n\n<p>En aquells casos en qu\u00e8 la convalidaci\u00f3 exigeixi considerar m\u00e9s d\u2019un m\u00f2dul professional, la qualificaci\u00f3 final ser\u00e0 el resultat del c\u00e0lcul de la mitjana aritm\u00e8tica de les qualificacions obtingudes en aquests m\u00f2duls.<\/p>\n\n\n\n<p>Les unitats formatives i m\u00f2duls professionals convalidats a partir d\u2019estudis anteriors a la LOGSE, de certificats oficials de nivell B1 o B2 de llengua estrangera, per tenir el certificat de nivell b\u00e0sic en prevenci\u00f3 de riscos laborals, o els derivats d\u2019estudis universitaris, no portaran assignada cap qualificaci\u00f3; es far\u00e0 constar com a convalidat i no computaran a efectes del c\u00e0lcul de la nota mitjana.<\/p>\n\n\n\n<p>Les unitats formatives i els m\u00f2duls professionals que hagin estat pr\u00e8viament convalidats no poden ser aportats per sol\u00b7licitar la convalidaci\u00f3 d\u2019altres unitats formatives o m\u00f2duls professionals.<\/p>\n","protected":false},"excerpt":{"rendered":"<p>Per sol\u00b7licitar convalidacions la persona ha d\u2019estar matriculada en el cicle formatiu d\u2019algun m\u00f2dul t\u00edtol LOE o Cr\u00e8dit t\u00edtol LOGSE, per tant, ha de disposar dels requisits d\u2019acc\u00e9s. Sol\u00b7licituds d&#8217;estudis de Cicles de Grau Mitj\u00e0: Sol\u00b7licituds d&#8217;estudis de Cicles de Grau Superior: Sol\u00b7licitud de convalidaci\u00f3 singular: NORMATIVA APLICABLE El Reial decret 1085\/2020, de 9 de [&hellip;]<\/p>\n","protected":false},"author":1,"featured_media":0,"parent":81,"menu_order":0,"comment_status":"closed","ping_status":"closed","template":"","meta":{"site-sidebar-layout":"default","site-content-layout":"","ast-site-content-layout":"default","site-content-style":"default","site-sidebar-style":"default","ast-global-header-display":"","ast-banner-title-visibility":"","ast-main-header-display":"","ast-hfb-above-header-display":"","ast-hfb-below-header-display":"","ast-hfb-mobile-header-display":"","site-post-title":"","ast-breadcrumbs-content":"","ast-featured-img":"","footer-sml-layout":"","theme-transparent-header-meta":"","adv-header-id-meta":"","stick-header-meta":"","header-above-stick-meta":"","header-main-stick-meta":"","header-below-stick-meta":"","astra-migrate-meta-layouts":"set","ast-page-background-enabled":"default","ast-page-background-meta":{"desktop":{"background-color":"var(--ast-global-color-4)","background-image":"","background-repeat":"repeat","background-position":"center center","background-size":"auto","background-attachment":"scroll","background-type":"","background-media":"","overlay-type":"","overlay-color":"","overlay-opacity":"","overlay-gradient":""},"tablet":{"background-color":"","background-image":"","background-repeat":"repeat","background-position":"center center","background-size":"auto","background-attachment":"scroll","background-type":"","background-media":"","overlay-type":"","overlay-color":"","overlay-opacity":"","overlay-gradient":""},"mobile":{"background-color":"","background-image":"","background-repeat":"repeat","background-position":"center center","background-size":"auto","background-attachment":"scroll","background-type":"","background-media":"","overlay-type":"","overlay-color":"","overlay-opacity":"","overlay-gradient":""}},"ast-content-background-meta":{"desktop":{"background-color":"var(--ast-global-color-5)","background-image":"","background-repeat":"repeat","background-position":"center center","background-size":"auto","background-attachment":"scroll","background-type":"","background-media":"","overlay-type":"","overlay-color":"","overlay-opacity":"","overlay-gradient":""},"tablet":{"background-color":"var(--ast-global-color-5)","background-image":"","background-repeat":"repeat","background-position":"center center","background-size":"auto","background-attachment":"scroll","background-type":"","background-media":"","overlay-type":"","overlay-color":"","overlay-opacity":"","overlay-gradient":""},"mobile":{"background-color":"var(--ast-global-color-5)","background-image":"","background-repeat":"repeat","background-position":"center center","background-size":"auto","background-attachment":"scroll","background-type":"","background-media":"","overlay-type":"","overlay-color":"","overlay-opacity":"","overlay-gradient":""}},"footnotes":""},"class_list":["post-3181","page","type-page","status-publish","hentry"],"post_mailing_queue_ids":[],"_links":{"self":[{"href":"https:\/\/agora.xtec.cat\/insbaixemporda\/wp-json\/wp\/v2\/pages\/3181","targetHints":{"allow":["GET"]}}],"collection":[{"href":"https:\/\/agora.xtec.cat\/insbaixemporda\/wp-json\/wp\/v2\/pages"}],"about":[{"href":"https:\/\/agora.xtec.cat\/insbaixemporda\/wp-json\/wp\/v2\/types\/page"}],"author":[{"embeddable":true,"href":"https:\/\/agora.xtec.cat\/insbaixemporda\/wp-json\/wp\/v2\/users\/1"}],"replies":[{"embeddable":true,"href":"https:\/\/agora.xtec.cat\/insbaixemporda\/wp-json\/wp\/v2\/comments?post=3181"}],"version-history":[{"count":2,"href":"https:\/\/agora.xtec.cat\/insbaixemporda\/wp-json\/wp\/v2\/pages\/3181\/revisions"}],"predecessor-version":[{"id":3205,"href":"https:\/\/agora.xtec.cat\/insbaixemporda\/wp-json\/wp\/v2\/pages\/3181\/revisions\/3205"}],"up":[{"embeddable":true,"href":"https:\/\/agora.xtec.cat\/insbaixemporda\/wp-json\/wp\/v2\/pages\/81"}],"wp:attachment":[{"href":"https:\/\/agora.xtec.cat\/insbaixemporda\/wp-json\/wp\/v2\/media?parent=3181"}],"curies":[{"name":"wp","href":"https:\/\/api.w.org\/{rel}","templated":true}]}}