{"id":2958,"date":"2026-01-22T12:00:32","date_gmt":"2026-01-22T11:00:32","guid":{"rendered":"https:\/\/agora.xtec.cat\/insbaixemporda\/?page_id=2958"},"modified":"2026-05-11T19:37:35","modified_gmt":"2026-05-11T17:37:35","slug":"matricula-cfgs","status":"publish","type":"page","link":"https:\/\/agora.xtec.cat\/insbaixemporda\/secretaria\/preinscripcio-i-matricula\/preinscripcio-i-matricula-fp\/matricula-cfgs\/","title":{"rendered":"Preinscripci\u00f3 i Matr\u00edcula CFGS"},"content":{"rendered":"\n<h3 class=\"wp-block-heading\">PREINSCRIPCI\u00d3 CICLES FORMATIUS DE GRAU SUPERIOR pel curs 26-27<\/h3>\n\n\n\n<h4 class=\"wp-block-heading\">Informaci\u00f3<\/h4>\n\n\n\n<p>Tota la informaci\u00f3 sobre el\u00a0<a href=\"https:\/\/preinscripcio.gencat.cat\/ca\/estudis\/fp-grau-superior\/inici\/\" target=\"_blank\" rel=\"noreferrer noopener\"><strong>proc\u00e9s de preinscripci\u00f3 als Cicles Formatius de Grau Superior<\/strong><\/a>\u00a0la trobareu a la p\u00e0gina web del Departament d&#8217;Educaci\u00f3 i Formaci\u00f3 Professional. Tamb\u00e9 s&#8217;haur\u00e0 de presentar la sol\u00b7licitud\u00a0<a href=\"http:\/\/ensenyament.gencat.cat\/ca\/tramits\/tramits-temes\/fp_gs_9418?moda=1\" target=\"_blank\" rel=\"noreferrer noopener\"><strong>via telem\u00e0tica<\/strong><\/a> del\u00a0<strong> 26 de maig a l&#8217;1 de juny del 2026.<\/strong><\/p>\n\n\n\n<p>Tenen&nbsp;<strong>acc\u00e9s directe<\/strong>&nbsp;als cicles de&nbsp;grau superior&nbsp;les persones que compleixen&nbsp;algun dels requisits&nbsp;seg\u00fcents:<\/p>\n\n\n\n<ul class=\"wp-block-list\">\n<li>Tenir el t\u00edtol de batxillerat.<\/li>\n\n\n\n<li>Tenir el t\u00edtol de t\u00e8cnic de formaci\u00f3 professional o t\u00e8cnic superior de formaci\u00f3 professional o t\u00e8cnic especialista.<\/li>\n\n\n\n<li>Haver superat el segon curs de batxillerat de qualsevol modalitat de batxillerat experimental.<\/li>\n\n\n\n<li>Haver superat el curs d\u2019orientaci\u00f3 universit\u00e0ria (COU) o el preuniversitari.<\/li>\n\n\n\n<li>Tenir el t\u00edtol de batxillerat per haver cursat el batxillerat unificat polivalent (BUP).<\/li>\n\n\n\n<li>Tenir qualsevol titulaci\u00f3 universit\u00e0ria o una d\u2019equivalent.<\/li>\n\n\n\n<li>Haver superat la prova d\u2019acc\u00e9s a la universitat per a majors de 25 anys.<\/li>\n<\/ul>\n\n\n\n<p>Les persones que no compleixen cap dels requisits esmentats han de superar una&nbsp;<a href=\"http:\/\/ensenyament.gencat.cat\/ca\/serveis-tramits\/proves\/proves-acces\/gs-fp\/\" target=\"_blank\" rel=\"noreferrer noopener\">prova d\u2019acc\u00e9s<\/a>. Per presentar-s\u2019hi cal tenir complerts 19 anys o b\u00e9 complir-los durant l\u2019any natural en qu\u00e8 es du a terme la prova.<\/p>\n\n\n\n<p>Les persones que tinguin estudis previs als actuals poden consultar la taula del\u00a0<a href=\"https:\/\/triaeducativa.gencat.cat\/web\/.content\/titulacions\/equivalencies\/taules-equivalencies.pdf\">resum d\u2019equival\u00e8ncies entre t\u00edtols del sistema educatiu<\/a>.<\/p>\n\n\n\n<p>Podeu entrar al seg\u00fcent enlla\u00e7 de la Generalitat de Catalunya:\u00a0<a href=\"http:\/\/queestudiar.gencat.cat\/ca\/preinscripcio\/estudis\/fp-gs\/\" target=\"_blank\" rel=\"noreferrer noopener\">qu\u00e8 estudiar a Catalunya<\/a>.<\/p>\n\n\n\n<h4 class=\"wp-block-heading\">Criteris de prioritat<\/h4>\n\n\n\n<p>Es pot accedir als cicles formatius de grau superior,&nbsp;<strong>d\u2019acord amb una s\u00e8rie de criteris de prioritat<\/strong>,&nbsp;estant en possessi\u00f3 dels seg\u00fcents estudis.&nbsp;<strong>Si per alguna d\u2019aquestes TRES vies no s\u2019ocupen totes les places corresponents, les vacants es reparteixen entre les altres vies de forma proporcional.<\/strong><\/p>\n\n\n\n<ul class=\"wp-block-list\">\n<li><strong>Via d\u2019acc\u00e9s 1<\/strong>, es reservaran el 60% de les places vacants:\n<ul class=\"wp-block-list\">\n<li>T\u00edtol de BATXILLERAT o estudis equivalents com per exemple&nbsp;el t\u00edtol de t\u00e8cnic de qualsevol&nbsp;CICLE&nbsp;FORMATIU DE GRAU SUPERIOR.<\/li>\n<\/ul>\n<\/li>\n<\/ul>\n\n\n\n<ul class=\"wp-block-list\">\n<li><strong>Via d\u2019acc\u00e9s 2<\/strong>, es reservaran el 20% de les places vacants a alumnes que acreditin un t\u00edtol de t\u00e8cnic:\n<ul class=\"wp-block-list\">\n<li>T\u00edtol de T\u00c8CNIC DE GRAU MITJ\u00c0 i, si escau, tota la documentaci\u00f3 que acrediti que s\u2019ha cursat el CAS, el curs de preparaci\u00f3 a grau superior, o la superaci\u00f3 de la formaci\u00f3 per a les proves d\u2019acc\u00e9s o el curs de preparaci\u00f3:\n<ol class=\"wp-block-list\">\n<li>Alumnes&nbsp;procedents de la mateixa fam\u00edlia professional que han cursat&nbsp;l\u2019opci\u00f3 priorit\u00e0ria en el CAS&nbsp;o el curs de preparaci\u00f3 per a la incorporaci\u00f3 a cicles de grau superior; la&nbsp;qualificaci\u00f3 que es tindr\u00e0 en compte ser\u00e0 la mitjana del cicle de grau mitj\u00e0 que aportin.<\/li>\n\n\n\n<li>Alumnes&nbsp;procedents d\u2019una altra fam\u00edlia professional&nbsp;que han cursat l\u2019opci\u00f3 priorit\u00e0ria en el CAS&nbsp;o el curs de preparaci\u00f3; la qualificaci\u00f3 que es tindr\u00e0 en compte ser\u00e0 la&nbsp;mitjana&nbsp;el cicle&nbsp;de grau mitj\u00e0 que aportin.<\/li>\n\n\n\n<li>Alumnes&nbsp;procedents de la mateixa fam\u00edlia professional&nbsp;que no han cursat l\u2019opci\u00f3 priorit\u00e0ria en el CAS&nbsp;o curs de preparaci\u00f3; la qualificaci\u00f3 que es tindr\u00e0 en compte ser\u00e0&nbsp;la mitjana del cicle de grau mitj\u00e0 que aportin.<\/li>\n\n\n\n<li>Alumnes&nbsp;procedents d\u2019una altra fam\u00edlia professional&nbsp;que no han cursat l\u2019opci\u00f3 priorit\u00e0ria en el CAS&nbsp;o el curs de preparaci\u00f3; la qualificaci\u00f3 que es tindr\u00e0 en compte ser\u00e0 la&nbsp;mitjana del cicle de grau mitj\u00e0 que aportin.<\/li>\n\n\n\n<li>Alumnes que&nbsp;han superat la formaci\u00f3 per a les proves o el curs de preparaci\u00f3&nbsp;(amb t\u00edtol de t\u00e8cnic) .<\/li>\n\n\n\n<li>Alumnes amb t\u00edtol de t\u00e8cnic de grau mitj\u00e0 de formaci\u00f3 professional que&nbsp;no estiguin en cap de les situacions anteriors i procedeixin d\u2019una fam\u00edlia professional af\u00ed.<\/li>\n\n\n\n<li>Alumnes amb t\u00edtol de t\u00e8cnic de grau mitj\u00e0 de formaci\u00f3 professional que&nbsp;no estiguin en cap de les situacions anteriors i procedeixen d\u2019una fam\u00edlia professional no af\u00ed.<\/li>\n<\/ol>\n<\/li>\n<\/ul>\n<\/li>\n<\/ul>\n\n\n\n<ul class=\"wp-block-list\">\n<li><strong>Via d\u2019acc\u00e9s 3<\/strong>,&nbsp;es reservaran el 20% de les places vacants als alumnes que tinguin la prova d\u2019acc\u00e9s, o que tenen l\u2019exempci\u00f3 total d\u2019aquesta prova, o que tenen altres titulacions que en permeten l\u2019acc\u00e9s. Les sol\u00b7licituds s\u2019ordenen segons la qualificaci\u00f3 de la prova o la qualificaci\u00f3 mitjana de l\u2019estudi al\u00b7legats:\n<ul class=\"wp-block-list\">\n<li>Certificat de SUPERACI\u00d3 PROVA D\u2019ACC\u00c9S o acreditaci\u00f3 dels estudis que s\u2019al\u00b7leguen.<\/li>\n<\/ul>\n<\/li>\n<\/ul>\n\n\n\n<h4 class=\"wp-block-heading\">Criteris espec\u00edfics de puntuaci\u00f3<\/h4>\n\n\n\n<p>Quan no existeixin places suficients en el centre s\u2019at\u00e9n exclusivament l\u2019expedient acad\u00e8mic de l\u2019alumne, amb independ\u00e8ncia que procedeixi del mateix centre o d\u2019un altre.<\/p>\n\n\n\n<h4 class=\"wp-block-heading\">Documentaci\u00f3<\/h4>\n\n\n\n<p>Si s\u2019emplena la&nbsp;<strong>sol\u00b7licitud electr\u00f2nica<\/strong>, el tr\u00e0mit de presentaci\u00f3 s\u2019acaba amb l\u2019enviament del formulari i no s\u2019ha de&nbsp;presentar cap c\u00f2pia al centre ni tampoc cap documentaci\u00f3 acreditativa de la persona sol\u00b7licitant ni de l\u2019alumne.<\/p>\n\n\n\n<p>La&nbsp;<strong>documentaci\u00f3&nbsp;acreditativa dels criteris de prioritat&nbsp;<\/strong>dep\u00e8n de la via d\u2019acc\u00e9s de cada sol\u00b7licitant; la podeu consultar al web&nbsp;<a href=\"http:\/\/queestudiar.gencat.cat\/ca\/preinscripcio\/estudis\/fp-gs\/documentacio\/\" target=\"_blank\" rel=\"noreferrer noopener\"><strong>Estudiar a Catalunya<\/strong><\/a>.<\/p>\n\n\n\n<hr class=\"wp-block-separator has-alpha-channel-opacity\"\/>\n\n\n\n<h4 class=\"wp-block-heading\"><strong>PRIMERA TANDA D\u2019ASSIGNACIONS<\/strong>\u00a0(&#8212; de juliol del 2026)<\/h4>\n\n\n\n<p><strong>Llista de places assignades en la primera tanda, amb indicaci\u00f3 de la petici\u00f3 atesa de l\u2019alumne<\/strong>: 10 de juliol de 2025.<\/p>\n\n\n\n<p><strong>*\u00a0Alumnat assignat al centre en primera tanda<\/strong><\/p>\n\n\n\n<p><strong>CONFIRMACI\u00d3 DE LA MATR\u00cdCULA O RENUNCIA A LA PLA\u00c7A assignada en la primera tanda<\/strong>: de l\u2019&#8212; al &#8212; de juliol del 2026.<\/p>\n\n\n\n<p>Si has obtingut pla\u00e7a en aquesta tanda, rebr\u00e0s un SMS i un correu electr\u00f2nic amb l\u2019enlla\u00e7 a una declaraci\u00f3 responsable on haur\u00e0s d\u2019acceptar la pla\u00e7a.<\/p>\n\n\n\n<p>Una vegada hagis confirmat la matr\u00edcula en l\u00ednia de la pla\u00e7a assignada en aquesta tanda d\u2019assignaci\u00f3, el proc\u00e9s encara no s\u2019ha acabat perqu\u00e8 encara et falta completar la matr\u00edcula.<\/p>\n\n\n\n<p><strong>PER\u00cdODE PER COMPLETAR LA MATR\u00cdCULA AL CENTRE<\/strong>\u00a0(per les places assignades en primera tanda):\u00a0 de l\u2019&#8212; al &#8212; juliol.<\/p>\n\n\n\n<figure class=\"wp-block-table\"><table class=\"has-fixed-layout\"><tbody><tr><td class=\"has-text-align-center\" data-align=\"center\">PER COMPLETAR LA MATR\u00cdCULA DE LA PRIMERA TANDA FES CLIC AQU\u00cd<\/td><\/tr><\/tbody><\/table><\/figure>\n\n\n\n<hr class=\"wp-block-separator has-alpha-channel-opacity\"\/>\n\n\n\n<h4 class=\"wp-block-heading\"><strong>SEGONA TANDA D\u2019ASSIGNACIONS<\/strong>\u00a0(&#8212; de juliol del 2026)<\/h4>\n\n\n\n<p><strong>Llista de places assignades en la segona tanda, amb indicaci\u00f3 de la petici\u00f3 atesa de l\u2019alumne<\/strong>: &#8212; de juliol de 2026 (disponible en la data indicada).<\/p>\n\n\n\n<p>*\u00a0<strong>Alumnat assignat al centre en segona tanda<\/strong><\/p>\n\n\n\n<p><strong>CONFIRMACI\u00d3 DE LA MATR\u00cdCULA O RENUNCIA A LA PLA\u00c7A assignada en la segona tanda<\/strong>: &#8212; i &#8212; de juliol de 2026.<\/p>\n\n\n\n<p>Si has obtingut pla\u00e7a en aquesta tanda, rebr\u00e0s un SMS i un correu electr\u00f2nic amb l\u2019enlla\u00e7 a una declaraci\u00f3 responsable on haur\u00e0s d\u2019acceptar la pla\u00e7a.<\/p>\n\n\n\n<p>Una vegada hagis confirmat la matr\u00edcula en l\u00ednia de la pla\u00e7a assignada en aquesta tanda d\u2019assignaci\u00f3, el proc\u00e9s encara no s\u2019ha acabat perqu\u00e8 encara et falta completar la matr\u00edcula.<\/p>\n\n\n\n<p><strong>PER\u00cdODE PER COMPLETAR LA MATR\u00cdCULA AL CENTRE<\/strong>\u00a0(per les places assignades en segona tanda):\u00a0 del &#8212; al &#8212; juliol.<\/p>\n\n\n\n<figure class=\"wp-block-table\"><table class=\"has-fixed-layout\"><tbody><tr><td class=\"has-text-align-center\" data-align=\"center\"><strong>PER COMPLETAR LA MATR\u00cdCULA DE LA SEGONA TANDA FES CLIC AQU\u00cd<\/strong><\/td><\/tr><\/tbody><\/table><\/figure>\n\n\n\n<hr class=\"wp-block-separator has-alpha-channel-opacity\"\/>\n\n\n\n<h4 class=\"wp-block-heading\"><strong>TERCERA TANDA D\u2019ASSIGNACIONS<\/strong>\u00a0(&#8212; de juliol del 2026)<\/h4>\n\n\n\n<p><strong>Publicaci\u00f3 de places assignades a la tercera tanda<\/strong>: &#8212; de juliol de 2026 (estar\u00e0 disponible en la data indicada).<\/p>\n\n\n\n<p>*\u00a0<strong>Alumnat assignat al centre en tercera tanda<\/strong><\/p>\n\n\n\n<p><strong>CONFIRMACI\u00d3 DE LA MATR\u00cdCULA O RENUNCIA A LA PLA\u00c7A assignada en la tercera tanda<\/strong>: &#8212; i &#8212; de juliol del 2026.<\/p>\n\n\n\n<p>Si has obtingut pla\u00e7a en aquesta tanda, rebr\u00e0s un SMS i un correu electr\u00f2nic amb l\u2019enlla\u00e7 a una declaraci\u00f3 responsable on haur\u00e0s d\u2019acceptar la pla\u00e7a.<\/p>\n\n\n\n<p>Si ja has confirmat la matr\u00edcula en l\u00ednia de la pla\u00e7a assignada en aquesta tanda d\u2019assignaci\u00f3, el proc\u00e9s encara no s\u2019ha acabat perqu\u00e8 encara et falta completar la matr\u00edcula.<\/p>\n\n\n\n<p><strong>PER\u00cdODE PER COMPLETAR LA MATR\u00cdCULA AL CENTRE<\/strong>\u00a0(per les places assignades en tercera tanda):\u00a0 &#8212; i &#8212; de juliol i de l\u2019&#8212; al &#8212; de setembre.<\/p>\n\n\n\n<figure class=\"wp-block-table\"><table class=\"has-fixed-layout\"><tbody><tr><td class=\"has-text-align-center\" data-align=\"center\"><strong>PER COMPLETAR LA MATR\u00cdCULA DE LA TERCERA TANDA FES CLIC AQU\u00cd<\/strong><\/td><\/tr><\/tbody><\/table><\/figure>\n\n\n\n<hr class=\"wp-block-separator has-alpha-channel-opacity\"\/>\n\n\n\n<h4 class=\"wp-block-heading\">Normativa<\/h4>\n\n\n\n<p>Podeu consultar la normativa vigent al seg\u00fcent enlla\u00e7 de la <a href=\"http:\/\/xtec.gencat.cat\/ca\/curriculum\/professionals\/fp\/normativa\/\">Generalitat de Catalunya<\/a>.<\/p>\n","protected":false},"excerpt":{"rendered":"<p>PREINSCRIPCI\u00d3 CICLES FORMATIUS DE GRAU SUPERIOR pel curs 26-27 Informaci\u00f3 Tota la informaci\u00f3 sobre el\u00a0proc\u00e9s de preinscripci\u00f3 als Cicles Formatius de Grau Superior\u00a0la trobareu a la p\u00e0gina web del Departament d&#8217;Educaci\u00f3 i Formaci\u00f3 Professional. Tamb\u00e9 s&#8217;haur\u00e0 de presentar la sol\u00b7licitud\u00a0via telem\u00e0tica del\u00a0 26 de maig a l&#8217;1 de juny del 2026. Tenen&nbsp;acc\u00e9s directe&nbsp;als cicles de&nbsp;grau [&hellip;]<\/p>\n","protected":false},"author":1,"featured_media":0,"parent":1013,"menu_order":0,"comment_status":"closed","ping_status":"closed","template":"","meta":{"site-sidebar-layout":"default","site-content-layout":"","ast-site-content-layout":"default","site-content-style":"default","site-sidebar-style":"default","ast-global-header-display":"","ast-banner-title-visibility":"","ast-main-header-display":"","ast-hfb-above-header-display":"","ast-hfb-below-header-display":"","ast-hfb-mobile-header-display":"","site-post-title":"","ast-breadcrumbs-content":"","ast-featured-img":"","footer-sml-layout":"","theme-transparent-header-meta":"","adv-header-id-meta":"","stick-header-meta":"","header-above-stick-meta":"","header-main-stick-meta":"","header-below-stick-meta":"","astra-migrate-meta-layouts":"set","ast-page-background-enabled":"default","ast-page-background-meta":{"desktop":{"background-color":"var(--ast-global-color-4)","background-image":"","background-repeat":"repeat","background-position":"center center","background-size":"auto","background-attachment":"scroll","background-type":"","background-media":"","overlay-type":"","overlay-color":"","overlay-opacity":"","overlay-gradient":""},"tablet":{"background-color":"","background-image":"","background-repeat":"repeat","background-position":"center center","background-size":"auto","background-attachment":"scroll","background-type":"","background-media":"","overlay-type":"","overlay-color":"","overlay-opacity":"","overlay-gradient":""},"mobile":{"background-color":"","background-image":"","background-repeat":"repeat","background-position":"center center","background-size":"auto","background-attachment":"scroll","background-type":"","background-media":"","overlay-type":"","overlay-color":"","overlay-opacity":"","overlay-gradient":""}},"ast-content-background-meta":{"desktop":{"background-color":"var(--ast-global-color-5)","background-image":"","background-repeat":"repeat","background-position":"center center","background-size":"auto","background-attachment":"scroll","background-type":"","background-media":"","overlay-type":"","overlay-color":"","overlay-opacity":"","overlay-gradient":""},"tablet":{"background-color":"var(--ast-global-color-5)","background-image":"","background-repeat":"repeat","background-position":"center center","background-size":"auto","background-attachment":"scroll","background-type":"","background-media":"","overlay-type":"","overlay-color":"","overlay-opacity":"","overlay-gradient":""},"mobile":{"background-color":"var(--ast-global-color-5)","background-image":"","background-repeat":"repeat","background-position":"center center","background-size":"auto","background-attachment":"scroll","background-type":"","background-media":"","overlay-type":"","overlay-color":"","overlay-opacity":"","overlay-gradient":""}},"footnotes":""},"class_list":["post-2958","page","type-page","status-publish","hentry"],"post_mailing_queue_ids":[],"_links":{"self":[{"href":"https:\/\/agora.xtec.cat\/insbaixemporda\/wp-json\/wp\/v2\/pages\/2958","targetHints":{"allow":["GET"]}}],"collection":[{"href":"https:\/\/agora.xtec.cat\/insbaixemporda\/wp-json\/wp\/v2\/pages"}],"about":[{"href":"https:\/\/agora.xtec.cat\/insbaixemporda\/wp-json\/wp\/v2\/types\/page"}],"author":[{"embeddable":true,"href":"https:\/\/agora.xtec.cat\/insbaixemporda\/wp-json\/wp\/v2\/users\/1"}],"replies":[{"embeddable":true,"href":"https:\/\/agora.xtec.cat\/insbaixemporda\/wp-json\/wp\/v2\/comments?post=2958"}],"version-history":[{"count":3,"href":"https:\/\/agora.xtec.cat\/insbaixemporda\/wp-json\/wp\/v2\/pages\/2958\/revisions"}],"predecessor-version":[{"id":3460,"href":"https:\/\/agora.xtec.cat\/insbaixemporda\/wp-json\/wp\/v2\/pages\/2958\/revisions\/3460"}],"up":[{"embeddable":true,"href":"https:\/\/agora.xtec.cat\/insbaixemporda\/wp-json\/wp\/v2\/pages\/1013"}],"wp:attachment":[{"href":"https:\/\/agora.xtec.cat\/insbaixemporda\/wp-json\/wp\/v2\/media?parent=2958"}],"curies":[{"name":"wp","href":"https:\/\/api.w.org\/{rel}","templated":true}]}}