{"id":1288,"date":"2026-01-16T20:55:45","date_gmt":"2026-01-16T19:55:45","guid":{"rendered":"https:\/\/agora.xtec.cat\/insbaixemporda\/?page_id=1288"},"modified":"2026-02-20T11:03:53","modified_gmt":"2026-02-20T10:03:53","slug":"escola-dhoteleria-i-turisme-baix-emporda","status":"publish","type":"page","link":"https:\/\/agora.xtec.cat\/insbaixemporda\/escola-dhoteleria-i-turisme-baix-emporda\/","title":{"rendered":"Escola d&#8217;Hoteleria i Turisme Baix Empord\u00e0"},"content":{"rendered":"\n<p><strong>Benvinguts a l\u2019Escola d\u2019Hoteleria i Turisme Baix Empord\u00e0<\/strong><\/p>\n\n\n\n<p>Som l\u2019espai de refer\u00e8ncia per a la formaci\u00f3 professional en <strong>hoteleria, restauraci\u00f3 i turisme<\/strong> al Baix Empord\u00e0. Acompanyem joves i professionals apassionats pel m\u00f3n de l\u2019hospitalitat perqu\u00e8 desenvolupin les seves compet\u00e8ncies amb excel\u00b7l\u00e8ncia, actitud i una clara orientaci\u00f3 al sector.<\/p>\n\n\n\n<h5 class=\"wp-block-heading\"><strong>La nostra missi\u00f3<\/strong><\/h5>\n\n\n\n<p>Formar professionals competents, creatius i preparats per liderar i transformar el sector tur\u00edstic i hoteler, amb una mirada sostenible, innovadora i centrada en la qualitat del servei.<\/p>\n\n\n\n<h4 class=\"wp-block-heading\"><strong>Qu\u00e8 oferim<\/strong><\/h4>\n\n\n\n<p>A l\u2019Escola oferim una formaci\u00f3 completa i actualitzada en diferents \u00e0mbits clau:<\/p>\n\n\n\n<ul class=\"wp-block-list\">\n<li><strong>Cicles formatius de grau mitj\u00e0 i superior<\/strong> en Hoteleria i Turisme i Ind\u00fastries Aliment\u00e0ries<\/li>\n\n\n\n<li>PFI Auxiliar de serveis de restauraci\u00f3 i cuina i  IFE Auxiliar en serveis de restauraci\u00f3 i elaboraci\u00f3 d&#8217;\u00e0pats<\/li>\n\n\n\n<li><strong>Formaci\u00f3 especialitzada en forneria, pastisseria, cuina i gastronomia<\/strong>, amb espais professionals i aprenentatge pr\u00e0ctic<\/li>\n\n\n\n<li><strong>Cicles de sala i serveis de restauraci\u00f3<\/strong>, centrats en l\u2019atenci\u00f3 al client, el protocol i l\u2019excel\u00b7l\u00e8ncia en el servei<\/li>\n\n\n\n<li><strong>Gesti\u00f3 hotelera i direcci\u00f3 d\u2019allotjaments tur\u00edstics<\/strong>, amb eines digitals i sistemes reals de reserves<\/li>\n\n\n\n<li><strong>Enfocament internacional<\/strong>, amb oportunitats de mobilitat Erasmus i pr\u00e0ctiques a l\u2019estranger<\/li>\n<\/ul>\n\n\n\n<h4 class=\"wp-block-heading\"><strong>Una connexi\u00f3 directa amb el sector<\/strong><\/h4>\n\n\n\n<p>Treballem estretament amb empreses, hotels i restaurants del territori, oferint estades formatives, tallers especialitzats i una comunitat docent implicada perqu\u00e8 la inserci\u00f3 laboral sigui real, efectiva i de qualitat.<\/p>\n\n\n\n<h4 class=\"wp-block-heading\"><strong>On aprendre es converteix en experi\u00e8ncia<\/strong><\/h4>\n\n\n\n<p>Creiem en un aprenentatge vivencial: des de la cuina i el servei de sala fins a la recepci\u00f3 hotelera, la gesti\u00f3 de reserves i la direcci\u00f3 d\u2019establiments tur\u00edstics. Formem professionals capa\u00e7os de crear experi\u00e8ncies memorables per als clients.<\/p>\n\n\n\n<figure class=\"wp-block-image size-full\"><a href=\"https:\/\/agora.xtec.cat\/insbaixemporda\/wp-content\/uploads\/usu3485\/2026\/02\/Foto3.jpeg\"><img loading=\"lazy\" decoding=\"async\" width=\"1024\" height=\"652\" src=\"https:\/\/agora.xtec.cat\/insbaixemporda\/wp-content\/uploads\/usu3485\/2026\/02\/Foto3.jpeg\" alt=\"\" class=\"wp-image-3224\" srcset=\"https:\/\/agora.xtec.cat\/insbaixemporda\/wp-content\/uploads\/usu3485\/2026\/02\/Foto3.jpeg 1024w, https:\/\/agora.xtec.cat\/insbaixemporda\/wp-content\/uploads\/usu3485\/2026\/02\/Foto3-300x191.jpeg 300w, https:\/\/agora.xtec.cat\/insbaixemporda\/wp-content\/uploads\/usu3485\/2026\/02\/Foto3-768x489.jpeg 768w\" sizes=\"auto, (max-width: 1024px) 100vw, 1024px\" \/><\/a><\/figure>\n","protected":false},"excerpt":{"rendered":"<p>Benvinguts a l\u2019Escola d\u2019Hoteleria i Turisme Baix Empord\u00e0 Som l\u2019espai de refer\u00e8ncia per a la formaci\u00f3 professional en hoteleria, restauraci\u00f3 i turisme al Baix Empord\u00e0. Acompanyem joves i professionals apassionats pel m\u00f3n de l\u2019hospitalitat perqu\u00e8 desenvolupin les seves compet\u00e8ncies amb excel\u00b7l\u00e8ncia, actitud i una clara orientaci\u00f3 al sector. La nostra missi\u00f3 Formar professionals competents, creatius [&hellip;]<\/p>\n","protected":false},"author":1,"featured_media":0,"parent":0,"menu_order":0,"comment_status":"closed","ping_status":"closed","template":"","meta":{"site-sidebar-layout":"default","site-content-layout":"","ast-site-content-layout":"default","site-content-style":"default","site-sidebar-style":"default","ast-global-header-display":"","ast-banner-title-visibility":"","ast-main-header-display":"","ast-hfb-above-header-display":"","ast-hfb-below-header-display":"","ast-hfb-mobile-header-display":"","site-post-title":"","ast-breadcrumbs-content":"","ast-featured-img":"","footer-sml-layout":"","theme-transparent-header-meta":"","adv-header-id-meta":"","stick-header-meta":"","header-above-stick-meta":"","header-main-stick-meta":"","header-below-stick-meta":"","astra-migrate-meta-layouts":"set","ast-page-background-enabled":"default","ast-page-background-meta":{"desktop":{"background-color":"var(--ast-global-color-4)","background-image":"","background-repeat":"repeat","background-position":"center center","background-size":"auto","background-attachment":"scroll","background-type":"","background-media":"","overlay-type":"","overlay-color":"","overlay-opacity":"","overlay-gradient":""},"tablet":{"background-color":"","background-image":"","background-repeat":"repeat","background-position":"center center","background-size":"auto","background-attachment":"scroll","background-type":"","background-media":"","overlay-type":"","overlay-color":"","overlay-opacity":"","overlay-gradient":""},"mobile":{"background-color":"","background-image":"","background-repeat":"repeat","background-position":"center center","background-size":"auto","background-attachment":"scroll","background-type":"","background-media":"","overlay-type":"","overlay-color":"","overlay-opacity":"","overlay-gradient":""}},"ast-content-background-meta":{"desktop":{"background-color":"var(--ast-global-color-5)","background-image":"","background-repeat":"repeat","background-position":"center center","background-size":"auto","background-attachment":"scroll","background-type":"","background-media":"","overlay-type":"","overlay-color":"","overlay-opacity":"","overlay-gradient":""},"tablet":{"background-color":"var(--ast-global-color-5)","background-image":"","background-repeat":"repeat","background-position":"center center","background-size":"auto","background-attachment":"scroll","background-type":"","background-media":"","overlay-type":"","overlay-color":"","overlay-opacity":"","overlay-gradient":""},"mobile":{"background-color":"var(--ast-global-color-5)","background-image":"","background-repeat":"repeat","background-position":"center center","background-size":"auto","background-attachment":"scroll","background-type":"","background-media":"","overlay-type":"","overlay-color":"","overlay-opacity":"","overlay-gradient":""}},"footnotes":""},"class_list":["post-1288","page","type-page","status-publish","hentry"],"post_mailing_queue_ids":[],"_links":{"self":[{"href":"https:\/\/agora.xtec.cat\/insbaixemporda\/wp-json\/wp\/v2\/pages\/1288","targetHints":{"allow":["GET"]}}],"collection":[{"href":"https:\/\/agora.xtec.cat\/insbaixemporda\/wp-json\/wp\/v2\/pages"}],"about":[{"href":"https:\/\/agora.xtec.cat\/insbaixemporda\/wp-json\/wp\/v2\/types\/page"}],"author":[{"embeddable":true,"href":"https:\/\/agora.xtec.cat\/insbaixemporda\/wp-json\/wp\/v2\/users\/1"}],"replies":[{"embeddable":true,"href":"https:\/\/agora.xtec.cat\/insbaixemporda\/wp-json\/wp\/v2\/comments?post=1288"}],"version-history":[{"count":6,"href":"https:\/\/agora.xtec.cat\/insbaixemporda\/wp-json\/wp\/v2\/pages\/1288\/revisions"}],"predecessor-version":[{"id":3226,"href":"https:\/\/agora.xtec.cat\/insbaixemporda\/wp-json\/wp\/v2\/pages\/1288\/revisions\/3226"}],"wp:attachment":[{"href":"https:\/\/agora.xtec.cat\/insbaixemporda\/wp-json\/wp\/v2\/media?parent=1288"}],"curies":[{"name":"wp","href":"https:\/\/api.w.org\/{rel}","templated":true}]}}

Escola d&#8217;Hoteleria i Turisme Baix Empordà

<p><strong>Benvinguts a l’Escola d’Hoteleria i Turisme Baix Empordà</strong></p>



<p>Som l’espai de referència per a la formació professional en <strong>hoteleria, restauració i turisme</strong> al Baix Empordà. Acompanyem joves i professionals apassionats pel món de l’hospitalitat perquè desenvolupin les seves competències amb excel·lència, actitud i una clara orientació al sector.</p>



<h5 class="wp-block-heading"><strong>La nostra missió</strong></h5>



<p>Formar professionals competents, creatius i preparats per liderar i transformar el sector turístic i hoteler, amb una mirada sostenible, innovadora i centrada en la qualitat del servei.</p>



<h4 class="wp-block-heading"><strong>Què oferim</strong></h4>



<p>A l’Escola oferim una formació completa i actualitzada en diferents àmbits clau:</p>



<ul class="wp-block-list">
<li><strong>Cicles formatius de grau mitjà i superior</strong> en Hoteleria i Turisme i Indústries Alimentàries</li>



<li>PFI Auxiliar de serveis de restauració i cuina i  IFE Auxiliar en serveis de restauració i elaboració d&#8217;àpats</li>



<li><strong>Formació especialitzada en forneria, pastisseria, cuina i gastronomia</strong>, amb espais professionals i aprenentatge pràctic</li>



<li><strong>Cicles de sala i serveis de restauració</strong>, centrats en l’atenció al client, el protocol i l’excel·lència en el servei</li>



<li><strong>Gestió hotelera i direcció d’allotjaments turístics</strong>, amb eines digitals i sistemes reals de reserves</li>



<li><strong>Enfocament internacional</strong>, amb oportunitats de mobilitat Erasmus i pràctiques a l’estranger</li>
</ul>



<h4 class="wp-block-heading"><strong>Una connexió directa amb el sector</strong></h4>



<p>Treballem estretament amb empreses, hotels i restaurants del territori, oferint estades formatives, tallers especialitzats i una comunitat docent implicada perquè la inserció laboral sigui real, efectiva i de qualitat.</p>



<h4 class="wp-block-heading"><strong>On aprendre es converteix en experiència</strong></h4>



<p>Creiem en un aprenentatge vivencial: des de la cuina i el servei de sala fins a la recepció hotelera, la gestió de reserves i la direcció d’establiments turístics. Formem professionals capaços de crear experiències memorables per als clients.</p>



<figure class="wp-block-image size-full"><a href="https://agora.xtec.cat/insbaixemporda/wp-content/uploads/usu3485/2026/02/Foto3.jpeg"><img loading="lazy" decoding="async" width="1024" height="652" src="https://agora.xtec.cat/insbaixemporda/wp-content/uploads/usu3485/2026/02/Foto3.jpeg" alt="" class="wp-image-3224" srcset="https://agora.xtec.cat/insbaixemporda/wp-content/uploads/usu3485/2026/02/Foto3.jpeg 1024w, https://agora.xtec.cat/insbaixemporda/wp-content/uploads/usu3485/2026/02/Foto3-300x191.jpeg 300w, https://agora.xtec.cat/insbaixemporda/wp-content/uploads/usu3485/2026/02/Foto3-768x489.jpeg 768w" sizes="auto, (max-width: 1024px) 100vw, 1024px" /></a></figure>

<p>Benvinguts a l’Escola d’Hoteleria i Turisme Baix Empordà Som l’espai de referència per a la formació professional en hoteleria, restauració i turisme al Baix Empordà. Acompanyem joves i professionals apassionats pel món de l’hospitalitat perquè desenvolupin les seves competències amb excel·lència, actitud i una clara orientació al sector. La nostra missió Formar professionals competents, creatius [&hellip;]</p>
