{"id":1015,"date":"2025-06-24T23:39:21","date_gmt":"2025-06-24T21:39:21","guid":{"rendered":"https:\/\/agora.xtec.cat\/insbaixemporda\/?page_id=1015"},"modified":"2026-05-11T19:51:19","modified_gmt":"2026-05-11T17:51:19","slug":"preinscripcio-i-matricula-ife","status":"publish","type":"page","link":"https:\/\/agora.xtec.cat\/insbaixemporda\/secretaria\/preinscripcio-i-matricula\/preinscripcio-i-matricula-ife\/","title":{"rendered":"Preinscripci\u00f3 i matr\u00edcula IFE"},"content":{"rendered":"\n<h4 class=\"wp-block-heading has-text-align-center\"><strong>PREINSCRIPCI\u00d3 A L&#8217;IFE pel curs 26-27<\/strong><\/h4>\n\n\n\n<p>Tota la informaci\u00f3 per a fer la preinscripci\u00f3 al nostre IFE la pots trobar a la p\u00e0gina <a href=\"https:\/\/preinscripcio.gencat.cat\/ca\/estudis\/ife\/inici\/\"><strong>web de la preinscripci\u00f3<\/strong><\/a> del Departament d&#8217;Educaci\u00f3 i Formaci\u00f3 Professional.<\/p>\n\n\n\n<p>La <a href=\"http:\/\/De l'11\/05\/2026 al 22\/05\/2026\">preinscripci\u00f3 \u00e9s fa presencialment<\/a> al centre. De l&#8217;11 al 22 de maig del 2026.<\/p>\n\n\n\n<hr class=\"wp-block-separator has-alpha-channel-opacity\"\/>\n\n\n\n<h4 class=\"wp-block-heading\"><strong>Ajuda de l&#8217;Ajuntament per a la preinscripci\u00f3<\/strong><\/h4>\n\n\n\n<p>Aquest curs, els serveis d&#8217;orientaci\u00f3 municipals de l&#8217;Ajuntament de Palafrugell, PAE i SOAC, posa a disposici\u00f3 de l&#8217;alumnat i les seves fam\u00edlies un&nbsp;<strong>suport a la&nbsp;preinscripci\u00f3&nbsp;al Centre Municipal d&#8217;Educaci\u00f3<\/strong>&nbsp;(C. del Bruguerol 12, Palafrugell) obert a tothom que necessiti ajuda per fer el tr\u00e0mit amb l&#8217;ordinador.&nbsp;<\/p>\n\n\n\n<p>Els dies es distribueixen, en franja de mat\u00ed i de tarda, per diferents per\u00edodes segons les preinscripcions de cada branca formativa:&nbsp;<\/p>\n\n\n\n<p>&#8211;&nbsp;<strong>PFI<\/strong>: 5, 1 i 12 maig<\/p>\n\n\n\n<p><strong>&#8211;\u00a0IFE: 12 maig<\/strong><\/p>\n\n\n\n<p>&#8211;&nbsp;<strong>CF Grau Mitj\u00e0 i Superior<\/strong>: 26 i 28 maig<\/p>\n\n\n\n<figure class=\"wp-block-image size-large\"><a href=\"https:\/\/agora.xtec.cat\/insbaixemporda\/wp-content\/uploads\/usu3485\/2026\/05\/Suport-preinscripcio-2526.png\"><img loading=\"lazy\" decoding=\"async\" width=\"1024\" height=\"1024\" src=\"https:\/\/agora.xtec.cat\/insbaixemporda\/wp-content\/uploads\/usu3485\/2026\/05\/Suport-preinscripcio-2526-1024x1024.png\" alt=\"\" class=\"wp-image-3467\" srcset=\"https:\/\/agora.xtec.cat\/insbaixemporda\/wp-content\/uploads\/usu3485\/2026\/05\/Suport-preinscripcio-2526-1024x1024.png 1024w, https:\/\/agora.xtec.cat\/insbaixemporda\/wp-content\/uploads\/usu3485\/2026\/05\/Suport-preinscripcio-2526-300x300.png 300w, https:\/\/agora.xtec.cat\/insbaixemporda\/wp-content\/uploads\/usu3485\/2026\/05\/Suport-preinscripcio-2526-150x150.png 150w, https:\/\/agora.xtec.cat\/insbaixemporda\/wp-content\/uploads\/usu3485\/2026\/05\/Suport-preinscripcio-2526-768x768.png 768w, https:\/\/agora.xtec.cat\/insbaixemporda\/wp-content\/uploads\/usu3485\/2026\/05\/Suport-preinscripcio-2526.png 1080w\" sizes=\"auto, (max-width: 1024px) 100vw, 1024px\" \/><\/a><\/figure>\n\n\n\n<hr class=\"wp-block-separator has-alpha-channel-opacity\"\/>\n\n\n\n<h4 class=\"wp-block-heading has-text-align-center\">MATR\u00cdCULA A L&#8217;IFE pel curs 26-27<\/h4>\n\n\n\n<p><\/p>\n","protected":false},"excerpt":{"rendered":"<p>PREINSCRIPCI\u00d3 A L&#8217;IFE pel curs 26-27 Tota la informaci\u00f3 per a fer la preinscripci\u00f3 al nostre IFE la pots trobar a la p\u00e0gina web de la preinscripci\u00f3 del Departament d&#8217;Educaci\u00f3 i Formaci\u00f3 Professional. La preinscripci\u00f3 \u00e9s fa presencialment al centre. De l&#8217;11 al 22 de maig del 2026. Ajuda de l&#8217;Ajuntament per a la preinscripci\u00f3 [&hellip;]<\/p>\n","protected":false},"author":1,"featured_media":0,"parent":1003,"menu_order":0,"comment_status":"closed","ping_status":"close","template":"","meta":{"site-sidebar-layout":"default","site-content-layout":"","ast-site-content-layout":"default","site-content-style":"default","site-sidebar-style":"default","ast-global-header-display":"","ast-banner-title-visibility":"","ast-main-header-display":"","ast-hfb-above-header-display":"","ast-hfb-below-header-display":"","ast-hfb-mobile-header-display":"","site-post-title":"","ast-breadcrumbs-content":"","ast-featured-img":"","footer-sml-layout":"","theme-transparent-header-meta":"","adv-header-id-meta":"","stick-header-meta":"","header-above-stick-meta":"","header-main-stick-meta":"","header-below-stick-meta":"","astra-migrate-meta-layouts":"set","ast-page-background-enabled":"default","ast-page-background-meta":{"desktop":{"background-color":"var(--ast-global-color-4)","background-image":"","background-repeat":"repeat","background-position":"center center","background-size":"auto","background-attachment":"scroll","background-type":"","background-media":"","overlay-type":"","overlay-color":"","overlay-opacity":"","overlay-gradient":""},"tablet":{"background-color":"","background-image":"","background-repeat":"repeat","background-position":"center center","background-size":"auto","background-attachment":"scroll","background-type":"","background-media":"","overlay-type":"","overlay-color":"","overlay-opacity":"","overlay-gradient":""},"mobile":{"background-color":"","background-image":"","background-repeat":"repeat","background-position":"center center","background-size":"auto","background-attachment":"scroll","background-type":"","background-media":"","overlay-type":"","overlay-color":"","overlay-opacity":"","overlay-gradient":""}},"ast-content-background-meta":{"desktop":{"background-color":"var(--ast-global-color-5)","background-image":"","background-repeat":"repeat","background-position":"center center","background-size":"auto","background-attachment":"scroll","background-type":"","background-media":"","overlay-type":"","overlay-color":"","overlay-opacity":"","overlay-gradient":""},"tablet":{"background-color":"var(--ast-global-color-5)","background-image":"","background-repeat":"repeat","background-position":"center center","background-size":"auto","background-attachment":"scroll","background-type":"","background-media":"","overlay-type":"","overlay-color":"","overlay-opacity":"","overlay-gradient":""},"mobile":{"background-color":"var(--ast-global-color-5)","background-image":"","background-repeat":"repeat","background-position":"center center","background-size":"auto","background-attachment":"scroll","background-type":"","background-media":"","overlay-type":"","overlay-color":"","overlay-opacity":"","overlay-gradient":""}},"footnotes":""},"class_list":["post-1015","page","type-page","status-publish","hentry"],"post_mailing_queue_ids":[],"_links":{"self":[{"href":"https:\/\/agora.xtec.cat\/insbaixemporda\/wp-json\/wp\/v2\/pages\/1015","targetHints":{"allow":["GET"]}}],"collection":[{"href":"https:\/\/agora.xtec.cat\/insbaixemporda\/wp-json\/wp\/v2\/pages"}],"about":[{"href":"https:\/\/agora.xtec.cat\/insbaixemporda\/wp-json\/wp\/v2\/types\/page"}],"author":[{"embeddable":true,"href":"https:\/\/agora.xtec.cat\/insbaixemporda\/wp-json\/wp\/v2\/users\/1"}],"replies":[{"embeddable":true,"href":"https:\/\/agora.xtec.cat\/insbaixemporda\/wp-json\/wp\/v2\/comments?post=1015"}],"version-history":[{"count":4,"href":"https:\/\/agora.xtec.cat\/insbaixemporda\/wp-json\/wp\/v2\/pages\/1015\/revisions"}],"predecessor-version":[{"id":3469,"href":"https:\/\/agora.xtec.cat\/insbaixemporda\/wp-json\/wp\/v2\/pages\/1015\/revisions\/3469"}],"up":[{"embeddable":true,"href":"https:\/\/agora.xtec.cat\/insbaixemporda\/wp-json\/wp\/v2\/pages\/1003"}],"wp:attachment":[{"href":"https:\/\/agora.xtec.cat\/insbaixemporda\/wp-json\/wp\/v2\/media?parent=1015"}],"curies":[{"name":"wp","href":"https:\/\/api.w.org\/{rel}","templated":true}]}}