{"id":5498,"date":"2020-05-09T18:19:35","date_gmt":"2020-05-09T16:19:35","guid":{"rendered":"http:\/\/agora.xtec.cat\/insbaixamar\/?page_id=5498"},"modified":"2025-12-09T13:45:25","modified_gmt":"2025-12-09T12:45:25","slug":"tramits-secretaria","status":"publish","type":"page","link":"https:\/\/agora.xtec.cat\/insbaixamar\/secretaria\/tramits-secretaria\/","title":{"rendered":"Tr\u00e0mits secretaria"},"content":{"rendered":"<p>En aquest espai trobar\u00e0s tots els documents i formularis necessaris per realitzar gestions amb la secretaria del centre, de manera r\u00e0pida i c\u00f2moda.<\/p>\n<p data-start=\"469\" data-end=\"509\">\ud83d\udcc4 <strong data-start=\"476\" data-end=\"509\"><a href=\"https:\/\/drive.google.com\/file\/d\/1qExshxokjQNR1kevK_j9nO_O5MXEGyGV\/view\">Model de Sol\u00b7licitud Gen\u00e8rica<\/a>: <\/strong>descarrega el formulari oficial i omple\u2019l amb les teves dades per iniciar qualsevol petici\u00f3 al centre.<\/p>\n<p>&nbsp;<\/p>\n<h6><\/h6>\n<p><a href=\"https:\/\/agora.xtec.cat\/insbaixamar\/wp-content\/uploads\/usu374\/2020\/05\/BAM-logo-Ins-Baix-a-mar-petit.jpg\"><img loading=\"lazy\" decoding=\"async\" class=\"alignright size-thumbnail wp-image-5531\" src=\"https:\/\/agora.xtec.cat\/insbaixamar\/wp-content\/uploads\/usu374\/2020\/05\/BAM-logo-Ins-Baix-a-mar-petit-150x150.jpg\" alt=\"\" width=\"150\" height=\"150\" \/><\/a><\/p>\n<p>&nbsp;<\/p>\n<p>&nbsp;<\/p>\n<hr \/>\n<p>&nbsp;<\/p>\n","protected":false},"excerpt":{"rendered":"<p>En aquest espai trobar\u00e0s tots els documents i formularis necessaris per realitzar gestions amb la secretaria del centre, de manera r\u00e0pida i c\u00f2moda.<br \/>\n\ud83d\udcc4 <a href=\"https:\/\/drive.google.com\/file\/d\/1qExshxokjQNR1kevK_j9nO_O5MXEGyGV\/view\">Model de Sol\u00b7licitud Gen\u00e8rica<\/a>: descarrega el formulari oficial i omple\u2019l amb les teves dades per iniciar qualsevol petici\u00f3 al centre.<br \/>\n&nbsp;<\/p>\n<p><a href=\"https:\/\/agora.xtec.cat\/insbaixamar\/wp-content\/uploads\/usu374\/2020\/05\/BAM-logo-Ins-Baix-a-mar-petit.jpg\"><\/a><br \/>\n&nbsp;<br \/>\n&nbsp;<\/p>\n<p>&nbsp;<\/p>\n","protected":false},"author":9,"featured_media":0,"parent":5487,"menu_order":0,"comment_status":"closed","ping_status":"closed","template":"page-templates\/side-menu.php","meta":{"_bbp_topic_count":0,"_bbp_reply_count":0,"_bbp_total_topic_count":0,"_bbp_total_reply_count":0,"_bbp_voice_count":0,"_bbp_anonymous_reply_count":0,"_bbp_topic_count_hidden":0,"_bbp_reply_count_hidden":0,"_bbp_forum_subforum_count":0,"footnotes":""},"class_list":["post-5498","page","type-page","status-publish","hentry"],"post_mailing_queue_ids":[],"_links":{"self":[{"href":"https:\/\/agora.xtec.cat\/insbaixamar\/wp-json\/wp\/v2\/pages\/5498","targetHints":{"allow":["GET"]}}],"collection":[{"href":"https:\/\/agora.xtec.cat\/insbaixamar\/wp-json\/wp\/v2\/pages"}],"about":[{"href":"https:\/\/agora.xtec.cat\/insbaixamar\/wp-json\/wp\/v2\/types\/page"}],"author":[{"embeddable":true,"href":"https:\/\/agora.xtec.cat\/insbaixamar\/wp-json\/wp\/v2\/users\/9"}],"replies":[{"embeddable":true,"href":"https:\/\/agora.xtec.cat\/insbaixamar\/wp-json\/wp\/v2\/comments?post=5498"}],"version-history":[{"count":4,"href":"https:\/\/agora.xtec.cat\/insbaixamar\/wp-json\/wp\/v2\/pages\/5498\/revisions"}],"predecessor-version":[{"id":10972,"href":"https:\/\/agora.xtec.cat\/insbaixamar\/wp-json\/wp\/v2\/pages\/5498\/revisions\/10972"}],"up":[{"embeddable":true,"href":"https:\/\/agora.xtec.cat\/insbaixamar\/wp-json\/wp\/v2\/pages\/5487"}],"wp:attachment":[{"href":"https:\/\/agora.xtec.cat\/insbaixamar\/wp-json\/wp\/v2\/media?parent=5498"}],"curies":[{"name":"wp","href":"https:\/\/api.w.org\/{rel}","templated":true}]}}