{"id":1221,"date":"2017-03-06T06:18:44","date_gmt":"2017-03-06T05:18:44","guid":{"rendered":"http:\/\/agora.xtec.cat\/insbadiaimargarit\/?page_id=1221"},"modified":"2025-07-25T12:04:15","modified_gmt":"2025-07-25T10:04:15","slug":"document-de-centre","status":"publish","type":"page","link":"https:\/\/agora.xtec.cat\/insbadiaimargarit\/document-de-centre\/","title":{"rendered":"Documents de centre"},"content":{"rendered":"<p>Aqu\u00ed podeu consultar els documents de centre:<\/p>\n<table style=\"height: 424px; width: 46.6798%;\">\n<tbody>\n<tr style=\"height: 32px;\">\n<td style=\"width: 457px; height: 32px;\">PROJECTE EDUCATIU DE CENTRE<\/td>\n<td style=\"width: 489px; height: 32px;\">\n<ul>\n<li><a href=\"https:\/\/agora.xtec.cat\/insbadiaimargarit\/wp-content\/uploads\/usu348\/2020\/01\/PEC-Projecte-Educatiu-de-CentreBIM.pdf\">PEC Projecte Educatiu de CentreBIM<\/a><\/li>\n<li><a href=\"https:\/\/drive.google.com\/file\/d\/1ZiiuefeOSA-w-z2vee2KJu1xGgiAR4a5\/view?usp=sharing\">Projecte Ling\u00fc\u00edstic de Centre\u00a0<\/a><\/li>\n<li><a href=\"https:\/\/agora.xtec.cat\/insbadiaimargarit\/politica-de-qualitat\/compromis-amb-la-qualitat\/attachment\/compromis_politica_qualitat_23_24_q1\/\" rel=\"attachment wp-att-9234\">Compromis_politica_qualitat_23_24_Q1<\/a><\/li>\n<li><a href=\"https:\/\/agora.xtec.cat\/insbadiaimargarit\/document-de-centre\/attachment\/carta_de_serveis_institut_badia_i_margarit_signat_04_12_23\/\" rel=\"attachment wp-att-9480\">Carta_de_serveis_institut_Badia_i_Margarit_signat_04_12_23<\/a><\/li>\n<\/ul>\n<p>I els documents interns de centre, consultables per part del professorat a la intranet de centre:<\/p>\n<ul>\n<li>Projecte de Diversificaci\u00f3 Curricular BiMplica&#8217;t<\/li>\n<li>Pla d&#8217;Acollida Professorat<\/li>\n<li>Pla Lector<\/li>\n<li>Projecte Biblioteca Escolar<\/li>\n<li>Pla d&#8217;Acci\u00f3 Tutorial<\/li>\n<\/ul>\n<\/td>\n<\/tr>\n<tr style=\"height: 78px;\">\n<td style=\"width: 457px; height: 78px;\">PROJECTE DE DIRECCI\u00d3 2019-23, PROGRAMACI\u00d3 GENERAL ANUAL, MEM\u00d2RIA ANUAL<\/td>\n<td style=\"width: 489px; height: 78px;\">D&#8217;acord amb la Resoluci\u00f3 per la qual s&#8217;aproven els documents per a l&#8217;organitzaci\u00f3 i la gesti\u00f3 dels centres, [&#8230;], document DOCUMENTS DE GESTI\u00d3 DE CENTRE, aquests tres documents estan disponibles per a la comunitat educativa demanant-los a direcci\u00f3.<\/td>\n<\/tr>\n<tr style=\"height: 122px;\">\n<td style=\"width: 457px; height: 122px;\">Extracte NOFC agenda curs 2025-26<\/td>\n<td style=\"width: 489px; height: 122px;\">ESO: <a href=\"https:\/\/agora.xtec.cat\/insbadiaimargarit\/wp-content\/uploads\/usu348\/2025\/07\/Agenda_ESO_2025-26.pdf\">Agenda_ESO_2025-26<\/a><\/p>\n<p>POSTOBLIGAT\u00d2RIA: <a href=\"https:\/\/agora.xtec.cat\/insbadiaimargarit\/wp-content\/uploads\/usu348\/2025\/07\/Agenda_POSTOBLIGATORIA_2025-26.pdf\">Agenda_POSTOBLIGATORIA_2025-26<\/a><\/td>\n<\/tr>\n<tr style=\"height: 32px;\">\n<td style=\"width: 457px; height: 32px;\"><\/td>\n<td style=\"width: 489px; height: 32px;\"><\/td>\n<\/tr>\n<tr style=\"height: 32px;\">\n<td style=\"width: 457px; height: 32px;\">R\u00daBRICA AVALUACI\u00d3 DOSSIERS I CARPETES D&#8217;APRENENTATGE<\/td>\n<td style=\"width: 489px; height: 32px;\"><a href=\"http:\/\/agora.xtec.cat\/insbadiaimargarit\/wp-content\/uploads\/usu348\/2018\/09\/RUBRICA_DOSSIER.pdf\">RUBRICA_DOSSIER<\/a><\/td>\n<\/tr>\n<tr style=\"height: 32px;\">\n<td style=\"width: 457px; height: 32px;\">CARTA DE COMPROM\u00cdS<\/td>\n<td style=\"width: 489px; height: 32px;\"><a href=\"https:\/\/agora.xtec.cat\/insbadiaimargarit\/document-de-centre\/attachment\/carta_de_compromis_educatiu_institut_badia_i_margarit_signat_04_12_23\/\" rel=\"attachment wp-att-9481\">Carta_de_compromis_educatiu_Institut_Badia_i_Margarit_signat_04_12_23<\/a><\/td>\n<\/tr>\n<tr style=\"height: 32px;\">\n<td style=\"width: 457px; height: 32px;\">NORMES D&#8217;ORGANITZACI\u00d3 I FUNCIONAMENT<\/td>\n<td style=\"width: 489px; height: 32px;\">NOFC <a href=\"https:\/\/agora.xtec.cat\/insbadiaimargarit\/wp-content\/uploads\/usu348\/2023\/09\/NOFC_BIM__aprovat_28_09_23.pdf\">_NOFC_BIM__aprovat_28_09_23<\/a><\/p>\n<p>Documents per a l&#8217;alumnat:<\/p>\n<p><a href=\"https:\/\/drive.google.com\/file\/d\/1Qu8bKsBeDOin54l_XvZEIuunP0u-lr3D\/view?usp=sharing\">Justificant no-assist\u00e8ncia per part fam\u00edlies<\/a><\/p>\n<p><a href=\"https:\/\/drive.google.com\/file\/d\/1_f9RyDI9yHz4863-kVc9p5YYsM40zbNS\/view?usp=sharing\">Document adhesi\u00f3 grup-classe no-assist\u00e8ncia<\/a><\/td>\n<\/tr>\n<tr style=\"height: 32px;\">\n<td style=\"width: 457px; height: 32px;\">CRITERIS AVALUACI\u00d3<\/td>\n<td style=\"width: 489px; height: 32px;\">Criteris generals d&#8217;avaluaci\u00f3 (els trobareu dins les NOFC v1 curs 2019-20)<\/p>\n<p>Criteris d&#8217;avaluaci\u00f3 espec\u00edfics, al Classroom de cada mat\u00e8ria.<\/td>\n<\/tr>\n<tr style=\"height: 32px;\">\n<td style=\"width: 457px; height: 32px;\"><\/td>\n<td style=\"width: 489px; height: 32px;\"><\/td>\n<\/tr>\n<\/tbody>\n<\/table>\n<p>&nbsp;<\/p>\n<p style=\"text-align: right;\"><strong><em>\u00daltima actualitzaci\u00f3:\u00a0 15 de juliol de 2024<\/em><\/strong><\/p>\n","protected":false},"excerpt":{"rendered":"<p>Aqu\u00ed podeu consultar els documents de centre:<\/p>\n<p>PROJECTE EDUCATIU DE CENTRE<\/p>\n<ul>\n<li><a href=\"https:\/\/agora.xtec.cat\/insbadiaimargarit\/wp-content\/uploads\/usu348\/2020\/01\/PEC-Projecte-Educatiu-de-CentreBIM.pdf\">PEC Projecte Educatiu de CentreBIM<\/a><\/li>\n<li><a href=\"https:\/\/drive.google.com\/file\/d\/1ZiiuefeOSA-w-z2vee2KJu1xGgiAR4a5\/view?usp=sharing\">Projecte Ling\u00fc\u00edstic de Centre\u00a0<\/a><\/li>\n<li><a href=\"https:\/\/agora.xtec.cat\/insbadiaimargarit\/politica-de-qualitat\/compromis-amb-la-qualitat\/attachment\/compromis_politica_qualitat_23_24_q1\/\" rel=\"attachment wp-att-9234\">Compromis_politica_qualitat_23_24_Q1<\/a><\/li>\n<li><a href=\"https:\/\/agora.xtec.cat\/insbadiaimargarit\/document-de-centre\/attachment\/carta_de_serveis_institut_badia_i_margarit_signat_04_12_23\/\" rel=\"attachment wp-att-9480\">Carta_de_serveis_institut_Badia_i_Margarit_signat_04_12_23<\/a><\/li>\n<\/ul>\n<p>I els documents interns de centre, consultables per part del professorat a la intranet de centre:<\/p>\n<ul>\n<li>Projecte de Diversificaci\u00f3 Curricular BiMplica&#8217;t<\/li>\n<li>Pla d&#8217;Acollida&hellip;  <a href=\"https:\/\/agora.xtec.cat\/insbadiaimargarit\/document-de-centre\/\" title=\"Read Documents de centre\">Llegeix m\u00e9s\u00bb<\/a><br \/>\n","protected":false},"author":4,"featured_media":0,"parent":0,"menu_order":0,"comment_status":"closed","ping_status":"closed","template":"","meta":{"_bbp_topic_count":0,"_bbp_reply_count":0,"_bbp_total_topic_count":0,"_bbp_total_reply_count":0,"_bbp_voice_count":0,"_bbp_anonymous_reply_count":0,"_bbp_topic_count_hidden":0,"_bbp_reply_count_hidden":0,"_bbp_forum_subforum_count":0,"footnotes":""},"class_list":["post-1221","page","type-page","status-publish","hentry"],"post_mailing_queue_ids":[],"_links":{"self":[{"href":"https:\/\/agora.xtec.cat\/insbadiaimargarit\/wp-json\/wp\/v2\/pages\/1221","targetHints":{"allow":["GET"]}}],"collection":[{"href":"https:\/\/agora.xtec.cat\/insbadiaimargarit\/wp-json\/wp\/v2\/pages"}],"about":[{"href":"https:\/\/agora.xtec.cat\/insbadiaimargarit\/wp-json\/wp\/v2\/types\/page"}],"author":[{"embeddable":true,"href":"https:\/\/agora.xtec.cat\/insbadiaimargarit\/wp-json\/wp\/v2\/users\/4"}],"replies":[{"embeddable":true,"href":"https:\/\/agora.xtec.cat\/insbadiaimargarit\/wp-json\/wp\/v2\/comments?post=1221"}],"version-history":[{"count":7,"href":"https:\/\/agora.xtec.cat\/insbadiaimargarit\/wp-json\/wp\/v2\/pages\/1221\/revisions"}],"predecessor-version":[{"id":11309,"href":"https:\/\/agora.xtec.cat\/insbadiaimargarit\/wp-json\/wp\/v2\/pages\/1221\/revisions\/11309"}],"wp:attachment":[{"href":"https:\/\/agora.xtec.cat\/insbadiaimargarit\/wp-json\/wp\/v2\/media?parent=1221"}],"curies":[{"name":"wp","href":"https:\/\/api.w.org\/{rel}","templated":true}]}}