{"id":1193,"date":"2017-03-06T03:55:51","date_gmt":"2017-03-06T02:55:51","guid":{"rendered":"http:\/\/agora.xtec.cat\/insbadiaimargarit\/?page_id=1193"},"modified":"2017-03-06T04:08:42","modified_gmt":"2017-03-06T03:08:42","slug":"antoni-badia-i-margarit","status":"publish","type":"page","link":"https:\/\/agora.xtec.cat\/insbadiaimargarit\/linstitut\/antoni-badia-i-margarit\/","title":{"rendered":"Antoni Badia i Margarit"},"content":{"rendered":"<p style=\"text-align: center;\">Antoni Badia i Margarit va n\u00e9ixer a Barcelona el 20 de maig de 1920 i va morir el 16 de novembre de 2014. Va ser un\u00a0fil\u00f2leg i ling\u00fcista especialista en hist\u00f2ria i gram\u00e0tica de la llengua catalana.<\/p>\n<p style=\"text-align: center;\"><a href=\"http:\/\/agora.xtec.cat\/insbadiaimargarit\/wp-content\/uploads\/usu348\/2017\/03\/antoni_badia_margarit.png\"><img loading=\"lazy\" decoding=\"async\" class=\"alignnone  wp-image-1196\" src=\"http:\/\/agora.xtec.cat\/insbadiaimargarit\/wp-content\/uploads\/usu348\/2017\/03\/antoni_badia_margarit.png\" alt=\"antoni_badia_margarit\" width=\"384\" height=\"543\" srcset=\"https:\/\/agora.xtec.cat\/insbadiaimargarit\/wp-content\/uploads\/usu348\/2017\/03\/antoni_badia_margarit.png 660w, https:\/\/agora.xtec.cat\/insbadiaimargarit\/wp-content\/uploads\/usu348\/2017\/03\/antoni_badia_margarit-212x300.png 212w\" sizes=\"auto, (max-width: 384px) 100vw, 384px\" \/><\/a><\/p>\n<p style=\"text-align: center;\"><em>P\u00f2ster fet per alumnes i un pare, amb motiu del Dia de Badia i Margarit&#8217;17.<\/em><\/p>\n<p><a href=\"http:\/\/agora.xtec.cat\/insbadiaimargarit\/wp-content\/uploads\/usu348\/2016\/11\/SKM_C30816112913520.jpg\"><img loading=\"lazy\" decoding=\"async\" class=\"wp-image-916 aligncenter\" src=\"http:\/\/agora.xtec.cat\/insbadiaimargarit\/wp-content\/uploads\/usu348\/2016\/11\/SKM_C30816112913520-725x1024.jpg\" alt=\"skm_c30816112913520\" width=\"310\" height=\"438\" srcset=\"https:\/\/agora.xtec.cat\/insbadiaimargarit\/wp-content\/uploads\/usu348\/2016\/11\/SKM_C30816112913520-725x1024.jpg 725w, https:\/\/agora.xtec.cat\/insbadiaimargarit\/wp-content\/uploads\/usu348\/2016\/11\/SKM_C30816112913520-213x300.jpg 213w, https:\/\/agora.xtec.cat\/insbadiaimargarit\/wp-content\/uploads\/usu348\/2016\/11\/SKM_C30816112913520-768x1084.jpg 768w, https:\/\/agora.xtec.cat\/insbadiaimargarit\/wp-content\/uploads\/usu348\/2016\/11\/SKM_C30816112913520.jpg 1433w\" sizes=\"auto, (max-width: 310px) 100vw, 310px\" \/><\/a><\/p>\n<p style=\"text-align: center;\"><em>Llibre donaci\u00f3 de la fam\u00edlia Badia i Margarit al nostre institut.<\/em><\/p>\n","protected":false},"excerpt":{"rendered":"<p>Antoni Badia i Margarit va n\u00e9ixer a Barcelona el 20 de maig de 1920 i va morir el 16 de novembre de 2014. Va ser un\u00a0fil\u00f2leg i ling\u00fcista especialista en hist\u00f2ria i gram\u00e0tica de la llengua catalana.<br \/>\n<a href=\"http:\/\/agora.xtec.cat\/insbadiaimargarit\/wp-content\/uploads\/usu348\/2017\/03\/antoni_badia_margarit.png\"><\/a><br \/>\nP\u00f2ster fet per alumnes i un pare, amb&hellip;  <a href=\"https:\/\/agora.xtec.cat\/insbadiaimargarit\/linstitut\/antoni-badia-i-margarit\/\" title=\"Read Antoni Badia i Margarit\">Llegeix m\u00e9s\u00bb<\/a><\/p>\n","protected":false},"author":4,"featured_media":0,"parent":19,"menu_order":0,"comment_status":"closed","ping_status":"closed","template":"","meta":{"_bbp_topic_count":0,"_bbp_reply_count":0,"_bbp_total_topic_count":0,"_bbp_total_reply_count":0,"_bbp_voice_count":0,"_bbp_anonymous_reply_count":0,"_bbp_topic_count_hidden":0,"_bbp_reply_count_hidden":0,"_bbp_forum_subforum_count":0,"footnotes":""},"class_list":["post-1193","page","type-page","status-publish","hentry"],"post_mailing_queue_ids":[],"_links":{"self":[{"href":"https:\/\/agora.xtec.cat\/insbadiaimargarit\/wp-json\/wp\/v2\/pages\/1193","targetHints":{"allow":["GET"]}}],"collection":[{"href":"https:\/\/agora.xtec.cat\/insbadiaimargarit\/wp-json\/wp\/v2\/pages"}],"about":[{"href":"https:\/\/agora.xtec.cat\/insbadiaimargarit\/wp-json\/wp\/v2\/types\/page"}],"author":[{"embeddable":true,"href":"https:\/\/agora.xtec.cat\/insbadiaimargarit\/wp-json\/wp\/v2\/users\/4"}],"replies":[{"embeddable":true,"href":"https:\/\/agora.xtec.cat\/insbadiaimargarit\/wp-json\/wp\/v2\/comments?post=1193"}],"version-history":[{"count":3,"href":"https:\/\/agora.xtec.cat\/insbadiaimargarit\/wp-json\/wp\/v2\/pages\/1193\/revisions"}],"predecessor-version":[{"id":1197,"href":"https:\/\/agora.xtec.cat\/insbadiaimargarit\/wp-json\/wp\/v2\/pages\/1193\/revisions\/1197"}],"up":[{"embeddable":true,"href":"https:\/\/agora.xtec.cat\/insbadiaimargarit\/wp-json\/wp\/v2\/pages\/19"}],"wp:attachment":[{"href":"https:\/\/agora.xtec.cat\/insbadiaimargarit\/wp-json\/wp\/v2\/media?parent=1193"}],"curies":[{"name":"wp","href":"https:\/\/api.w.org\/{rel}","templated":true}]}}