{"id":11367,"date":"2025-10-21T11:01:33","date_gmt":"2025-10-21T09:01:33","guid":{"rendered":"https:\/\/agora.xtec.cat\/insbadiaimargarit\/?page_id=11367"},"modified":"2026-02-11T17:56:19","modified_gmt":"2026-02-11T16:56:19","slug":"tramits-per-a-lexpedicio-dels-titols","status":"publish","type":"page","link":"https:\/\/agora.xtec.cat\/insbadiaimargarit\/secretaria\/tramits-per-a-lexpedicio-dels-titols\/","title":{"rendered":"Tr\u00e0mits per a l&#8217;expedici\u00f3 dels t\u00edtols"},"content":{"rendered":"<h4><strong><span style=\"color: #0000ff;\">Taxes per a l\u2019expedici\u00f3 de t\u00edtols acad\u00e8mics i professionals<\/span><\/strong><\/h4>\n<ul>\n<li><strong>ESO<\/strong>: gratu\u00eft<\/li>\n<li><strong>B<\/strong><strong>atxillerat<\/strong>: 69,65 euros<\/li>\n<li><strong>Formaci\u00f3 professional<\/strong>:\n<ul style=\"list-style-type: circle;\">\n<li>T\u00edtol de t\u00e8cnic\/a: 69,65 euros<\/li>\n<li>T\u00edtol de t\u00e8cnic\/a superior: 78 euros<br \/>\n<hr \/>\n<\/li>\n<\/ul>\n<\/li>\n<\/ul>\n<h4><strong><span style=\"color: #0000ff;\">Bonificacions i exempcions:<\/span><\/strong><\/h4>\n<ul>\n<li><strong>Bonificaci\u00f3 del 50%<\/strong> de l&#8217;import\u00a0per a:\n<ul>\n<li>membres de fam\u00edlia nombrosa de categoria general<\/li>\n<li>membres de fam\u00edlies monoparentals.<\/li>\n<\/ul>\n<\/li>\n<li><strong>Exempci\u00f3 del 100%<\/strong> del pagament per a:\n<ul>\n<li>membres de fam\u00edlia nombrosa de categoria especial,<\/li>\n<li>v\u00edctimes del terrorisme (i els seus c\u00f2njuges i els seus fills i filles),<\/li>\n<li>persones amb discapacitat igual o superior al 33% i<\/li>\n<li>infants o adolescents en acolliment familiar.<br \/>\n<hr \/>\n<\/li>\n<\/ul>\n<\/li>\n<\/ul>\n<h3><span style=\"text-decoration: underline; color: #0000ff;\"><strong>COM SOL\u00b7LICITAR EL T\u00cdTOL:<\/strong><\/span><\/h3>\n<ul>\n<li><strong>ESO<\/strong>: el t\u00edtol de Graduat d\u2019ESO \u00e9s gratu\u00eft; no s\u2019ha de fer cap gesti\u00f3 (\u00e9s fa d\u2019ofici), ja que l\u2019administraci\u00f3 del centre el demana directament un cop finalitzats els estudis.<\/li>\n<li><strong>BATXILLERAT \/ CICLES FORMATIUS <\/strong>: at\u00e8s que aquests t\u00edtols corresponen a ensenyaments no obligatoris, la seva tramitaci\u00f3 no \u00e9s d\u2019ofici sin\u00f3 que ser\u00e0 el propi alumne qui haur\u00e0 de sol\u00b7licitar el seu t\u00edtol des del tr\u00e0mit espec\u00edfic.<strong>\u00a0<\/strong><\/li>\n<\/ul>\n<p style=\"padding-left: 40px;\"><a href=\"https:\/\/web.gencat.cat\/ca\/tramits\/tramits-temes\/titols-academics-no-universitaris?category=742b7874-a82c-11e3-a972-000c29052e2c\"><strong>Tramitaci\u00f3 de t\u00edtols acad\u00e8mics i professionals no universitaris<\/strong><\/a><\/p>\n<p style=\"padding-left: 40px;\"><a href=\"https:\/\/agora.xtec.cat\/insbadiaimargarit\/wp-content\/uploads\/usu348\/2025\/10\/instruccions-aplicacio.pdf\" target=\"_blank\" rel=\"noopener\">Guia per fer la sol\u00b7licitud.<\/a><\/p>\n<p>&nbsp;<\/p>\n<p>&nbsp;<\/p>\n","protected":false},"excerpt":{"rendered":"<p>Taxes per a l\u2019expedici\u00f3 de t\u00edtols acad\u00e8mics i professionals<\/p>\n<ul>\n<li>ESO: gratu\u00eft<\/li>\n<li>Batxillerat: 69,65 euros<\/li>\n<li>Formaci\u00f3 professional:\n<ul style=\"list-style-type: circle;\">\n<li>T\u00edtol de t\u00e8cnic\/a: 69,65 euros<\/li>\n<li>T\u00edtol de t\u00e8cnic\/a superior: 78 euros\n<\/li>\n<\/ul>\n<\/li>\n<\/ul>\n<p>Bonificacions i exempcions:<\/p>\n<ul>\n<li>Bonificaci\u00f3 del 50% de l&#8217;import\u00a0per a:\n<ul>\n<li>membres de fam\u00edlia nombrosa de categoria general<\/li>\n<li>membres de fam\u00edlies monoparentals.<\/li>\n<\/ul>\n<\/li>\n<li>Exempci\u00f3 del 100% del pagament per&hellip;  <a href=\"https:\/\/agora.xtec.cat\/insbadiaimargarit\/secretaria\/tramits-per-a-lexpedicio-dels-titols\/\" title=\"Read Tr\u00e0mits per a l&#8217;expedici\u00f3 dels t\u00edtols\">Llegeix m\u00e9s\u00bb<\/a><br \/>\n","protected":false},"author":4,"featured_media":0,"parent":81,"menu_order":0,"comment_status":"closed","ping_status":"closed","template":"","meta":{"_bbp_topic_count":0,"_bbp_reply_count":0,"_bbp_total_topic_count":0,"_bbp_total_reply_count":0,"_bbp_voice_count":0,"_bbp_anonymous_reply_count":0,"_bbp_topic_count_hidden":0,"_bbp_reply_count_hidden":0,"_bbp_forum_subforum_count":0,"footnotes":""},"class_list":["post-11367","page","type-page","status-publish","hentry"],"post_mailing_queue_ids":[],"_links":{"self":[{"href":"https:\/\/agora.xtec.cat\/insbadiaimargarit\/wp-json\/wp\/v2\/pages\/11367","targetHints":{"allow":["GET"]}}],"collection":[{"href":"https:\/\/agora.xtec.cat\/insbadiaimargarit\/wp-json\/wp\/v2\/pages"}],"about":[{"href":"https:\/\/agora.xtec.cat\/insbadiaimargarit\/wp-json\/wp\/v2\/types\/page"}],"author":[{"embeddable":true,"href":"https:\/\/agora.xtec.cat\/insbadiaimargarit\/wp-json\/wp\/v2\/users\/4"}],"replies":[{"embeddable":true,"href":"https:\/\/agora.xtec.cat\/insbadiaimargarit\/wp-json\/wp\/v2\/comments?post=11367"}],"version-history":[{"count":7,"href":"https:\/\/agora.xtec.cat\/insbadiaimargarit\/wp-json\/wp\/v2\/pages\/11367\/revisions"}],"predecessor-version":[{"id":11519,"href":"https:\/\/agora.xtec.cat\/insbadiaimargarit\/wp-json\/wp\/v2\/pages\/11367\/revisions\/11519"}],"up":[{"embeddable":true,"href":"https:\/\/agora.xtec.cat\/insbadiaimargarit\/wp-json\/wp\/v2\/pages\/81"}],"wp:attachment":[{"href":"https:\/\/agora.xtec.cat\/insbadiaimargarit\/wp-json\/wp\/v2\/media?parent=11367"}],"curies":[{"name":"wp","href":"https:\/\/api.w.org\/{rel}","templated":true}]}}