{"id":560,"date":"2016-02-09T11:43:33","date_gmt":"2016-02-09T10:43:33","guid":{"rendered":"http:\/\/agora.xtec.cat\/insbadia\/?page_id=560"},"modified":"2026-04-28T13:55:13","modified_gmt":"2026-04-28T11:55:13","slug":"grau-mitja-gestio-administrativa","status":"publish","type":"page","link":"https:\/\/agora.xtec.cat\/insbadia\/formacio-professional\/administracio-i-gestio\/grau-mitja-gestio-administrativa\/","title":{"rendered":"Gesti\u00f3 administrativa"},"content":{"rendered":"<h3><span style=\"font-family: helvetica, arial, sans-serif;\"><span style=\"font-size: 12pt;\">CICLE FORMATIU DE GRAU MITJ\u00c0<\/span><br \/>\n<span style=\"color: #993366;\">GESTI\u00d3 ADMINISTRATIVA<\/span><\/span><\/h3>\n<p data-start=\"180\" data-end=\"341\"><span style=\"font-family: helvetica, arial, sans-serif; font-size: 12pt;\">Vols una formaci\u00f3 pr\u00e0ctica, amb sortides professionals reals i que et permeti continuar estudiant? El cicle formatiu de grau mitj\u00e0 en Gesti\u00f3 Administrativa t\u2019obre les portes al m\u00f3n laboral en un \u00e0mbit present a totes les empreses.\u00a0Aprendr\u00e0s compet\u00e8ncies essencials per treballar en entorns administratius i empresarials, amb una formaci\u00f3 orientada a la realitat del dia a dia.<\/span><\/p>\n<p data-start=\"180\" data-end=\"341\"><img loading=\"lazy\" decoding=\"async\" class=\"aligncenter wp-image-14983\" src=\"https:\/\/agora.xtec.cat\/insbadia\/wp-content\/uploads\/usu1299\/2026\/04\/GAD-1.png\" alt=\"\" width=\"613\" height=\"460\" srcset=\"https:\/\/agora.xtec.cat\/insbadia\/wp-content\/uploads\/usu1299\/2026\/04\/GAD-1.png 1024w, https:\/\/agora.xtec.cat\/insbadia\/wp-content\/uploads\/usu1299\/2026\/04\/GAD-1-300x225.png 300w, https:\/\/agora.xtec.cat\/insbadia\/wp-content\/uploads\/usu1299\/2026\/04\/GAD-1-768x576.png 768w\" sizes=\"auto, (max-width: 613px) 100vw, 613px\" \/><\/p>\n<h5 data-section-id=\"1vjq9a7\" data-start=\"455\" data-end=\"487\"><span style=\"font-family: helvetica, arial, sans-serif; font-size: 14pt; color: #993366;\">Informaci\u00f3 pr\u00e0ctica del cicle<\/span><\/h5>\n<p data-start=\"489\" data-end=\"563\"><span style=\"font-family: helvetica, arial, sans-serif; font-size: 12pt;\">Durada: 2 cursos acad\u00e8mics (2.000 hores)<\/span><br data-start=\"533\" data-end=\"536\" \/><span style=\"font-size: 12pt; font-family: helvetica, arial, sans-serif;\">Modalitat: Presencial<br \/>\nHoraris: 1r curs: de 8:00 h a 14:30 h. 2n curs: de 15:00 h a 21:15 h<br \/>\n<\/span><span style=\"font-family: helvetica, arial, sans-serif; font-size: 12pt;\">Preu de la matr\u00edcula:<\/span><\/p>\n<ul data-start=\"662\" data-end=\"780\">\n<li data-section-id=\"1ch4f8t\" data-start=\"662\" data-end=\"706\"><span style=\"font-family: helvetica, arial, sans-serif; font-size: 12pt;\">80 \u20ac en concepte de material escolar<\/span><\/li>\n<li data-section-id=\"1ch4f8t\" data-start=\"662\" data-end=\"706\"><span style=\"font-family: helvetica, arial, sans-serif; font-size: 12pt;\">1,12 \u20ac en concepte d&#8217;asseguran\u00e7a escolar<\/span><\/li>\n<li data-section-id=\"1ch4f8t\" data-start=\"662\" data-end=\"706\"><span style=\"font-family: helvetica, arial, sans-serif; font-size: 12pt;\">15 \u20ac en concepte Associaci\u00f3 d&#8217;Estudiants (opcional)<\/span><\/li>\n<li data-section-id=\"kxk69n\" data-start=\"707\" data-end=\"746\"><span style=\"font-family: helvetica, arial, sans-serif; font-size: 12pt;\">Sense taxes associades als CFGM<\/span><\/li>\n<li data-section-id=\"1dz83k7\" data-start=\"747\" data-end=\"780\"><span style=\"font-family: helvetica, arial, sans-serif; font-size: 12pt;\">No s\u2019apliquen bonificacions al material escolar<\/span><\/li>\n<\/ul>\n<h5 data-section-id=\"or5ghy\" data-start=\"851\" data-end=\"891\"><span style=\"font-family: helvetica, arial, sans-serif; font-size: 14pt; color: #993366;\">Material did\u00e0ctic i recursos digitals (incl\u00f2s a la matr\u00edcula)<\/span><\/h5>\n<p data-start=\"893\" data-end=\"1010\"><span style=\"font-family: helvetica, arial, sans-serif;\"><span style=\"font-size: 12pt;\">El cicle inclou un entorn digital complet perqu\u00e8 puguis treballar amb totes les eines necess\u00e0ries des del primer dia.\u00a0<\/span><span style=\"font-size: 12pt;\">Els 80 \u20ac de material escolar inclouen:<\/span><\/span><\/p>\n<ul data-start=\"1056\" data-end=\"1320\">\n<li data-section-id=\"wppzip\" data-start=\"1056\" data-end=\"1103\"><span style=\"font-family: helvetica, arial, sans-serif; font-size: 12pt;\">Compte de correu de l&#8217;institut @ibadia.cat<\/span><\/li>\n<li data-section-id=\"13bm6tl\" data-start=\"1104\" data-end=\"1158\"><span style=\"font-family: helvetica, arial, sans-serif; font-size: 12pt;\">Acc\u00e9s a Google Drive (emmagatzematge al n\u00favol)<\/span><\/li>\n<li data-section-id=\"1g73vwk\" data-start=\"1159\" data-end=\"1214\"><span style=\"font-family: helvetica, arial, sans-serif; font-size: 12pt;\">Acc\u00e9s a iEduca (plataforma de gesti\u00f3 acad\u00e8mica)<\/span><\/li>\n<li data-section-id=\"5vx83l\" data-start=\"1215\" data-end=\"1280\"><span style=\"font-family: helvetica, arial, sans-serif; font-size: 12pt;\">Acc\u00e9s a Moodle amb tot el material did\u00e0ctic necessari per cada m\u00f2dul<\/span><\/li>\n<li data-section-id=\"11h8aa2\" data-start=\"1281\" data-end=\"1320\"><span style=\"font-family: helvetica, arial, sans-serif; font-size: 12pt;\">Llic\u00e8ncia de Microsoft Office 365<\/span><\/li>\n<\/ul>\n<h5 data-start=\"1411\" data-end=\"1451\"><span style=\"font-family: helvetica, arial, sans-serif; font-size: 14pt; color: #993366;\"><strong data-start=\"1411\" data-end=\"1451\">Material que ha de portar l\u2019alumnat (no incl\u00f2s a la matr\u00edcula)<\/strong><\/span><\/h5>\n<ul data-start=\"1453\" data-end=\"1617\">\n<li data-section-id=\"kuy106\" data-start=\"1453\" data-end=\"1557\"><span style=\"font-family: helvetica, arial, sans-serif; font-size: 12pt;\">Ordinador port\u00e0til (preferiblement amb sistema operatiu Windows i prestacions d\u2019ordinador d\u2019oficina)<\/span><\/li>\n<li data-section-id=\"1h13aat\" data-start=\"1558\" data-end=\"1573\"><span style=\"font-family: helvetica, arial, sans-serif; font-size: 12pt;\">Calculadora<\/span><\/li>\n<li data-section-id=\"s54wwo\" data-start=\"1574\" data-end=\"1585\"><span style=\"font-family: helvetica, arial, sans-serif; font-size: 12pt;\">Carpeta<\/span><\/li>\n<li data-section-id=\"7bj3pl\" data-start=\"1586\" data-end=\"1617\"><span style=\"font-family: helvetica, arial, sans-serif; font-size: 12pt;\">Material b\u00e0sic d\u2019escriptura<\/span><\/li>\n<\/ul>\n<h5 data-section-id=\"b0goxr\" data-start=\"3451\" data-end=\"3504\"><span style=\"font-family: helvetica, arial, sans-serif; font-size: 14pt; color: #993366;\">Per qu\u00e8 estudiar a l\u2019Institut d&#8217;FP de Badia del Vall\u00e8s?<\/span><\/h5>\n<p data-start=\"3506\" data-end=\"3573\"><span style=\"font-family: helvetica, arial, sans-serif; font-size: 12pt;\">Apostem per una formaci\u00f3 de qualitat, pr\u00e0ctica i centrada a contribuir a l&#8217;\u00e8xit de l\u2019alumnat:<\/span><\/p>\n<ul data-start=\"3575\" data-end=\"3739\">\n<li data-section-id=\"34h8ei\" data-start=\"3575\" data-end=\"3608\"><span style=\"font-family: helvetica, arial, sans-serif; font-size: 12pt;\">Professorat expert en cada mat\u00e8ria, proper i implicat<\/span><\/li>\n<li data-section-id=\"34h8ei\" data-start=\"3575\" data-end=\"3608\"><span style=\"font-family: helvetica, arial, sans-serif; font-size: 12pt;\">Seguiment personalitzat i amb suport durant tot el curs del Departament d&#8217;Orientaci\u00f3<\/span><\/li>\n<li data-section-id=\"1v08nk2\" data-start=\"3637\" data-end=\"3661\"><span style=\"font-family: helvetica, arial, sans-serif; font-size: 12pt;\">Metodologia pr\u00e0ctica<\/span><\/li>\n<li data-section-id=\"1xowak2\" data-start=\"3662\" data-end=\"3701\"><span style=\"font-family: helvetica, arial, sans-serif; font-size: 12pt;\">Connexi\u00f3 directa amb empreses del territori<\/span><\/li>\n<li data-section-id=\"1xowak2\" data-start=\"3662\" data-end=\"3701\"><span style=\"font-size: 12pt; font-family: helvetica, arial, sans-serif;\">Possibilitat de continuitat d&#8217;estudis al mateix centre amb els CFGS Administraci\u00f3 i Finances o CFGS Assist\u00e8ncia a la Direcci\u00f3<\/span><\/li>\n<li data-section-id=\"vntk7e\" data-start=\"3702\" data-end=\"3739\"><span style=\"font-family: helvetica, arial, sans-serif; font-size: 12pt;\">Centre ben comunicat (BUS i Renfe)<\/span><\/li>\n<li data-section-id=\"vntk7e\" data-start=\"3702\" data-end=\"3739\"><span style=\"font-family: helvetica, arial, sans-serif; font-size: 12pt;\">Associaci\u00f3 d&#8217;Estudiants per participar en activitats organitzades per la comunitat educativa<\/span><\/li>\n<\/ul>\n<h5 data-section-id=\"10tdz0f\" data-start=\"1711\" data-end=\"1753\"><span style=\"font-size: 14pt; font-family: helvetica, arial, sans-serif;\"><strong><span style=\"color: #993366;\">Per qu\u00e8 estudiar Gesti\u00f3 Administrativa?<\/span><\/strong><\/span><\/h5>\n<p data-start=\"1755\" data-end=\"1967\"><span style=\"font-family: helvetica, arial, sans-serif; font-size: 12pt;\">La gesti\u00f3 administrativa \u00e9s una professi\u00f3 present en tots els sectors. Qualsevol empresa necessita professionals capa\u00e7os d\u2019organitzar documentaci\u00f3, gestionar tr\u00e0mits, atendre clients i donar suport administratiu.\u00a0<\/span><span style=\"font-family: helvetica, arial, sans-serif; font-size: 12pt;\">\u00c9s una formaci\u00f3 pr\u00e0ctica, amb moltes sortides i amb possibilitat de continuar estudiant.<\/span><\/p>\n<h5 data-section-id=\"1dgjjjv\" data-start=\"2064\" data-end=\"2081\"><span style=\"font-family: helvetica, arial, sans-serif; font-size: 14pt; color: #993366;\">Qu\u00e8 aprendr\u00e0s?<\/span><\/h5>\n<p data-start=\"2083\" data-end=\"2186\"><span style=\"font-family: helvetica, arial, sans-serif; font-size: 12pt;\">Al llarg del cicle aprendr\u00e0s a desenvolupar tasques administratives pr\u00f2pies d\u2019una empresa o instituci\u00f3:<\/span><\/p>\n<ul data-start=\"2188\" data-end=\"2427\">\n<li data-section-id=\"11rbn04\" data-start=\"2188\" data-end=\"2219\"><span style=\"font-family: helvetica, arial, sans-serif; font-size: 12pt;\">Gesti\u00f3 de documents i arxiu<\/span><\/li>\n<li data-section-id=\"1lpg5fj\" data-start=\"2220\" data-end=\"2249\"><span style=\"font-family: helvetica, arial, sans-serif; font-size: 12pt;\">Tramitaci\u00f3 administrativa<\/span><\/li>\n<li data-section-id=\"1rp3egh\" data-start=\"2250\" data-end=\"2298\"><span style=\"font-family: helvetica, arial, sans-serif; font-size: 12pt;\">Atenci\u00f3 al client i comunicaci\u00f3 professional<\/span><\/li>\n<li data-section-id=\"gq26f3\" data-start=\"2299\" data-end=\"2336\"><span style=\"font-family: helvetica, arial, sans-serif; font-size: 12pt;\">Facturaci\u00f3 i comptabilitat b\u00e0sica<\/span><\/li>\n<li data-section-id=\"cw1s7q\" data-start=\"2337\" data-end=\"2375\"><span style=\"font-family: helvetica, arial, sans-serif; font-size: 12pt;\">\u00das d\u2019eines inform\u00e0tiques d\u2019empresa<\/span><\/li>\n<li data-section-id=\"1dm5dd5\" data-start=\"2376\" data-end=\"2427\"><span style=\"font-family: helvetica, arial, sans-serif; font-size: 12pt;\">Suport en processos comercials i administratius<\/span><\/li>\n<\/ul>\n<h5 data-section-id=\"a4funw\" data-start=\"2504\" data-end=\"2529\"><span style=\"font-family: helvetica, arial, sans-serif; font-size: 14pt; color: #993366;\">Sortides professionals<\/span><\/h5>\n<p data-start=\"2531\" data-end=\"2577\"><span style=\"font-family: helvetica, arial, sans-serif; font-size: 12pt;\">En finalitzar el cicle podr\u00e0s treballar com a:<\/span><\/p>\n<ul data-start=\"2579\" data-end=\"2788\">\n<li data-section-id=\"8evduh\" data-start=\"2579\" data-end=\"2608\"><span style=\"font-family: helvetica, arial, sans-serif; font-size: 12pt;\">Auxiliar administratiu\/va<\/span><\/li>\n<li data-section-id=\"1ukie1n\" data-start=\"2609\" data-end=\"2639\"><span style=\"font-family: helvetica, arial, sans-serif; font-size: 12pt;\">Administratiu\/va comercial<\/span><\/li>\n<li data-section-id=\"14k1uwu\" data-start=\"2640\" data-end=\"2672\"><span style=\"font-family: helvetica, arial, sans-serif; font-size: 12pt;\">Personal d\u2019atenci\u00f3 al client<\/span><\/li>\n<li data-section-id=\"tp0zld\" data-start=\"2673\" data-end=\"2702\"><span style=\"font-family: helvetica, arial, sans-serif; font-size: 12pt;\">Auxiliar de comptabilitat<\/span><\/li>\n<li data-section-id=\"1lxwpho\" data-start=\"2703\" data-end=\"2739\"><span style=\"font-family: helvetica, arial, sans-serif; font-size: 12pt;\">Suport administratiu en empreses<\/span><\/li>\n<li data-section-id=\"epui5k\" data-start=\"2740\" data-end=\"2788\"><span style=\"font-family: helvetica, arial, sans-serif; font-size: 12pt;\">Personal administratiu en organismes p\u00fablics<\/span><\/li>\n<\/ul>\n<h5 data-section-id=\"1rc1p0q\" data-start=\"2862\" data-end=\"2887\"><span style=\"font-family: helvetica, arial, sans-serif; font-size: 14pt; color: #993366;\">Pr\u00e0ctiques en empreses<\/span><\/h5>\n<p data-start=\"2889\" data-end=\"2996\"><span style=\"font-family: helvetica, arial, sans-serif; font-size: 12pt;\">El cicle inclou formaci\u00f3 en centres de treball en modalitat DUAL General o DUAL Intensiva, on podr\u00e0s aplicar els coneixements en un entorn real.<\/span><\/p>\n<p data-start=\"2998\" data-end=\"3030\"><span style=\"font-family: helvetica, arial, sans-serif; font-size: 12pt;\">Aquesta experi\u00e8ncia et permetr\u00e0:<\/span><\/p>\n<ul data-start=\"3032\" data-end=\"3173\">\n<li data-section-id=\"18emuia\" data-start=\"3032\" data-end=\"3074\"><span style=\"font-family: helvetica, arial, sans-serif; font-size: 12pt;\">Con\u00e8ixer el funcionament d\u2019una empresa<\/span><\/li>\n<li data-section-id=\"dsta7e\" data-start=\"3075\" data-end=\"3111\"><span style=\"font-family: helvetica, arial, sans-serif; font-size: 12pt;\">Guanyar experi\u00e8ncia professional<\/span><\/li>\n<li data-section-id=\"qgsm8m\" data-start=\"3112\" data-end=\"3142\"><span style=\"font-family: helvetica, arial, sans-serif; font-size: 12pt;\">Millorar el teu curr\u00edculum<\/span><\/li>\n<li data-section-id=\"178iio5\" data-start=\"3143\" data-end=\"3173\"><span style=\"font-family: helvetica, arial, sans-serif; font-size: 12pt;\">Fer contactes per al futur<\/span><\/li>\n<\/ul>\n<h5 data-section-id=\"3s48yj\" data-start=\"3180\" data-end=\"3204\"><span style=\"color: #993366; font-size: 14pt; font-family: helvetica, arial, sans-serif;\"><strong>Continu\u00eftat d\u2019estudis<\/strong><\/span><\/h5>\n<p data-start=\"3206\" data-end=\"3261\"><span style=\"font-family: helvetica, arial, sans-serif; font-size: 12pt;\">Un cop finalitzat el cicle, podr\u00e0s continuar estudiant un Cicle Formatiu de Grau Superior:<\/span><\/p>\n<ul data-start=\"3263\" data-end=\"3372\">\n<li data-section-id=\"1avtn40\" data-start=\"3263\" data-end=\"3296\"><span style=\"font-family: helvetica, arial, sans-serif; font-size: 12pt;\">CFGS Administraci\u00f3 i Finances<\/span><\/li>\n<li data-section-id=\"1fqtuev\" data-start=\"3297\" data-end=\"3331\"><span style=\"font-family: helvetica, arial, sans-serif; font-size: 12pt;\">CFGS Assist\u00e8ncia a la Direcci\u00f3<\/span><\/li>\n<li data-section-id=\"1ocxm23\" data-start=\"3332\" data-end=\"3372\"><span style=\"font-family: helvetica, arial, sans-serif; font-size: 12pt;\">Altres cicles de l\u2019\u00e0mbit empresarial<\/span><\/li>\n<\/ul>\n<p data-start=\"3374\" data-end=\"3444\"><span style=\"font-family: helvetica, arial, sans-serif; font-size: 12pt;\">Tamb\u00e9 \u00e9s una bona base per continuar formant-te o preparar oposicions.<\/span><\/p>\n<h5 data-section-id=\"1dkz04j\" data-start=\"3826\" data-end=\"3857\"><span style=\"font-family: helvetica, arial, sans-serif; font-size: 14pt; color: #993366;\">Preinscripci\u00f3 i matr\u00edcula<\/span><\/h5>\n<p data-start=\"4071\" data-end=\"4154\"><span style=\"font-family: helvetica, arial, sans-serif; font-size: 12pt;\">El proc\u00e9s de preinscripci\u00f3 segueix el calendari oficial del Departament d\u2019Educaci\u00f3 i Formaci\u00f3 Professional. La matr\u00edcula es fa al centre, una vegada s&#8217;ha obtingut pla\u00e7a.<\/span><\/p>\n<h5 data-section-id=\"11r98ma\" data-start=\"4242\" data-end=\"4265\"><span style=\"font-family: helvetica, arial, sans-serif; font-size: 14pt; color: #993366;\">Vols m\u00e9s informaci\u00f3?<\/span><\/h5>\n<p data-start=\"4321\" data-end=\"4411\"><span style=\"font-family: helvetica, arial, sans-serif; font-size: 12pt;\">Contacta amb nosaltres per resoldre qualsevol dubte a secretaria@ibadia.cat<\/span><\/p>\n","protected":false},"excerpt":{"rendered":"<p>CICLE FORMATIU DE GRAU MITJ\u00c0 GESTI\u00d3 ADMINISTRATIVA Vols una formaci\u00f3 pr\u00e0ctica, amb sortides professionals reals i que et permeti continuar estudiant? El cicle formatiu de grau mitj\u00e0 en Gesti\u00f3 Administrativa t\u2019obre les portes al m\u00f3n laboral en un \u00e0mbit present a totes les empreses.\u00a0Aprendr\u00e0s compet\u00e8ncies essencials per treballar en entorns administratius i empresarials, amb una [&hellip;]<\/p>\n","protected":false},"author":1,"featured_media":0,"parent":359,"menu_order":22,"comment_status":"closed","ping_status":"closed","template":"","meta":{"site-sidebar-layout":"default","site-content-layout":"","ast-site-content-layout":"default","site-content-style":"default","site-sidebar-style":"default","ast-global-header-display":"","ast-banner-title-visibility":"","ast-main-header-display":"","ast-hfb-above-header-display":"","ast-hfb-below-header-display":"","ast-hfb-mobile-header-display":"","site-post-title":"disabled","ast-breadcrumbs-content":"","ast-featured-img":"","footer-sml-layout":"","theme-transparent-header-meta":"default","adv-header-id-meta":"","stick-header-meta":"","header-above-stick-meta":"","header-main-stick-meta":"","header-below-stick-meta":"","astra-migrate-meta-layouts":"set","ast-page-background-enabled":"default","ast-page-background-meta":{"desktop":{"background-color":"var(--ast-global-color-4)","background-image":"","background-repeat":"repeat","background-position":"center center","background-size":"auto","background-attachment":"scroll","background-type":"","background-media":"","overlay-type":"","overlay-color":"","overlay-opacity":"","overlay-gradient":""},"tablet":{"background-color":"","background-image":"","background-repeat":"repeat","background-position":"center center","background-size":"auto","background-attachment":"scroll","background-type":"","background-media":"","overlay-type":"","overlay-color":"","overlay-opacity":"","overlay-gradient":""},"mobile":{"background-color":"","background-image":"","background-repeat":"repeat","background-position":"center center","background-size":"auto","background-attachment":"scroll","background-type":"","background-media":"","overlay-type":"","overlay-color":"","overlay-opacity":"","overlay-gradient":""}},"ast-content-background-meta":{"desktop":{"background-color":"var(--ast-global-color-5)","background-image":"","background-repeat":"repeat","background-position":"center center","background-size":"auto","background-attachment":"scroll","background-type":"","background-media":"","overlay-type":"","overlay-color":"","overlay-opacity":"","overlay-gradient":""},"tablet":{"background-color":"var(--ast-global-color-5)","background-image":"","background-repeat":"repeat","background-position":"center center","background-size":"auto","background-attachment":"scroll","background-type":"","background-media":"","overlay-type":"","overlay-color":"","overlay-opacity":"","overlay-gradient":""},"mobile":{"background-color":"var(--ast-global-color-5)","background-image":"","background-repeat":"repeat","background-position":"center center","background-size":"auto","background-attachment":"scroll","background-type":"","background-media":"","overlay-type":"","overlay-color":"","overlay-opacity":"","overlay-gradient":""}},"footnotes":""},"class_list":["post-560","page","type-page","status-publish","hentry"],"post_mailing_queue_ids":[],"_links":{"self":[{"href":"https:\/\/agora.xtec.cat\/insbadia\/wp-json\/wp\/v2\/pages\/560","targetHints":{"allow":["GET"]}}],"collection":[{"href":"https:\/\/agora.xtec.cat\/insbadia\/wp-json\/wp\/v2\/pages"}],"about":[{"href":"https:\/\/agora.xtec.cat\/insbadia\/wp-json\/wp\/v2\/types\/page"}],"author":[{"embeddable":true,"href":"https:\/\/agora.xtec.cat\/insbadia\/wp-json\/wp\/v2\/users\/1"}],"replies":[{"embeddable":true,"href":"https:\/\/agora.xtec.cat\/insbadia\/wp-json\/wp\/v2\/comments?post=560"}],"version-history":[{"count":8,"href":"https:\/\/agora.xtec.cat\/insbadia\/wp-json\/wp\/v2\/pages\/560\/revisions"}],"predecessor-version":[{"id":14989,"href":"https:\/\/agora.xtec.cat\/insbadia\/wp-json\/wp\/v2\/pages\/560\/revisions\/14989"}],"up":[{"embeddable":true,"href":"https:\/\/agora.xtec.cat\/insbadia\/wp-json\/wp\/v2\/pages\/359"}],"wp:attachment":[{"href":"https:\/\/agora.xtec.cat\/insbadia\/wp-json\/wp\/v2\/media?parent=560"}],"curies":[{"name":"wp","href":"https:\/\/api.w.org\/{rel}","templated":true}]}}