{"id":14533,"date":"2025-12-02T12:08:19","date_gmt":"2025-12-02T11:08:19","guid":{"rendered":"https:\/\/agora.xtec.cat\/insbadia\/?page_id=14533"},"modified":"2025-12-02T12:09:08","modified_gmt":"2025-12-02T11:09:08","slug":"empreses-collaboradores","status":"publish","type":"page","link":"https:\/\/agora.xtec.cat\/insbadia\/espai-empresa\/empreses-collaboradores\/","title":{"rendered":"Empreses col\u00b7laboradores"},"content":{"rendered":"<p><span style=\"font-family: helvetica, arial, sans-serif; font-size: 12pt;\">A l\u2019<strong>Institut d\u2019FP de Badia del Vall\u00e8s<\/strong> creiem que la millor manera de preparar professionals \u00e9s connectant formaci\u00f3 i empresa. Per aix\u00f2 \u00e9s tan important la col\u00b7laboraci\u00f3 de totes les organitzacions que confien en el nostre alumant i els ofereixen l\u2019oportunitat de cr\u00e9ixer, aprendre i demostrar el seu talent en l\u2019entorn laboral. Gr\u00e0cies al vostre comprom\u00eds, el nostre alumnat pot completar la seva formaci\u00f3 en entorns professionals reals i adquirir les compet\u00e8ncies necess\u00e0ries per iniciar la seva traject\u00f2ria laboral amb garanties. <strong>Gr\u00e0cies per la vostra confian\u00e7a, suport i comprom\u00eds<\/strong> amb la formaci\u00f3 professional del territori.<\/span><\/p>\n<table style=\"border-collapse: collapse; width: 100%;\">\n<tbody>\n<tr>\n<td style=\"width: 16.6667%; text-align: center; vertical-align: middle;\"><img loading=\"lazy\" decoding=\"async\" class=\"aligncenter size-full wp-image-14541\" src=\"https:\/\/agora.xtec.cat\/insbadia\/wp-content\/uploads\/usu1299\/2025\/12\/ABB.png\" alt=\"\" width=\"134\" height=\"50\" \/><\/td>\n<td style=\"width: 16.6667%; text-align: center; vertical-align: middle;\"><img loading=\"lazy\" decoding=\"async\" class=\"aligncenter size-full wp-image-14542\" src=\"https:\/\/agora.xtec.cat\/insbadia\/wp-content\/uploads\/usu1299\/2025\/12\/Alba-Formacion.jpg\" alt=\"\" width=\"179\" height=\"130\" \/><\/td>\n<td style=\"width: 16.6667%; text-align: center; vertical-align: middle;\"><img loading=\"lazy\" decoding=\"async\" class=\"aligncenter size-full wp-image-14543\" src=\"https:\/\/agora.xtec.cat\/insbadia\/wp-content\/uploads\/usu1299\/2025\/12\/Applus.jpg\" alt=\"\" width=\"1693\" height=\"524\" srcset=\"https:\/\/agora.xtec.cat\/insbadia\/wp-content\/uploads\/usu1299\/2025\/12\/Applus.jpg 1693w, https:\/\/agora.xtec.cat\/insbadia\/wp-content\/uploads\/usu1299\/2025\/12\/Applus-300x93.jpg 300w, https:\/\/agora.xtec.cat\/insbadia\/wp-content\/uploads\/usu1299\/2025\/12\/Applus-1024x317.jpg 1024w, https:\/\/agora.xtec.cat\/insbadia\/wp-content\/uploads\/usu1299\/2025\/12\/Applus-768x238.jpg 768w, https:\/\/agora.xtec.cat\/insbadia\/wp-content\/uploads\/usu1299\/2025\/12\/Applus-1536x475.jpg 1536w\" sizes=\"auto, (max-width: 1693px) 100vw, 1693px\" \/><\/td>\n<td style=\"width: 16.6667%; text-align: center; vertical-align: middle;\"><img loading=\"lazy\" decoding=\"async\" class=\"aligncenter size-full wp-image-14544\" src=\"https:\/\/agora.xtec.cat\/insbadia\/wp-content\/uploads\/usu1299\/2025\/12\/Certificado-de-casa.png\" alt=\"\" width=\"300\" height=\"43\" \/><\/td>\n<td style=\"width: 16.6667%; text-align: center; vertical-align: middle;\"><img loading=\"lazy\" decoding=\"async\" class=\"aligncenter wp-image-14545\" src=\"https:\/\/agora.xtec.cat\/insbadia\/wp-content\/uploads\/usu1299\/2025\/12\/Comsa-Industrial.jpg\" alt=\"\" width=\"171\" height=\"106\" srcset=\"https:\/\/agora.xtec.cat\/insbadia\/wp-content\/uploads\/usu1299\/2025\/12\/Comsa-Industrial.jpg 2275w, https:\/\/agora.xtec.cat\/insbadia\/wp-content\/uploads\/usu1299\/2025\/12\/Comsa-Industrial-300x187.jpg 300w, https:\/\/agora.xtec.cat\/insbadia\/wp-content\/uploads\/usu1299\/2025\/12\/Comsa-Industrial-1024x638.jpg 1024w, https:\/\/agora.xtec.cat\/insbadia\/wp-content\/uploads\/usu1299\/2025\/12\/Comsa-Industrial-768x478.jpg 768w, https:\/\/agora.xtec.cat\/insbadia\/wp-content\/uploads\/usu1299\/2025\/12\/Comsa-Industrial-1536x957.jpg 1536w, https:\/\/agora.xtec.cat\/insbadia\/wp-content\/uploads\/usu1299\/2025\/12\/Comsa-Industrial-2048x1276.jpg 2048w\" sizes=\"auto, (max-width: 171px) 100vw, 171px\" \/><\/td>\n<td style=\"width: 16.6667%; text-align: center; vertical-align: middle;\"><img loading=\"lazy\" decoding=\"async\" class=\"aligncenter size-full wp-image-14546\" src=\"https:\/\/agora.xtec.cat\/insbadia\/wp-content\/uploads\/usu1299\/2025\/12\/EDP.png\" alt=\"\" width=\"638\" height=\"322\" srcset=\"https:\/\/agora.xtec.cat\/insbadia\/wp-content\/uploads\/usu1299\/2025\/12\/EDP.png 638w, https:\/\/agora.xtec.cat\/insbadia\/wp-content\/uploads\/usu1299\/2025\/12\/EDP-300x151.png 300w\" sizes=\"auto, (max-width: 638px) 100vw, 638px\" \/><\/td>\n<\/tr>\n<tr>\n<td style=\"width: 16.6667%; text-align: center; vertical-align: middle;\"><img loading=\"lazy\" decoding=\"async\" class=\"aligncenter size-full wp-image-14547\" src=\"https:\/\/agora.xtec.cat\/insbadia\/wp-content\/uploads\/usu1299\/2025\/12\/Holcim.png\" alt=\"\" width=\"2363\" height=\"546\" srcset=\"https:\/\/agora.xtec.cat\/insbadia\/wp-content\/uploads\/usu1299\/2025\/12\/Holcim.png 2363w, https:\/\/agora.xtec.cat\/insbadia\/wp-content\/uploads\/usu1299\/2025\/12\/Holcim-300x69.png 300w, https:\/\/agora.xtec.cat\/insbadia\/wp-content\/uploads\/usu1299\/2025\/12\/Holcim-1024x237.png 1024w, https:\/\/agora.xtec.cat\/insbadia\/wp-content\/uploads\/usu1299\/2025\/12\/Holcim-768x177.png 768w, https:\/\/agora.xtec.cat\/insbadia\/wp-content\/uploads\/usu1299\/2025\/12\/Holcim-1536x355.png 1536w, https:\/\/agora.xtec.cat\/insbadia\/wp-content\/uploads\/usu1299\/2025\/12\/Holcim-2048x473.png 2048w\" sizes=\"auto, (max-width: 2363px) 100vw, 2363px\" \/><\/td>\n<td style=\"width: 16.6667%; text-align: center; vertical-align: middle;\"><img loading=\"lazy\" decoding=\"async\" class=\"aligncenter size-full wp-image-14548\" src=\"https:\/\/agora.xtec.cat\/insbadia\/wp-content\/uploads\/usu1299\/2025\/12\/Kern-Pharma.png\" alt=\"\" width=\"318\" height=\"159\" srcset=\"https:\/\/agora.xtec.cat\/insbadia\/wp-content\/uploads\/usu1299\/2025\/12\/Kern-Pharma.png 318w, https:\/\/agora.xtec.cat\/insbadia\/wp-content\/uploads\/usu1299\/2025\/12\/Kern-Pharma-300x150.png 300w\" sizes=\"auto, (max-width: 318px) 100vw, 318px\" \/><\/td>\n<td style=\"width: 16.6667%; text-align: center; vertical-align: middle;\"><img loading=\"lazy\" decoding=\"async\" class=\"aligncenter size-full wp-image-14549\" src=\"https:\/\/agora.xtec.cat\/insbadia\/wp-content\/uploads\/usu1299\/2025\/12\/Legend-Bikes.png\" alt=\"\" width=\"1000\" height=\"500\" srcset=\"https:\/\/agora.xtec.cat\/insbadia\/wp-content\/uploads\/usu1299\/2025\/12\/Legend-Bikes.png 1000w, https:\/\/agora.xtec.cat\/insbadia\/wp-content\/uploads\/usu1299\/2025\/12\/Legend-Bikes-300x150.png 300w, https:\/\/agora.xtec.cat\/insbadia\/wp-content\/uploads\/usu1299\/2025\/12\/Legend-Bikes-768x384.png 768w\" sizes=\"auto, (max-width: 1000px) 100vw, 1000px\" \/><\/td>\n<td style=\"width: 16.6667%; text-align: center; vertical-align: middle;\"><img loading=\"lazy\" decoding=\"async\" class=\"aligncenter wp-image-14550\" src=\"https:\/\/agora.xtec.cat\/insbadia\/wp-content\/uploads\/usu1299\/2025\/12\/Marelli.jpg\" alt=\"\" width=\"140\" height=\"114\" srcset=\"https:\/\/agora.xtec.cat\/insbadia\/wp-content\/uploads\/usu1299\/2025\/12\/Marelli.jpg 769w, https:\/\/agora.xtec.cat\/insbadia\/wp-content\/uploads\/usu1299\/2025\/12\/Marelli-300x245.jpg 300w\" sizes=\"auto, (max-width: 140px) 100vw, 140px\" \/><\/td>\n<td style=\"width: 16.6667%; text-align: center; vertical-align: middle;\"><img loading=\"lazy\" decoding=\"async\" class=\"aligncenter size-full wp-image-14551\" src=\"https:\/\/agora.xtec.cat\/insbadia\/wp-content\/uploads\/usu1299\/2025\/12\/Mes-temps-lliure.jpg\" alt=\"\" width=\"1977\" height=\"534\" srcset=\"https:\/\/agora.xtec.cat\/insbadia\/wp-content\/uploads\/usu1299\/2025\/12\/Mes-temps-lliure.jpg 1977w, https:\/\/agora.xtec.cat\/insbadia\/wp-content\/uploads\/usu1299\/2025\/12\/Mes-temps-lliure-300x81.jpg 300w, https:\/\/agora.xtec.cat\/insbadia\/wp-content\/uploads\/usu1299\/2025\/12\/Mes-temps-lliure-1024x277.jpg 1024w, https:\/\/agora.xtec.cat\/insbadia\/wp-content\/uploads\/usu1299\/2025\/12\/Mes-temps-lliure-768x207.jpg 768w, https:\/\/agora.xtec.cat\/insbadia\/wp-content\/uploads\/usu1299\/2025\/12\/Mes-temps-lliure-1536x415.jpg 1536w\" sizes=\"auto, (max-width: 1977px) 100vw, 1977px\" \/><\/td>\n<td style=\"width: 16.6667%; text-align: center; vertical-align: middle;\"><img loading=\"lazy\" decoding=\"async\" class=\"aligncenter size-full wp-image-14552\" src=\"https:\/\/agora.xtec.cat\/insbadia\/wp-content\/uploads\/usu1299\/2025\/12\/MGA-Industrial.png\" alt=\"\" width=\"567\" height=\"283\" srcset=\"https:\/\/agora.xtec.cat\/insbadia\/wp-content\/uploads\/usu1299\/2025\/12\/MGA-Industrial.png 567w, https:\/\/agora.xtec.cat\/insbadia\/wp-content\/uploads\/usu1299\/2025\/12\/MGA-Industrial-300x150.png 300w\" sizes=\"auto, (max-width: 567px) 100vw, 567px\" \/><\/td>\n<\/tr>\n<tr>\n<td style=\"width: 16.6667%; text-align: center; vertical-align: middle;\"><img loading=\"lazy\" decoding=\"async\" class=\"aligncenter wp-image-14557\" src=\"https:\/\/agora.xtec.cat\/insbadia\/wp-content\/uploads\/usu1299\/2025\/12\/Toyota-1.png\" alt=\"\" width=\"170\" height=\"126\" \/><\/td>\n<td style=\"width: 16.6667%; text-align: center; vertical-align: middle;\"><img loading=\"lazy\" decoding=\"async\" class=\"aligncenter wp-image-14554\" src=\"https:\/\/agora.xtec.cat\/insbadia\/wp-content\/uploads\/usu1299\/2025\/12\/Movento.png\" alt=\"\" width=\"145\" height=\"145\" srcset=\"https:\/\/agora.xtec.cat\/insbadia\/wp-content\/uploads\/usu1299\/2025\/12\/Movento.png 225w, https:\/\/agora.xtec.cat\/insbadia\/wp-content\/uploads\/usu1299\/2025\/12\/Movento-150x150.png 150w\" sizes=\"auto, (max-width: 145px) 100vw, 145px\" \/><\/td>\n<td style=\"width: 16.6667%; text-align: center; vertical-align: middle;\"><img loading=\"lazy\" decoding=\"async\" class=\"aligncenter wp-image-14555\" src=\"https:\/\/agora.xtec.cat\/insbadia\/wp-content\/uploads\/usu1299\/2025\/12\/Cambra-de-comerc.png\" alt=\"\" width=\"179\" height=\"119\" \/><\/td>\n<td style=\"width: 16.6667%; text-align: center; vertical-align: middle;\"><img loading=\"lazy\" decoding=\"async\" class=\"aligncenter size-full wp-image-14556\" src=\"https:\/\/agora.xtec.cat\/insbadia\/wp-content\/uploads\/usu1299\/2025\/12\/Eurocat.jpg\" alt=\"\" width=\"520\" height=\"272\" srcset=\"https:\/\/agora.xtec.cat\/insbadia\/wp-content\/uploads\/usu1299\/2025\/12\/Eurocat.jpg 520w, https:\/\/agora.xtec.cat\/insbadia\/wp-content\/uploads\/usu1299\/2025\/12\/Eurocat-300x157.jpg 300w\" sizes=\"auto, (max-width: 520px) 100vw, 520px\" \/><\/td>\n<td style=\"width: 16.6667%; text-align: center; vertical-align: middle;\"><img loading=\"lazy\" decoding=\"async\" class=\"aligncenter size-full wp-image-14558\" src=\"https:\/\/agora.xtec.cat\/insbadia\/wp-content\/uploads\/usu1299\/2025\/12\/Cirsa.png\" alt=\"\" width=\"600\" height=\"400\" srcset=\"https:\/\/agora.xtec.cat\/insbadia\/wp-content\/uploads\/usu1299\/2025\/12\/Cirsa.png 600w, https:\/\/agora.xtec.cat\/insbadia\/wp-content\/uploads\/usu1299\/2025\/12\/Cirsa-300x200.png 300w\" sizes=\"auto, (max-width: 600px) 100vw, 600px\" \/><\/td>\n<td style=\"width: 16.6667%; text-align: center; vertical-align: middle;\"><img loading=\"lazy\" decoding=\"async\" class=\"aligncenter wp-image-14559\" src=\"https:\/\/agora.xtec.cat\/insbadia\/wp-content\/uploads\/usu1299\/2025\/12\/Barbera-promocio.png\" alt=\"\" width=\"147\" height=\"147\" srcset=\"https:\/\/agora.xtec.cat\/insbadia\/wp-content\/uploads\/usu1299\/2025\/12\/Barbera-promocio.png 225w, https:\/\/agora.xtec.cat\/insbadia\/wp-content\/uploads\/usu1299\/2025\/12\/Barbera-promocio-150x150.png 150w\" sizes=\"auto, (max-width: 147px) 100vw, 147px\" \/><\/td>\n<\/tr>\n<\/tbody>\n<\/table>\n","protected":false},"excerpt":{"rendered":"<p>A l\u2019Institut d\u2019FP de Badia del Vall\u00e8s creiem que la millor manera de preparar professionals \u00e9s connectant formaci\u00f3 i empresa. Per aix\u00f2 \u00e9s tan important la col\u00b7laboraci\u00f3 de totes les organitzacions que confien en el nostre alumant i els ofereixen l\u2019oportunitat de cr\u00e9ixer, aprendre i demostrar el seu talent en l\u2019entorn laboral. Gr\u00e0cies al vostre [&hellip;]<\/p>\n","protected":false},"author":1,"featured_media":0,"parent":14457,"menu_order":60,"comment_status":"closed","ping_status":"closed","template":"","meta":{"site-sidebar-layout":"left-sidebar","site-content-layout":"","ast-site-content-layout":"default","site-content-style":"default","site-sidebar-style":"default","ast-global-header-display":"","ast-banner-title-visibility":"","ast-main-header-display":"","ast-hfb-above-header-display":"","ast-hfb-below-header-display":"","ast-hfb-mobile-header-display":"","site-post-title":"","ast-breadcrumbs-content":"","ast-featured-img":"","footer-sml-layout":"","theme-transparent-header-meta":"default","adv-header-id-meta":"","stick-header-meta":"","header-above-stick-meta":"","header-main-stick-meta":"","header-below-stick-meta":"","astra-migrate-meta-layouts":"set","ast-page-background-enabled":"default","ast-page-background-meta":{"desktop":{"background-color":"var(--ast-global-color-4)","background-image":"","background-repeat":"repeat","background-position":"center center","background-size":"auto","background-attachment":"scroll","background-type":"","background-media":"","overlay-type":"","overlay-color":"","overlay-opacity":"","overlay-gradient":""},"tablet":{"background-color":"","background-image":"","background-repeat":"repeat","background-position":"center center","background-size":"auto","background-attachment":"scroll","background-type":"","background-media":"","overlay-type":"","overlay-color":"","overlay-opacity":"","overlay-gradient":""},"mobile":{"background-color":"","background-image":"","background-repeat":"repeat","background-position":"center center","background-size":"auto","background-attachment":"scroll","background-type":"","background-media":"","overlay-type":"","overlay-color":"","overlay-opacity":"","overlay-gradient":""}},"ast-content-background-meta":{"desktop":{"background-color":"var(--ast-global-color-5)","background-image":"","background-repeat":"repeat","background-position":"center center","background-size":"auto","background-attachment":"scroll","background-type":"","background-media":"","overlay-type":"","overlay-color":"","overlay-opacity":"","overlay-gradient":""},"tablet":{"background-color":"var(--ast-global-color-5)","background-image":"","background-repeat":"repeat","background-position":"center center","background-size":"auto","background-attachment":"scroll","background-type":"","background-media":"","overlay-type":"","overlay-color":"","overlay-opacity":"","overlay-gradient":""},"mobile":{"background-color":"var(--ast-global-color-5)","background-image":"","background-repeat":"repeat","background-position":"center center","background-size":"auto","background-attachment":"scroll","background-type":"","background-media":"","overlay-type":"","overlay-color":"","overlay-opacity":"","overlay-gradient":""}},"footnotes":""},"class_list":["post-14533","page","type-page","status-publish","hentry"],"post_mailing_queue_ids":[],"_links":{"self":[{"href":"https:\/\/agora.xtec.cat\/insbadia\/wp-json\/wp\/v2\/pages\/14533","targetHints":{"allow":["GET"]}}],"collection":[{"href":"https:\/\/agora.xtec.cat\/insbadia\/wp-json\/wp\/v2\/pages"}],"about":[{"href":"https:\/\/agora.xtec.cat\/insbadia\/wp-json\/wp\/v2\/types\/page"}],"author":[{"embeddable":true,"href":"https:\/\/agora.xtec.cat\/insbadia\/wp-json\/wp\/v2\/users\/1"}],"replies":[{"embeddable":true,"href":"https:\/\/agora.xtec.cat\/insbadia\/wp-json\/wp\/v2\/comments?post=14533"}],"version-history":[{"count":2,"href":"https:\/\/agora.xtec.cat\/insbadia\/wp-json\/wp\/v2\/pages\/14533\/revisions"}],"predecessor-version":[{"id":14562,"href":"https:\/\/agora.xtec.cat\/insbadia\/wp-json\/wp\/v2\/pages\/14533\/revisions\/14562"}],"up":[{"embeddable":true,"href":"https:\/\/agora.xtec.cat\/insbadia\/wp-json\/wp\/v2\/pages\/14457"}],"wp:attachment":[{"href":"https:\/\/agora.xtec.cat\/insbadia\/wp-json\/wp\/v2\/media?parent=14533"}],"curies":[{"name":"wp","href":"https:\/\/api.w.org\/{rel}","templated":true}]}}