{"id":12356,"date":"2023-04-11T19:01:12","date_gmt":"2023-04-11T17:01:12","guid":{"rendered":"https:\/\/agora.xtec.cat\/insbadia\/?page_id=12356"},"modified":"2026-04-07T10:45:10","modified_gmt":"2026-04-07T08:45:10","slug":"preinscripcio-i-matricula-fp","status":"publish","type":"page","link":"https:\/\/agora.xtec.cat\/insbadia\/secretaria\/preinscripcio-i-matricula-fp\/","title":{"rendered":"Preinscripci\u00f3 i Matr\u00edcula &#8211; Cicles Formatius"},"content":{"rendered":"<h3><span style=\"font-family: helvetica, arial, sans-serif;\">Informaci\u00f3 del proc\u00e9s de <span style=\"color: #ff0000;\">preinscripci\u00f3<\/span> i <span style=\"color: #ff0000;\">matr\u00edcula <\/span><span style=\"color: #000000;\">|<\/span> <span style=\"color: #ff0000;\"><span style=\"color: #000000;\">Cicles Formatius<br \/>\n<\/span><\/span><\/span><span style=\"font-family: helvetica, arial, sans-serif; font-size: 24px;\">Curs<\/span><span style=\"font-family: helvetica, arial, sans-serif;\"><span style=\"font-size: 24px;\">\u00a0<\/span><span style=\"color: #ff0000;\">2026-2027<\/span><\/span><\/h3>\n<h3><\/h3>\n<h3><span style=\"font-family: helvetica, arial, sans-serif;\"><span style=\"color: #ff0000;\">Preinscripci\u00f3<\/span><\/span><\/h3>\n<p><span style=\"font-family: helvetica, arial, sans-serif; font-size: 12pt;\">El proc\u00e9s de <strong data-start=\"13\" data-end=\"30\">preinscripci\u00f3<\/strong> \u00e9s el tr\u00e0mit per sol\u00b7licitar pla\u00e7a en un centre educatiu abans de la matr\u00edcula. Es realitza \u00edntegrament de forma telem\u00e0tica a la p\u00e0gina web:\u00a0<strong><span style=\"color: #ff0000;\"><a style=\"font-style: normal; font-weight: 400; color: #ff0000;\" href=\"https:\/\/preinscripcio.gencat.cat\/\" target=\"_blank\" rel=\"noopener\">https:\/\/preinscripcio.gencat.cat\/<\/a><\/span><\/strong><\/span><\/p>\n<p><span style=\"font-family: helvetica, arial, sans-serif;\"><img loading=\"lazy\" decoding=\"async\" class=\"wp-image-14844 aligncenter\" src=\"https:\/\/agora.xtec.cat\/insbadia\/wp-content\/uploads\/usu1299\/2026\/04\/Preinscripcio26_27_v2.png\" alt=\"\" width=\"880\" height=\"515\" srcset=\"https:\/\/agora.xtec.cat\/insbadia\/wp-content\/uploads\/usu1299\/2026\/04\/Preinscripcio26_27_v2.png 1638w, https:\/\/agora.xtec.cat\/insbadia\/wp-content\/uploads\/usu1299\/2026\/04\/Preinscripcio26_27_v2-300x176.png 300w, https:\/\/agora.xtec.cat\/insbadia\/wp-content\/uploads\/usu1299\/2026\/04\/Preinscripcio26_27_v2-1024x600.png 1024w, https:\/\/agora.xtec.cat\/insbadia\/wp-content\/uploads\/usu1299\/2026\/04\/Preinscripcio26_27_v2-768x450.png 768w, https:\/\/agora.xtec.cat\/insbadia\/wp-content\/uploads\/usu1299\/2026\/04\/Preinscripcio26_27_v2-1536x899.png 1536w\" sizes=\"auto, (max-width: 880px) 100vw, 880px\" \/><\/span><\/p>\n<p>&nbsp;<\/p>\n<hr \/>\n<h3><span style=\"font-family: helvetica, arial, sans-serif;\"><span style=\"color: #ff0000;\">Matr\u00edcula<\/span><\/span><\/h3>\n<p data-start=\"0\" data-end=\"105\"><span style=\"font-family: helvetica, arial, sans-serif; font-size: 12pt;\">La <strong data-start=\"3\" data-end=\"16\">matr\u00edcula<\/strong> \u00e9s el tr\u00e0mit final per confirmar i formalitzar la pla\u00e7a assignada en un centre educatiu.\u00a0\u00c9s important perqu\u00e8 assegura definitivament la pla\u00e7a; si no es fa dins del termini, es pot perdre. La matr\u00edcula es realitza al centre educatiu on s&#8217;ha obtingut pla\u00e7a.<\/span><\/p>\n<p data-start=\"0\" data-end=\"105\"><span style=\"font-family: helvetica, arial, sans-serif; font-size: 12pt;\">Terminis de matr\u00edcula:<\/span><\/p>\n<ul>\n<li><span style=\"font-family: helvetica, arial, sans-serif; font-size: 12pt;\">Alumnat de continuitat (aquell que ja estudia al centre i promociona de 1r a 2n o que repeteix curs): del 25 de juny al 3 de juliol de 2026<\/span><\/li>\n<li><span style=\"font-family: helvetica, arial, sans-serif; font-size: 12pt;\">Alumnat nou que ha obtingut pla\u00e7a en 1a tanda: del 10 al 14 de juliol de 2026<\/span><\/li>\n<li><span style=\"font-family: helvetica, arial, sans-serif; font-size: 12pt;\">Alumnat nou que ha obtingut pla\u00e7a en 2a tanda: del 24 al 28 de juliol de 2026<\/span><\/li>\n<\/ul>\n<p><strong><span style=\"font-family: helvetica, arial, sans-serif; font-size: 12pt;\">La matr\u00edcula a l&#8217;Institut d&#8217;FP de Badia del Vall\u00e8s es realitza de forma telem\u00e0tica a: <span style=\"color: #ff0000;\"><a style=\"color: #ff0000;\" href=\"https:\/\/matricula.ibadia.cat\/\" target=\"_blank\" rel=\"noopener\">https:\/\/matricula.ibadia.cat\/<\/a><\/span>\u00a0<\/span><\/strong><\/p>\n<p><span style=\"font-family: helvetica, arial, sans-serif; font-size: 12pt;\">Properament es publicar\u00e0 m\u00e9s informaci\u00f3 sobre com realitzar la matr\u00edcula per al curs 2026-2027.<\/span><\/p>\n","protected":false},"excerpt":{"rendered":"<p>Informaci\u00f3 del proc\u00e9s de preinscripci\u00f3 i matr\u00edcula | Cicles Formatius Curs\u00a02026-2027 Preinscripci\u00f3 El proc\u00e9s de preinscripci\u00f3 \u00e9s el tr\u00e0mit per sol\u00b7licitar pla\u00e7a en un centre educatiu abans de la matr\u00edcula. Es realitza \u00edntegrament de forma telem\u00e0tica a la p\u00e0gina web:\u00a0https:\/\/preinscripcio.gencat.cat\/ &nbsp; Matr\u00edcula La matr\u00edcula \u00e9s el tr\u00e0mit final per confirmar i formalitzar la pla\u00e7a assignada [&hellip;]<\/p>\n","protected":false},"author":1,"featured_media":0,"parent":81,"menu_order":40,"comment_status":"closed","ping_status":"closed","template":"","meta":{"site-sidebar-layout":"left-sidebar","site-content-layout":"","ast-site-content-layout":"default","site-content-style":"default","site-sidebar-style":"default","ast-global-header-display":"","ast-banner-title-visibility":"","ast-main-header-display":"","ast-hfb-above-header-display":"","ast-hfb-below-header-display":"","ast-hfb-mobile-header-display":"","site-post-title":"","ast-breadcrumbs-content":"","ast-featured-img":"","footer-sml-layout":"","theme-transparent-header-meta":"default","adv-header-id-meta":"","stick-header-meta":"","header-above-stick-meta":"","header-main-stick-meta":"","header-below-stick-meta":"","astra-migrate-meta-layouts":"set","ast-page-background-enabled":"default","ast-page-background-meta":{"desktop":{"background-color":"var(--ast-global-color-4)","background-image":"","background-repeat":"repeat","background-position":"center center","background-size":"auto","background-attachment":"scroll","background-type":"","background-media":"","overlay-type":"","overlay-color":"","overlay-opacity":"","overlay-gradient":""},"tablet":{"background-color":"","background-image":"","background-repeat":"repeat","background-position":"center center","background-size":"auto","background-attachment":"scroll","background-type":"","background-media":"","overlay-type":"","overlay-color":"","overlay-opacity":"","overlay-gradient":""},"mobile":{"background-color":"","background-image":"","background-repeat":"repeat","background-position":"center center","background-size":"auto","background-attachment":"scroll","background-type":"","background-media":"","overlay-type":"","overlay-color":"","overlay-opacity":"","overlay-gradient":""}},"ast-content-background-meta":{"desktop":{"background-color":"var(--ast-global-color-5)","background-image":"","background-repeat":"repeat","background-position":"center center","background-size":"auto","background-attachment":"scroll","background-type":"","background-media":"","overlay-type":"","overlay-color":"","overlay-opacity":"","overlay-gradient":""},"tablet":{"background-color":"var(--ast-global-color-5)","background-image":"","background-repeat":"repeat","background-position":"center center","background-size":"auto","background-attachment":"scroll","background-type":"","background-media":"","overlay-type":"","overlay-color":"","overlay-opacity":"","overlay-gradient":""},"mobile":{"background-color":"var(--ast-global-color-5)","background-image":"","background-repeat":"repeat","background-position":"center center","background-size":"auto","background-attachment":"scroll","background-type":"","background-media":"","overlay-type":"","overlay-color":"","overlay-opacity":"","overlay-gradient":""}},"footnotes":""},"class_list":["post-12356","page","type-page","status-publish","hentry"],"post_mailing_queue_ids":[],"_links":{"self":[{"href":"https:\/\/agora.xtec.cat\/insbadia\/wp-json\/wp\/v2\/pages\/12356","targetHints":{"allow":["GET"]}}],"collection":[{"href":"https:\/\/agora.xtec.cat\/insbadia\/wp-json\/wp\/v2\/pages"}],"about":[{"href":"https:\/\/agora.xtec.cat\/insbadia\/wp-json\/wp\/v2\/types\/page"}],"author":[{"embeddable":true,"href":"https:\/\/agora.xtec.cat\/insbadia\/wp-json\/wp\/v2\/users\/1"}],"replies":[{"embeddable":true,"href":"https:\/\/agora.xtec.cat\/insbadia\/wp-json\/wp\/v2\/comments?post=12356"}],"version-history":[{"count":8,"href":"https:\/\/agora.xtec.cat\/insbadia\/wp-json\/wp\/v2\/pages\/12356\/revisions"}],"predecessor-version":[{"id":14850,"href":"https:\/\/agora.xtec.cat\/insbadia\/wp-json\/wp\/v2\/pages\/12356\/revisions\/14850"}],"up":[{"embeddable":true,"href":"https:\/\/agora.xtec.cat\/insbadia\/wp-json\/wp\/v2\/pages\/81"}],"wp:attachment":[{"href":"https:\/\/agora.xtec.cat\/insbadia\/wp-json\/wp\/v2\/media?parent=12356"}],"curies":[{"name":"wp","href":"https:\/\/api.w.org\/{rel}","templated":true}]}}