{"id":582,"date":"2016-07-20T12:39:41","date_gmt":"2016-07-20T11:39:41","guid":{"rendered":"http:\/\/agora.xtec.cat\/insandreunin\/?page_id=582"},"modified":"2025-04-14T14:07:14","modified_gmt":"2025-04-14T12:07:14","slug":"batxillerat","status":"publish","type":"page","link":"https:\/\/agora.xtec.cat\/insandreunin\/estudis-que-oferim\/batxillerat\/","title":{"rendered":"BATXILLERAT"},"content":{"rendered":"<p style=\"text-align: justify;\">A l&#8217;Andreu Nin, sempre apostem per la innovaci\u00f3 i la millora cont\u00ednua. Per aix\u00f2, el curs 2024-2025 hem apostat per\u00a0 implantar el nostre batxillerat especialitzador, una modalitat que promou els quatre itineraris que sempre hem treballat, per\u00f2 amb un nou enfocament m\u00e9s pr\u00e0ctic i professional de les optatives trimestrals de centre.<\/p>\n<p style=\"text-align: justify;\"><b>Qu\u00e8 \u00e9s el batxillerat especialitzador?<\/b><\/p>\n<p style=\"text-align: justify;\"><span style=\"font-weight: 400;\">\u00c9s un batxillerat, distribu\u00eft en dos cursos acad\u00e8mics, que es dissenya amb un enfocament competencial i que t\u00e9 com a finalitat la formaci\u00f3 integral i polivalent de la persona, segons els seus interessos i les seves aptituds, per garantir l&#8217;\u00e8xit educatiu, la integraci\u00f3 en la societat i la continu\u00eftat en el sistema educatiu.<\/span><\/p>\n<p style=\"text-align: justify;\"><b>Elements diferenciadors del nostre batxillerat\u00a0<\/b><\/p>\n<ul style=\"text-align: justify;\">\n<li style=\"font-weight: 400;\" aria-level=\"1\"><span style=\"font-weight: 400;\">Partim de dues modalitats de Batxillerat (ci\u00e8ncies i tecnologia i humanitats i ci\u00e8ncies socials), per\u00f2 oferim itineraris especialitzats amb la creaci\u00f3 d\u2019optatives trimestrals pr\u00f2pies impartides per professionals del sector que les sustenten, que aporten una visi\u00f3 real i competencial de les diferents disciplines. Aquests itineraris permeten a l&#8217;alumnat l&#8217;apropament a \u00e1mbits com: el biosanitari, l&#8217;administratiu i jur\u00eddic, el disseny industrial, l\u2019automoci\u00f3, la rob\u00f2tica, el m\u00e0rqueting, l&#8217;electricitat o la psicologia infantil, entre d&#8217;altres.<\/span><\/li>\n<li style=\"font-weight: 400;\" aria-level=\"1\"><span style=\"font-weight: 400;\">Pr\u00e0ctiques a les instal\u00b7lacions dels cicles formatius per poder experimentar de forma aplicada all\u00f2 que s\u2019estudia.<\/span><\/li>\n<li style=\"font-weight: 400;\" aria-level=\"1\"><span style=\"font-weight: 400;\">Treballs de recerca assessorats per professionals especialitzats, connectats amb la realitat de l\u2019entorn i amb la possibilitat de desenvolupar-los en les instal\u00b7lacions especialitzades dels cicles formatius.<\/span><\/li>\n<li style=\"font-weight: 400;\" aria-level=\"1\"><span style=\"font-weight: 400;\">Projecte de lideratge personal i creixement a les tutories.<\/span><\/li>\n<li style=\"font-weight: 400;\" aria-level=\"1\"><span style=\"font-weight: 400;\">Programa internacional Erasmus+.<\/span><\/li>\n<li style=\"font-weight: 400;\" aria-level=\"1\"><span style=\"font-weight: 400;\">Orientaci\u00f3 i tracte personalitzat.<\/span><\/li>\n<li style=\"font-weight: 400;\" aria-level=\"1\"><span style=\"font-weight: 400;\">Tallers amb professionals externs de les diferents disciplines<\/span><\/li>\n<li style=\"font-weight: 400;\" aria-level=\"1\"><span style=\"font-weight: 400;\">Viatge cultural anual a una ciutat europea.<\/span><\/li>\n<li style=\"font-weight: 400;\" aria-level=\"1\"><span style=\"font-weight: 400;\">Oportunitats de col\u00b7laboraci\u00f3 amb universitats i empreses.<\/span><\/li>\n<\/ul>\n<p style=\"text-align: justify;\"><b>Qu\u00e8 ens avala?<\/b><\/p>\n<ul style=\"text-align: justify;\">\n<li style=\"font-weight: 400;\" aria-level=\"1\"><span style=\"font-weight: 400;\">Els resultats de la selectivitat. Entre el 90% i el 100% de l\u2019alumnat de 2n de batxillerat supera les proves PAU.<\/span><\/li>\n<li style=\"font-weight: 400;\" aria-level=\"1\"><span style=\"font-weight: 400;\">L\u2019\u00e0mplia oferta de formaci\u00f3 professional del centre garanteix la implantaci\u00f3 del Batxillerat especialitzador.<\/span><\/li>\n<li style=\"font-weight: 400;\" aria-level=\"1\"><span style=\"font-weight: 400;\">Col\u00b7laboracions amb universitats com, per exemple, Treball de Recerca amb el Programa Arg\u00f3 de la UAB.<\/span><\/li>\n<li style=\"font-weight: 400;\" aria-level=\"1\"><span style=\"font-weight: 400;\">Beca Caixabanc Dualitza, per a l\u2019elaboraci\u00f3 d\u2019un projecte amb l\u2019Hospital Cl\u00ednic de Barcelona.<\/span><\/li>\n<\/ul>\n<p style=\"text-align: justify;\"><strong style=\"font-family: inherit; font-size: 1em;\">Organitzaci\u00f3 del curr\u00edculum a Batxillerat:<\/strong><\/p>\n<table style=\"border-collapse: collapse; width: 100%; height: 32px;\">\n<tbody>\n<tr style=\"height: 32px;\">\n<td style=\"width: 33.3333%; height: 32px; border-color: #ffffff;\"><a href=\"https:\/\/drive.google.com\/file\/d\/1Pbnh88uIgSvkCGObtiEfwj3d6pC2RYnw\/view?usp=sharing\"><img loading=\"lazy\" decoding=\"async\" class=\"alignnone wp-image-22986 size-large\" src=\"https:\/\/agora.xtec.cat\/insandreunin\/wp-content\/uploads\/usu1005\/2025\/02\/CBAT-1024x1024.png\" alt=\"\" width=\"1024\" height=\"1024\" srcset=\"https:\/\/agora.xtec.cat\/insandreunin\/wp-content\/uploads\/usu1005\/2025\/02\/CBAT-1024x1024.png 1024w, https:\/\/agora.xtec.cat\/insandreunin\/wp-content\/uploads\/usu1005\/2025\/02\/CBAT-300x300.png 300w, https:\/\/agora.xtec.cat\/insandreunin\/wp-content\/uploads\/usu1005\/2025\/02\/CBAT-150x150.png 150w, https:\/\/agora.xtec.cat\/insandreunin\/wp-content\/uploads\/usu1005\/2025\/02\/CBAT-768x768.png 768w, https:\/\/agora.xtec.cat\/insandreunin\/wp-content\/uploads\/usu1005\/2025\/02\/CBAT.png 1080w\" sizes=\"auto, (max-width: 1024px) 100vw, 1024px\" \/><\/a><\/td>\n<td style=\"width: 33.3333%; height: 32px; border-color: #ffffff;\"><a href=\"https:\/\/drive.google.com\/file\/d\/1B5883xDXqI5ECoUiB9wEn0SIH-3V0Tx4\/view?usp=sharing\"><img loading=\"lazy\" decoding=\"async\" class=\"alignnone wp-image-22988 size-large\" src=\"https:\/\/agora.xtec.cat\/insandreunin\/wp-content\/uploads\/usu1005\/2025\/02\/CTEC-1-1024x1024.png\" alt=\"\" width=\"1024\" height=\"1024\" srcset=\"https:\/\/agora.xtec.cat\/insandreunin\/wp-content\/uploads\/usu1005\/2025\/02\/CTEC-1-1024x1024.png 1024w, https:\/\/agora.xtec.cat\/insandreunin\/wp-content\/uploads\/usu1005\/2025\/02\/CTEC-1-300x300.png 300w, https:\/\/agora.xtec.cat\/insandreunin\/wp-content\/uploads\/usu1005\/2025\/02\/CTEC-1-150x150.png 150w, https:\/\/agora.xtec.cat\/insandreunin\/wp-content\/uploads\/usu1005\/2025\/02\/CTEC-1-768x768.png 768w, https:\/\/agora.xtec.cat\/insandreunin\/wp-content\/uploads\/usu1005\/2025\/02\/CTEC-1.png 1080w\" sizes=\"auto, (max-width: 1024px) 100vw, 1024px\" \/><\/a><\/td>\n<td style=\"width: 33.3333%; height: 32px; border-color: #ffffff;\"><a href=\"https:\/\/drive.google.com\/file\/d\/1B4k8MKyMMaPUxhfomBEkhNgjy3XBXJ3C\/view?usp=sharing\"><img loading=\"lazy\" decoding=\"async\" class=\"alignnone wp-image-22989 size-large\" src=\"https:\/\/agora.xtec.cat\/insandreunin\/wp-content\/uploads\/usu1005\/2025\/02\/CHCS-1024x1024.png\" alt=\"\" width=\"1024\" height=\"1024\" srcset=\"https:\/\/agora.xtec.cat\/insandreunin\/wp-content\/uploads\/usu1005\/2025\/02\/CHCS-1024x1024.png 1024w, https:\/\/agora.xtec.cat\/insandreunin\/wp-content\/uploads\/usu1005\/2025\/02\/CHCS-300x300.png 300w, https:\/\/agora.xtec.cat\/insandreunin\/wp-content\/uploads\/usu1005\/2025\/02\/CHCS-150x150.png 150w, https:\/\/agora.xtec.cat\/insandreunin\/wp-content\/uploads\/usu1005\/2025\/02\/CHCS-768x768.png 768w, https:\/\/agora.xtec.cat\/insandreunin\/wp-content\/uploads\/usu1005\/2025\/02\/CHCS.png 1080w\" sizes=\"auto, (max-width: 1024px) 100vw, 1024px\" \/><\/a><\/td>\n<\/tr>\n<\/tbody>\n<\/table>\n<p><a href=\"https:\/\/drive.google.com\/file\/d\/1ZSmyF8ErZDolXr93VGupgfsxD419yczP\/view?usp=sharing\">Descarrega fullet\u00f3 Batxillerat ci\u00e8ncies i tecnologia<\/a><\/p>\n<p><a href=\"https:\/\/drive.google.com\/file\/d\/1QTyuOeTo2_B3vJsJ8qoQ1-LWA4zN3x7g\/view?usp=sharing\">Descarrega fullet\u00f3 Batxillerat humaniats i ci\u00e8ncies socials<\/a><\/p>\n","protected":false},"excerpt":{"rendered":"<p>A l&#8217;Andreu Nin, sempre apostem per la innovaci\u00f3 i la millora cont\u00ednua. Per aix\u00f2, el curs 2024-2025 hem apostat per\u00a0 implantar el nostre batxillerat especialitzador, una modalitat que promou els quatre itineraris que sempre hem treballat, per\u00f2 amb un nou enfocament m\u00e9s pr\u00e0ctic i professional de les optatives trimestrals de centre. Qu\u00e8 \u00e9s el batxillerat [&hellip;]<\/p>\n","protected":false},"author":1,"featured_media":0,"parent":451,"menu_order":0,"comment_status":"closed","ping_status":"closed","template":"page-templates\/side-menu.php","meta":{"_bbp_topic_count":0,"_bbp_reply_count":0,"_bbp_total_topic_count":0,"_bbp_total_reply_count":0,"_bbp_voice_count":0,"_bbp_anonymous_reply_count":0,"_bbp_topic_count_hidden":0,"_bbp_reply_count_hidden":0,"_bbp_forum_subforum_count":0,"site-sidebar-layout":"default","site-content-layout":"","ast-site-content-layout":"","site-content-style":"default","site-sidebar-style":"default","ast-global-header-display":"","ast-banner-title-visibility":"","ast-main-header-display":"","ast-hfb-above-header-display":"","ast-hfb-below-header-display":"","ast-hfb-mobile-header-display":"","site-post-title":"","ast-breadcrumbs-content":"","ast-featured-img":"","footer-sml-layout":"","theme-transparent-header-meta":"","adv-header-id-meta":"","stick-header-meta":"","header-above-stick-meta":"","header-main-stick-meta":"","header-below-stick-meta":"","astra-migrate-meta-layouts":"default","ast-page-background-enabled":"default","ast-page-background-meta":{"desktop":{"background-color":"var(--ast-global-color-4)","background-image":"","background-repeat":"repeat","background-position":"center center","background-size":"auto","background-attachment":"scroll","background-type":"","background-media":"","overlay-type":"","overlay-color":"","overlay-opacity":"","overlay-gradient":""},"tablet":{"background-color":"","background-image":"","background-repeat":"repeat","background-position":"center center","background-size":"auto","background-attachment":"scroll","background-type":"","background-media":"","overlay-type":"","overlay-color":"","overlay-opacity":"","overlay-gradient":""},"mobile":{"background-color":"","background-image":"","background-repeat":"repeat","background-position":"center center","background-size":"auto","background-attachment":"scroll","background-type":"","background-media":"","overlay-type":"","overlay-color":"","overlay-opacity":"","overlay-gradient":""}},"ast-content-background-meta":{"desktop":{"background-color":"var(--ast-global-color-5)","background-image":"","background-repeat":"repeat","background-position":"center center","background-size":"auto","background-attachment":"scroll","background-type":"","background-media":"","overlay-type":"","overlay-color":"","overlay-opacity":"","overlay-gradient":""},"tablet":{"background-color":"var(--ast-global-color-5)","background-image":"","background-repeat":"repeat","background-position":"center center","background-size":"auto","background-attachment":"scroll","background-type":"","background-media":"","overlay-type":"","overlay-color":"","overlay-opacity":"","overlay-gradient":""},"mobile":{"background-color":"var(--ast-global-color-5)","background-image":"","background-repeat":"repeat","background-position":"center center","background-size":"auto","background-attachment":"scroll","background-type":"","background-media":"","overlay-type":"","overlay-color":"","overlay-opacity":"","overlay-gradient":""}},"footnotes":""},"class_list":["post-582","page","type-page","status-publish","hentry"],"post_mailing_queue_ids":[],"_links":{"self":[{"href":"https:\/\/agora.xtec.cat\/insandreunin\/wp-json\/wp\/v2\/pages\/582","targetHints":{"allow":["GET"]}}],"collection":[{"href":"https:\/\/agora.xtec.cat\/insandreunin\/wp-json\/wp\/v2\/pages"}],"about":[{"href":"https:\/\/agora.xtec.cat\/insandreunin\/wp-json\/wp\/v2\/types\/page"}],"author":[{"embeddable":true,"href":"https:\/\/agora.xtec.cat\/insandreunin\/wp-json\/wp\/v2\/users\/1"}],"replies":[{"embeddable":true,"href":"https:\/\/agora.xtec.cat\/insandreunin\/wp-json\/wp\/v2\/comments?post=582"}],"version-history":[{"count":9,"href":"https:\/\/agora.xtec.cat\/insandreunin\/wp-json\/wp\/v2\/pages\/582\/revisions"}],"predecessor-version":[{"id":23309,"href":"https:\/\/agora.xtec.cat\/insandreunin\/wp-json\/wp\/v2\/pages\/582\/revisions\/23309"}],"up":[{"embeddable":true,"href":"https:\/\/agora.xtec.cat\/insandreunin\/wp-json\/wp\/v2\/pages\/451"}],"wp:attachment":[{"href":"https:\/\/agora.xtec.cat\/insandreunin\/wp-json\/wp\/v2\/media?parent=582"}],"curies":[{"name":"wp","href":"https:\/\/api.w.org\/{rel}","templated":true}]}}