{"id":22905,"date":"2025-02-05T12:43:37","date_gmt":"2025-02-05T11:43:37","guid":{"rendered":"https:\/\/agora.xtec.cat\/insandreunin\/?page_id=22905"},"modified":"2026-01-14T18:54:27","modified_gmt":"2026-01-14T17:54:27","slug":"missio-visio-i-valors","status":"publish","type":"page","link":"https:\/\/agora.xtec.cat\/insandreunin\/linstitut\/missio-visio-i-valors\/","title":{"rendered":"MISSI\u00d3, VISI\u00d3 I VALORS"},"content":{"rendered":"<h2><b>MISSI\u00d3<\/b><\/h2>\n<p><span style=\"font-weight: 400;\">L\u2019Institut Andreu Nin \u00e9s un institut p\u00fablic d\u2019educaci\u00f3 secund\u00e0ria del Vendrell, aconfessional, respectu\u00f3s amb totes les ideologies i religions, catal\u00e0, pluralista, democr\u00e0tic, participatiu, afavoridor de la coeducaci\u00f3 i no discriminador per raons de sexe. Integrat plenament en la societat vendrellenca i comprom\u00e8s amb el desenvolupament cultural, social i econ\u00f2mic.<\/span><\/p>\n<p><span style=\"font-weight: 400;\">La nostra missi\u00f3 principal \u00e9s donar als\/les nostres alumnes una formaci\u00f3 integral de qualitat, mitjan\u00e7ant un ensenyament participatiu i actiu dels estudiants en el proc\u00e9s formatiu.\u00a0<\/span><\/p>\n<p><span style=\"font-weight: 400;\">El proc\u00e9s formatiu \u00e9s ent\u00e8s no nom\u00e9s en termes d\u2019adquisici\u00f3 de coneixements sin\u00f3 que tamb\u00e9 preveu el desenvolupament integral de la persona, \u00e9s a dir, de les seves actituds, compet\u00e8ncies, capacitats i h\u00e0bits.<\/span><\/p>\n<p><span style=\"font-weight: 400;\">Per tant, oferim una educaci\u00f3 en igualtat d\u2019oportunitats, una escola inclusiva, orientem als\/a les alumnes en l\u2019aprenentatge i en la inserci\u00f3 al m\u00f3n laboral. Fomentem els h\u00e0bits d\u2019estudi, de treball i socials per formar individus cults, cr\u00edtics i compromesos, altament qualificats com a professionals que responen a les necessitats socials i laborals del moment actual.<\/span><\/p>\n<p><span style=\"font-weight: 400;\">Per aconseguir-ho, incidim en la vessant pedag\u00f2gica de l\u2019aprenentatge i la seva integraci\u00f3 en els objectius de cada etapa i de cada nivell educatiu. Igualment apostem per les noves tecnologies des de l\u2019inici de la proposta del Departament d\u2019Educaci\u00f3 participant en la primera onada educat 1X1.<\/span><\/p>\n<p><span style=\"font-weight: 400;\">Aquesta missi\u00f3 queda reflectida en l\u2019annex 1, \u00e9s a dir, en l\u2019adaptaci\u00f3 del curr\u00edculum establert per l\u2019administraci\u00f3 a la nostra realitat particular (PCC).<\/span><\/p>\n<p>&nbsp;<\/p>\n<h2><b>VALORS<\/b><\/h2>\n<p><span style=\"font-weight: 400;\">La cultura i els valors fonamentals de l\u2019Institut Andreu Nin s\u00f3n:<\/span><\/p>\n<ul>\n<li style=\"font-weight: 400;\" aria-level=\"1\"><span style=\"font-weight: 400;\">El comprom\u00eds i la defensa dels principis que inspiren els ensenyaments p\u00fablics.<\/span><\/li>\n<li style=\"font-weight: 400;\" aria-level=\"1\"><span style=\"font-weight: 400;\">El pluralisme i la no discriminaci\u00f3.<\/span><\/li>\n<li style=\"font-weight: 400;\" aria-level=\"1\"><span style=\"font-weight: 400;\">La defensa i la promoci\u00f3 dels valors socials i individuals com la llibertat, el respecte per les idees, la conviv\u00e8ncia pac\u00edfica, la defensa dels drets humans i l\u2019atenci\u00f3 per eliminar la desigualtat social i la discriminaci\u00f3 per ra\u00f3 de g\u00e8nere.<\/span><\/li>\n<li style=\"font-weight: 400;\" aria-level=\"1\"><span style=\"font-weight: 400;\">La participaci\u00f3 activa dels estudiants en la vida de l\u2019institut, tot respectant-ne la seva autonomia.<\/span><\/li>\n<li style=\"font-weight: 400;\" aria-level=\"1\"><span style=\"font-weight: 400;\">El treball en grup, la innovaci\u00f3, la cooperaci\u00f3 i participaci\u00f3 activa dels estudiants i de la comunitat educativa en general.<\/span><\/li>\n<li style=\"font-weight: 400;\" aria-level=\"1\"><span style=\"font-weight: 400;\">Un suport decidit a la causa de la pau.<\/span><\/li>\n<li style=\"font-weight: 400;\" aria-level=\"1\"><span style=\"font-weight: 400;\">El car\u00e0cter obert i integrador amb la comunitat del Vendrell i amb el seu desenvolupament hum\u00e0, cultural, tecnol\u00f2gic i econ\u00f2mic.<\/span><\/li>\n<\/ul>\n<p>&nbsp;<\/p>\n<p><span style=\"font-weight: 400;\">Aquest valors\u00a0 es recullen en els annexos 2 i 3, \u00e9s a dir en el desenvolupament de les nostres normes generals, d\u2019organitzaci\u00f3 (NOFC), de conviv\u00e8ncia (Projecte de conviv\u00e8ncia) i ling\u00fc\u00edstiques (Projecte ling\u00fc\u00edstic).<\/span><\/p>\n<p>&nbsp;<\/p>\n<h2><b>VISI\u00d3<\/b><\/h2>\n<p><span style=\"font-weight: 400;\">L\u2019 Institut\u00a0 Andreu Nin vol ser reconegut per:<\/span><\/p>\n<ul>\n<li style=\"font-weight: 400;\" aria-level=\"1\"><span style=\"font-weight: 400;\">\u00c9sser un element d\u2019evoluci\u00f3 progressista i motor de la transformaci\u00f3 social i del desenvolupament econ\u00f2mic de la comarca.<\/span><\/li>\n<li style=\"font-weight: 400;\" aria-level=\"1\"><span style=\"font-weight: 400;\">\u00c9sser una instituci\u00f3 din\u00e0mica, oberta i orientada en tot moment a la demanda social.<\/span><\/li>\n<li style=\"font-weight: 400;\" aria-level=\"1\"><span style=\"font-weight: 400;\">\u00c9sser una instituci\u00f3 de qualitat reconeguda pels serveis oferts.<\/span><\/li>\n<li style=\"font-weight: 400;\" aria-level=\"1\"><span style=\"font-weight: 400;\">Mantenir un comprom\u00eds permanent amb el desenvolupament del Vendrell i de la comarca i amb la defensa del legat cultural, hist\u00f2ric i art\u00edstic de la vila.<\/span><\/li>\n<li style=\"font-weight: 400;\" aria-level=\"1\"><span style=\"font-weight: 400;\">\u00c9sser una instituci\u00f3 compromesa amb les noves tecnologies, potenciant-ne l\u2019\u00fas tant a dins com a fora del centre educatiu.\u00a0<\/span><\/li>\n<li style=\"font-weight: 400;\" aria-level=\"1\"><span style=\"font-weight: 400;\">\u00c9sser una instituci\u00f3 que vetlla per la renovaci\u00f3 pedag\u00f2gica per tal d\u2019impartir un ensenyament adequat a les necessitats individuals dels alumnes actualitzat i de qualitat.<\/span><\/li>\n<li style=\"font-weight: 400;\" aria-level=\"1\"><span style=\"font-weight: 400;\">\u00c9sser una instituci\u00f3 que treballa per aconseguir un major i millor domini de la llengua anglesa i francesa.<\/span><\/li>\n<li style=\"font-weight: 400;\" aria-level=\"1\"><span style=\"font-weight: 400;\">\u00c9sser una instituci\u00f3 que vol potenciar al m\u00e0xim les habilitats i intel\u00b7lig\u00e8ncies del nostre alumnat.<\/span><\/li>\n<li style=\"font-weight: 400;\" aria-level=\"1\"><span style=\"font-weight: 400;\">\u00c9sser una instituci\u00f3 que treballa en la innovaci\u00f3 educativa i en particular, en la digital.<\/span><\/li>\n<li style=\"font-weight: 400;\" aria-level=\"1\"><span style=\"font-weight: 400;\">\u00c9sser una instituci\u00f3 que obre les seves portes a la comunitat educativa.<\/span><\/li>\n<\/ul>\n<p>&nbsp;<\/p>\n<p>&nbsp;<\/p>\n","protected":false},"excerpt":{"rendered":"<p>MISSI\u00d3 L\u2019Institut Andreu Nin \u00e9s un institut p\u00fablic d\u2019educaci\u00f3 secund\u00e0ria del Vendrell, aconfessional, respectu\u00f3s amb totes les ideologies i religions, catal\u00e0, pluralista, democr\u00e0tic, participatiu, afavoridor de la coeducaci\u00f3 i no discriminador per raons de sexe. Integrat plenament en la societat vendrellenca i comprom\u00e8s amb el desenvolupament cultural, social i econ\u00f2mic. La nostra missi\u00f3 principal \u00e9s [&hellip;]<\/p>\n","protected":false},"author":47,"featured_media":0,"parent":19,"menu_order":0,"comment_status":"closed","ping_status":"closed","template":"","meta":{"_bbp_topic_count":0,"_bbp_reply_count":0,"_bbp_total_topic_count":0,"_bbp_total_reply_count":0,"_bbp_voice_count":0,"_bbp_anonymous_reply_count":0,"_bbp_topic_count_hidden":0,"_bbp_reply_count_hidden":0,"_bbp_forum_subforum_count":0,"site-sidebar-layout":"default","site-content-layout":"","ast-site-content-layout":"default","site-content-style":"default","site-sidebar-style":"default","ast-global-header-display":"","ast-banner-title-visibility":"","ast-main-header-display":"","ast-hfb-above-header-display":"","ast-hfb-below-header-display":"","ast-hfb-mobile-header-display":"","site-post-title":"","ast-breadcrumbs-content":"","ast-featured-img":"","footer-sml-layout":"","theme-transparent-header-meta":"default","adv-header-id-meta":"","stick-header-meta":"","header-above-stick-meta":"","header-main-stick-meta":"","header-below-stick-meta":"","astra-migrate-meta-layouts":"set","ast-page-background-enabled":"default","ast-page-background-meta":{"desktop":{"background-color":"var(--ast-global-color-4)","background-image":"","background-repeat":"repeat","background-position":"center center","background-size":"auto","background-attachment":"scroll","background-type":"","background-media":"","overlay-type":"","overlay-color":"","overlay-opacity":"","overlay-gradient":""},"tablet":{"background-color":"","background-image":"","background-repeat":"repeat","background-position":"center center","background-size":"auto","background-attachment":"scroll","background-type":"","background-media":"","overlay-type":"","overlay-color":"","overlay-opacity":"","overlay-gradient":""},"mobile":{"background-color":"","background-image":"","background-repeat":"repeat","background-position":"center center","background-size":"auto","background-attachment":"scroll","background-type":"","background-media":"","overlay-type":"","overlay-color":"","overlay-opacity":"","overlay-gradient":""}},"ast-content-background-meta":{"desktop":{"background-color":"var(--ast-global-color-5)","background-image":"","background-repeat":"repeat","background-position":"center center","background-size":"auto","background-attachment":"scroll","background-type":"","background-media":"","overlay-type":"","overlay-color":"","overlay-opacity":"","overlay-gradient":""},"tablet":{"background-color":"var(--ast-global-color-5)","background-image":"","background-repeat":"repeat","background-position":"center center","background-size":"auto","background-attachment":"scroll","background-type":"","background-media":"","overlay-type":"","overlay-color":"","overlay-opacity":"","overlay-gradient":""},"mobile":{"background-color":"var(--ast-global-color-5)","background-image":"","background-repeat":"repeat","background-position":"center center","background-size":"auto","background-attachment":"scroll","background-type":"","background-media":"","overlay-type":"","overlay-color":"","overlay-opacity":"","overlay-gradient":""}},"footnotes":""},"class_list":["post-22905","page","type-page","status-publish","hentry"],"post_mailing_queue_ids":[],"_links":{"self":[{"href":"https:\/\/agora.xtec.cat\/insandreunin\/wp-json\/wp\/v2\/pages\/22905","targetHints":{"allow":["GET"]}}],"collection":[{"href":"https:\/\/agora.xtec.cat\/insandreunin\/wp-json\/wp\/v2\/pages"}],"about":[{"href":"https:\/\/agora.xtec.cat\/insandreunin\/wp-json\/wp\/v2\/types\/page"}],"author":[{"embeddable":true,"href":"https:\/\/agora.xtec.cat\/insandreunin\/wp-json\/wp\/v2\/users\/47"}],"replies":[{"embeddable":true,"href":"https:\/\/agora.xtec.cat\/insandreunin\/wp-json\/wp\/v2\/comments?post=22905"}],"version-history":[{"count":6,"href":"https:\/\/agora.xtec.cat\/insandreunin\/wp-json\/wp\/v2\/pages\/22905\/revisions"}],"predecessor-version":[{"id":24325,"href":"https:\/\/agora.xtec.cat\/insandreunin\/wp-json\/wp\/v2\/pages\/22905\/revisions\/24325"}],"up":[{"embeddable":true,"href":"https:\/\/agora.xtec.cat\/insandreunin\/wp-json\/wp\/v2\/pages\/19"}],"wp:attachment":[{"href":"https:\/\/agora.xtec.cat\/insandreunin\/wp-json\/wp\/v2\/media?parent=22905"}],"curies":[{"name":"wp","href":"https:\/\/api.w.org\/{rel}","templated":true}]}}