{"id":20992,"date":"2023-06-16T14:07:43","date_gmt":"2023-06-16T12:07:43","guid":{"rendered":"https:\/\/agora.xtec.cat\/insandreunin\/?page_id=20992"},"modified":"2023-10-03T11:02:15","modified_gmt":"2023-10-03T09:02:15","slug":"matricula-cfgs","status":"publish","type":"page","link":"https:\/\/agora.xtec.cat\/insandreunin\/matricula-cfgs\/","title":{"rendered":"MATR\u00cdCULA CFGS 23\/24"},"content":{"rendered":"<p><span style=\"color: #ff6600; font-size: 18pt;\"><strong>MATR\u00cdCULA CICLES FORMATIUS DE GRAU SUPERIOR (CFGS) 23\/24<br \/>\n<\/strong><\/span><\/p>\n<p><strong>EL PER\u00cdODE DE MATRICULACI\u00d3 HA FINALITZAT. AQUESTA P\u00c0GINA QUEDA ACTIVADA PER MOTIUS INFORMATIUS.<\/strong><\/p>\n<p>&nbsp;<\/p>\n<p><strong>El procediment de matriculaci\u00f3 es realitza mitjan\u00e7ant un formulari, per\u00f2 abans d&#8217;emplenar-lo <span style=\"color: #ff0000;\">LLEGEIX ATENTAMENT AQUESTES INSTRUCCIONS:<\/span><\/strong><\/p>\n<p>S&#8217;ha de diferenciar entre <strong>2 tipus<\/strong> d&#8217;alumnat:<\/p>\n<p>&#8211; <strong><span style=\"color: #ff6600;\">ALUMNAT DE CONTINU\u00cfTAT<\/span> &#8211;<\/strong> tots aquells alumnes que han estat matriculats en un cicle formatiu a l&#8217;institut Andreu Nin durant el curs 22\/23 i cumpleixen alguna d&#8217;aquestes condicions:<\/p>\n<ul>\n<li style=\"list-style-type: none;\">\n<ul style=\"list-style-type: circle;\">\n<li>\u00a0Han cursat el 1r curs d&#8217;un cicle formatiu, ho tenen tot aprovat i es volen matricular al 2n curs del mateix cicle<\/li>\n<li>\u00a0Han cursat el 1r o 2n curs d&#8217;un cicle formatiu i repeteixen curs<\/li>\n<li>\u00a0Han cursat el 1r curs, els ha quedat alguna mat\u00e8ria pendent per\u00f2 poden passar a 2n curs. En aquest cas, l&#8217;alumne s&#8217;ha de matricular a 2n curs i a les mat\u00e8ries pendents de 1r curs. En alguns cicles formatius no es pot matricular d&#8217;alguns MP de 2n curs si tens algun MP de 1r curs susp\u00e8s relacionat amb el MP de 2n curs.. Consulta amb el teu tutor\/a per a que t&#8217;informi d&#8217;aquests condicionants.<\/li>\n<li>Han cursat un cicle formatiu i els queda nom\u00e9s pendent alguna mat\u00e8ria solta per finalitzar (algun MP \u00f3 UF, S\u00edntesi, Projecte, FCT&#8230;)<\/li>\n<\/ul>\n<\/li>\n<\/ul>\n<p><strong>ATENCI\u00d3<\/strong>: La matr\u00edcula de l&#8217;<strong>alumnat de continu\u00eftat<\/strong> es realitzar\u00e0 del <strong>21 de juny al 7 de juliol.<\/strong><\/p>\n<p>&nbsp;<\/p>\n<p>&#8211; <strong><span style=\"color: #ff6600;\">ALUMNAT NOU<\/span> &#8211; <\/strong>tots aquells alumnes que cumpleixen alguna d&#8217;aquestes condicions:<\/p>\n<ul>\n<li style=\"list-style-type: none;\">\n<ul style=\"list-style-type: circle;\">\n<li>Alumnat de fora del centre que se li ha adjudicat definitivament una pla\u00e7a en un cicle formatiu al centre<\/li>\n<li>Alumnat de cicles formatius de l&#8217;Institut Andreu Nin que se li ha adjudicat definitivament una pla\u00e7a en un<strong> cicle formatiu diferent<\/strong> al que ha estat cursant el curs 22\/23 (canvi de cicle formatiu)<\/li>\n<li>Alumnat d&#8217;ESO\/BAT de l&#8217;Institut Andreu Nin que se li ha adjudicat definitivament una pla\u00e7a en un cicle formatiu al centre<\/li>\n<\/ul>\n<\/li>\n<\/ul>\n<p><strong>ATENCI\u00d3:<\/strong> La matr\u00edcula de l&#8217;<strong>alumnat nou<\/strong> es realitzar\u00e0 del <strong>19 al 24 de juliol un cop s&#8217;hagi publicat la llista final d&#8217;alumnes admesos.<\/strong><\/p>\n<p>&nbsp;<\/p>\n<p><strong><span style=\"font-size: 18pt;\">Abans d&#8217;emplenar el formulari has de realitzar aquests passos:<\/span><\/strong><\/p>\n<ul>\n<li><span style=\"color: #ff6600;\"><strong>ALUMNAT DE CONTINU\u00cfTAT<\/strong>:<\/span>\n<ul>\n<li><strong>PAS 1.<\/strong> Fes el pagament de la quota del cicle formatiu corresponent mitjan\u00e7ant aquests codis de barres i fes foto del comprovant de pagament (format .jpg)<\/li>\n<\/ul>\n<\/li>\n<\/ul>\n<p style=\"padding-left: 40px;\">Si vols fer el pagament del <strong>preu p\u00fablic<\/strong> (360\u20ac) <sup>(*)<\/sup> de manera fraccionada en dos terminis, emplena aquest <a href=\"https:\/\/docs.google.com\/forms\/d\/e\/1FAIpQLScRl02e_ShpF_LtUnC_SMlRA04zj_1_iHWbjo7oyvdX2L8yhQ\/viewform\" target=\"_blank\" rel=\"noopener\"><strong>Formulari fraccionament quota<\/strong><\/a><\/p>\n<p style=\"padding-left: 80px;\"><sup>(*)<\/sup> <sup>Les altres quotes de despeses (serveis complementaris, material, sortides, etc&#8230;) <b>no<\/b> es poden fraccionar.<\/sup><\/p>\n<ul>\n<li style=\"list-style-type: none;\">\n<ul>\n<li style=\"list-style-type: none;\">\n<ul>\n<li><a href=\"https:\/\/drive.google.com\/file\/d\/1ASP6LYvnWe9ogkXrjHGUGycpXdllQv9i\/view?usp=sharing\" target=\"_blank\" rel=\"noopener\">Codi barres CFGS ADMINISTRACI\u00d3 I FINANCES (GESTOR D&#8217;ASSEGURANCES)<\/a><\/li>\n<li><a href=\"https:\/\/drive.google.com\/file\/d\/1_LkWxvWnG9qwe_H4HKi4VcI21NOGpbh4\/view?usp=sharing\" target=\"_blank\" rel=\"noopener\">Codi barres CFGS AUTOMATIZACI\u00d3 I ROB\u00d2TICA INDUSTRIAL<\/a><\/li>\n<li><a href=\"https:\/\/drive.google.com\/file\/d\/1GkrRL3PZ-epPY85x8dKafVioMKSzl55C\/view?usp=sharing\" target=\"_blank\" rel=\"noopener\">Codi barres CFGS AUTOMOCI\u00d3<\/a><\/li>\n<li><a href=\"https:\/\/drive.google.com\/file\/d\/14owcq-2vDbeN8iM7HNGriqLocOo64V0_\/view?usp=sharing\" target=\"_blank\" rel=\"noopener\">Codi barres CFGS DISSENY EN FABRICACI\u00d3 MEC\u00c0NICA &#8211; DESENVOLUPAMENT VIRTUAL DE L&#8217;AUTOM\u00d2BIL<\/a><\/li>\n<li><a href=\"https:\/\/drive.google.com\/file\/d\/1bLx5t6kT4WMHk74viWbQAZfQunpHmIgZ\/view?usp=sharing\" target=\"_blank\" rel=\"noopener\">Codi barres CFGS ENSENYAMENT I ANIMACI\u00d3 SOCIOESPORTIVA<\/a><\/li>\n<li><a href=\"https:\/\/drive.google.com\/file\/d\/18QhRfF4qLK9M-qf7uCoc9NT3cVEtgplU\/view?usp=sharing\" target=\"_blank\" rel=\"noopener\">Codi barres CFGS EDUCACI\u00d3 INFANTIL<\/a><\/li>\n<li><a href=\"https:\/\/drive.google.com\/file\/d\/1WeZjiOZJgGKxXMlhiPkjgjOA8QvfkjPz\/view?usp=sharing\" target=\"_blank\" rel=\"noopener\">Codi barres CFGS GESTI\u00d3 DE VENDES I ESPAIS COMERCIALS<\/a><\/li>\n<li><a href=\"https:\/\/drive.google.com\/file\/d\/1vyRTr96n8b1D86pUvsEN9ql2zRF8aSi7\/view?usp=sharing\" target=\"_blank\" rel=\"noopener\">Codi barres CFGS INTEGRACI\u00d3 SOCIAL<\/a><\/li>\n<\/ul>\n<\/li>\n<li><strong>PAS 2.<\/strong> Si disposes de <a href=\"https:\/\/educacio.gencat.cat\/ca\/departament\/normativa\/taxes-preus-publics\/exempcions-bonificacions\/\" target=\"_blank\" rel=\"noopener\">bonificaci\u00f3 o exempci\u00f3<\/a> de pagament del preu p\u00fablic, fes foto del document oficial justificatiu (format .jpg)<\/li>\n<li><strong>PAS 3.<\/strong> Prepara una foto tipus carnet (format .jpg)<\/li>\n<li><strong>PAS 4.<\/strong> Prepara fotos del DNI (format .jpg): una foto de l&#8217;anvers i una altra del revers<\/li>\n<li><strong>PAS 5.<\/strong> Prepara foto de la targeta sanit\u00e0ria (format .jpg)<\/li>\n<li><strong>PAS 6.<\/strong> Prepara foto (format .jpg) del butllet\u00ed de notes de la \u00faltima avaluaci\u00f3 del cicle que has cursat aquest curs 22\/23<\/li>\n<li>Ves al <strong>PAS 7.<\/strong><\/li>\n<\/ul>\n<\/li>\n<\/ul>\n<p>&nbsp;<\/p>\n<ul>\n<li><span style=\"color: #ff6600;\"><strong>ALUMNAT NOU<\/strong>:<\/span>\n<ul>\n<li><strong>PAS 1.<\/strong> Fes el pagament de la quota del cicle formatiu corresponent mitjan\u00e7ant aquests codis de barres i guarda el comprovant de pagament (format .jpg)<\/li>\n<\/ul>\n<\/li>\n<\/ul>\n<p style=\"padding-left: 40px;\">Si vols fer el pagament del <strong>preu p\u00fablic<\/strong> (360\u20ac) <sup>(*)<\/sup> de manera fraccionada en dos terminis, emplena aquest <a href=\"https:\/\/docs.google.com\/forms\/d\/e\/1FAIpQLScRl02e_ShpF_LtUnC_SMlRA04zj_1_iHWbjo7oyvdX2L8yhQ\/viewform\" target=\"_blank\" rel=\"noopener\"><strong>Formulari fraccionament quota<\/strong><\/a><\/p>\n<p style=\"padding-left: 80px;\"><sup>(*)<\/sup> <sup>Les altres quotes de despeses (serveis complementaris, material, sortides, etc&#8230;) <b>no<\/b> es poden fraccionar.<\/sup><\/p>\n<ul>\n<li style=\"list-style-type: none;\">\n<ul>\n<li style=\"list-style-type: none;\">\n<ul>\n<li><a href=\"https:\/\/drive.google.com\/file\/d\/1ASP6LYvnWe9ogkXrjHGUGycpXdllQv9i\/view?usp=sharing\" target=\"_blank\" rel=\"noopener\">Codi barres CFGS ADMINISTRACI\u00d3 I FINANCES (GESTOR D&#8217;ASSEGURANCES)<\/a><\/li>\n<li><a href=\"https:\/\/drive.google.com\/file\/d\/1_LkWxvWnG9qwe_H4HKi4VcI21NOGpbh4\/view?usp=sharing\" target=\"_blank\" rel=\"noopener\">Codi barres CFGS AUTOMATIZACI\u00d3 I ROB\u00d2TICA INDUSTRIAL<\/a><\/li>\n<li><a href=\"https:\/\/drive.google.com\/file\/d\/1GkrRL3PZ-epPY85x8dKafVioMKSzl55C\/view?usp=sharing\" target=\"_blank\" rel=\"noopener\">Codi barres CFGS AUTOMOCI\u00d3<\/a><\/li>\n<li><a href=\"https:\/\/drive.google.com\/file\/d\/14owcq-2vDbeN8iM7HNGriqLocOo64V0_\/view?usp=sharing\" target=\"_blank\" rel=\"noopener\">Codi barres CFGS DISSENY EN FABRICACI\u00d3 MEC\u00c0NICA &#8211; DESENVOLUPAMENT VIRTUAL DE L&#8217;AUTOM\u00d2BIL<\/a><\/li>\n<li><a href=\"https:\/\/drive.google.com\/file\/d\/1bLx5t6kT4WMHk74viWbQAZfQunpHmIgZ\/view?usp=sharing\" target=\"_blank\" rel=\"noopener\">Codi barres CFGS ENSENYAMENT I ANIMACI\u00d3 SOCIOESPORTIVA<\/a><\/li>\n<li><a href=\"https:\/\/drive.google.com\/file\/d\/18QhRfF4qLK9M-qf7uCoc9NT3cVEtgplU\/view?usp=sharing\" target=\"_blank\" rel=\"noopener\">Codi barres CFGS EDUCACI\u00d3 INFANTIL<\/a><\/li>\n<li><a href=\"https:\/\/drive.google.com\/file\/d\/1vyRTr96n8b1D86pUvsEN9ql2zRF8aSi7\/view?usp=sharing\" target=\"_blank\" rel=\"noopener\">Codi barres CFGS INTEGRACI\u00d3 SOCIAL<\/a><\/li>\n<li><a href=\"https:\/\/drive.google.com\/file\/d\/129m3LstkysH67UdP8bWCpdTqW_GI5MGE\/view?usp=sharing\" target=\"_blank\" rel=\"noopener\">Codi barres CFGS M\u00c0RQUETING I PUBLICITAT<\/a><\/li>\n<\/ul>\n<\/li>\n<li><strong>PAS 2.<\/strong> Si disposes de <a href=\"https:\/\/educacio.gencat.cat\/ca\/departament\/normativa\/taxes-preus-publics\/exempcions-bonificacions\/\" target=\"_blank\" rel=\"noopener\">bonificaci\u00f3 o exempci\u00f3<\/a> de pagament del preu p\u00fablic, fes foto del document oficial justificatiu (format .jpg)<\/li>\n<li><strong>PAS 3.<\/strong> Prepara una foto tipus carnet (format .jpg)<\/li>\n<li><strong>PAS 4.<\/strong> Prepara fotos del DNI (format .jpg): una foto de l&#8217;anvers i una altra del revers<\/li>\n<li><strong>PAS 5.<\/strong> Prepara foto de la targeta sanit\u00e0ria (format .jpg)<\/li>\n<li><strong>PAS 6.<\/strong> Prepara foto (format .jpg) del t\u00edtol o resguard dels estudis al\u00b7legats com a requisit d&#8217;acc\u00e9s<\/li>\n<li>Ves al <strong>PAS 7.<\/strong><\/li>\n<\/ul>\n<\/li>\n<\/ul>\n<p><strong>\u00a0<\/strong><\/p>\n<p><strong>&#8211; <span style=\"font-size: 14pt;\">PAS 7<\/span>. Un cop hagis fet els passos 1 al 6 i preparat els arxius (format .jpg) ja pots emplenar el formulari seleccionant el teu cicle formatiu (FORMULARIS DESACTIVATS):<\/strong><\/p>\n<p><span style=\"color: #008000;\"><strong>Important:<\/strong> utilitzeu el navegador Chrome i fer-ho amb ordinador (no m\u00f2bil). Els enlla\u00e7os no funcionaran si us connecteu amb la wifi del centre.<br \/>\n<\/span><\/p>\n<p><a href=\"http:\/\/intranet.insandreunin.cat\/\/matriculacions\/CCFF\/CCFFGS\/CFGSAdministraci\u00f3ifinances(\u00e0mbitgestord'assegurances(AGB1)...\" target=\"_blank\" rel=\"noopener\"><span style=\"color: #0000ff;\"><strong>CFGS ADMINISTRACI\u00d3 I FINANCES (GESTOR D&#8217;ASSEGURANCES)<\/strong><\/span><\/a><\/p>\n<p><a href=\"http:\/\/intranet.insandreunin.cat\/\/matriculacions\/CCFF\/CCFFGS\/CFGSAutomatitzaci\u00f3irob\u00f2ticaindustrial(EEB0)...\" target=\"_blank\" rel=\"noopener\"><span style=\"color: #0000ff;\"><strong>CFGS AUTOMATIZACI\u00d3 I ROB\u00d2TICA INDUSTRIAL<\/strong><\/span><\/a><\/p>\n<p><a href=\"http:\/\/intranet.insandreunin.cat\/\/matriculacions\/CCFF\/CCFFGS\/CFGSAutomoci\u00f3(TMA0)...\" target=\"_blank\" rel=\"noopener\"><span style=\"color: #0000ff;\"><strong>CFGS AUTOMOCI\u00d3<\/strong><\/span><\/a><\/p>\n<p><a href=\"http:\/\/intranet.insandreunin.cat\/\/matriculacions\/CCFF\/CCFFGS\/CFGSDissenyenfabricaci\u00f3mec\u00e0nica-Desenvolupamentvirtualdel'autom\u00f2bil(CFPSFMC1)...\" target=\"_blank\" rel=\"noopener\"><span style=\"color: #0000ff;\"><strong>CFGS DISSENY EN FABRICACI\u00d3 MEC\u00c0NICA &#8211; DESENVOLUPAMENT VIRTUAL DE L&#8217;AUTOM\u00d2BIL<\/strong><\/span><\/a><\/p>\n<p><a href=\"http:\/\/intranet.insandreunin.cat\/\/matriculacions\/CCFF\/CCFFGS\/CFGSEnsenyamentianimaci\u00f3socioesportiva(AEA0)...\" target=\"_blank\" rel=\"noopener\"><span style=\"color: #0000ff;\"><strong>CFGS ENSENYAMENT I ANIMACI\u00d3 SOCIOESPORTIVA<\/strong><\/span><\/a><\/p>\n<p><a href=\"http:\/\/intranet.insandreunin.cat\/\/matriculacions\/CCFF\/CCFFGS\/CFGSEducaci\u00f3infantil(SCB0)...\" target=\"_blank\" rel=\"noopener\"><span style=\"color: #0000ff;\"><strong>CFGS EDUCACI\u00d3 INFANTIL<\/strong><\/span><\/a><\/p>\n<p><a href=\"http:\/\/intranet.insandreunin.cat\/\/matriculacions\/CCFF\/CCFFGS\/CFGSGesti\u00f3devendesiespaiscomercials(CFPSCMA0)...\" target=\"_blank\" rel=\"noopener\"><span style=\"color: #0000ff;\"><strong>CFGS GESTI\u00d3 DE VENDES I ESPAIS COMERCIALS<\/strong><\/span><\/a><\/p>\n<p><a href=\"http:\/\/intranet.insandreunin.cat\/\/matriculacions\/CCFF\/CCFFGS\/CFGSIntegraci\u00f3social(SCC0)...\" target=\"_blank\" rel=\"noopener\"><span style=\"color: #0000ff;\"><strong>CFGS INTEGRACI\u00d3 SOCIAL<\/strong><\/span><\/a><\/p>\n<p><a href=\"http:\/\/intranet.insandreunin.cat\/\/matriculacions\/CCFF\/CCFFGS\/CFGSM\u00e0rquetingipublicitat(CFPSCMD0)...\" target=\"_blank\" rel=\"noopener\"><span style=\"color: #0000ff;\"><strong>CFGS M\u00c0RQUETING I PUBLICITAT<\/strong><\/span><\/a><\/p>\n<p>&nbsp;<\/p>\n<p><strong>IMPORTANT!!<\/strong><\/p>\n<p>Si no rebem la documentaci\u00f3 dins el termini de matr\u00edcula, entendrem que renuncieu a la pla\u00e7a i activarem la llista d\u2019espera. En el cas que per algun motiu ja sapigueu que no formalitzareu la matr\u00edcula, us agrair\u00edem que ens ho comuniqueu a l\u2019adre\u00e7a <a href=\"mailto:secretaria@insandreunin.cat\">secretaria@insandreunin.cat<\/a><\/p>\n","protected":false},"excerpt":{"rendered":"<p>MATR\u00cdCULA CICLES FORMATIUS DE GRAU SUPERIOR (CFGS) 23\/24 EL PER\u00cdODE DE MATRICULACI\u00d3 HA FINALITZAT. AQUESTA P\u00c0GINA QUEDA ACTIVADA PER MOTIUS INFORMATIUS. &nbsp; El procediment de matriculaci\u00f3 es realitza mitjan\u00e7ant un formulari, per\u00f2 abans d&#8217;emplenar-lo LLEGEIX ATENTAMENT AQUESTES INSTRUCCIONS: S&#8217;ha de diferenciar entre 2 tipus d&#8217;alumnat: &#8211; ALUMNAT DE CONTINU\u00cfTAT &#8211; tots aquells alumnes que han [&hellip;]<\/p>\n","protected":false},"author":41,"featured_media":0,"parent":0,"menu_order":0,"comment_status":"closed","ping_status":"closed","template":"","meta":{"_bbp_topic_count":0,"_bbp_reply_count":0,"_bbp_total_topic_count":0,"_bbp_total_reply_count":0,"_bbp_voice_count":0,"_bbp_anonymous_reply_count":0,"_bbp_topic_count_hidden":0,"_bbp_reply_count_hidden":0,"_bbp_forum_subforum_count":0,"site-sidebar-layout":"default","site-content-layout":"","ast-site-content-layout":"","site-content-style":"default","site-sidebar-style":"default","ast-global-header-display":"","ast-banner-title-visibility":"","ast-main-header-display":"","ast-hfb-above-header-display":"","ast-hfb-below-header-display":"","ast-hfb-mobile-header-display":"","site-post-title":"","ast-breadcrumbs-content":"","ast-featured-img":"","footer-sml-layout":"","theme-transparent-header-meta":"","adv-header-id-meta":"","stick-header-meta":"","header-above-stick-meta":"","header-main-stick-meta":"","header-below-stick-meta":"","astra-migrate-meta-layouts":"default","ast-page-background-enabled":"default","ast-page-background-meta":{"desktop":{"background-color":"var(--ast-global-color-4)","background-image":"","background-repeat":"repeat","background-position":"center center","background-size":"auto","background-attachment":"scroll","background-type":"","background-media":"","overlay-type":"","overlay-color":"","overlay-opacity":"","overlay-gradient":""},"tablet":{"background-color":"","background-image":"","background-repeat":"repeat","background-position":"center center","background-size":"auto","background-attachment":"scroll","background-type":"","background-media":"","overlay-type":"","overlay-color":"","overlay-opacity":"","overlay-gradient":""},"mobile":{"background-color":"","background-image":"","background-repeat":"repeat","background-position":"center center","background-size":"auto","background-attachment":"scroll","background-type":"","background-media":"","overlay-type":"","overlay-color":"","overlay-opacity":"","overlay-gradient":""}},"ast-content-background-meta":{"desktop":{"background-color":"var(--ast-global-color-5)","background-image":"","background-repeat":"repeat","background-position":"center center","background-size":"auto","background-attachment":"scroll","background-type":"","background-media":"","overlay-type":"","overlay-color":"","overlay-opacity":"","overlay-gradient":""},"tablet":{"background-color":"var(--ast-global-color-5)","background-image":"","background-repeat":"repeat","background-position":"center center","background-size":"auto","background-attachment":"scroll","background-type":"","background-media":"","overlay-type":"","overlay-color":"","overlay-opacity":"","overlay-gradient":""},"mobile":{"background-color":"var(--ast-global-color-5)","background-image":"","background-repeat":"repeat","background-position":"center center","background-size":"auto","background-attachment":"scroll","background-type":"","background-media":"","overlay-type":"","overlay-color":"","overlay-opacity":"","overlay-gradient":""}},"footnotes":""},"class_list":["post-20992","page","type-page","status-publish","hentry"],"post_mailing_queue_ids":[],"_links":{"self":[{"href":"https:\/\/agora.xtec.cat\/insandreunin\/wp-json\/wp\/v2\/pages\/20992","targetHints":{"allow":["GET"]}}],"collection":[{"href":"https:\/\/agora.xtec.cat\/insandreunin\/wp-json\/wp\/v2\/pages"}],"about":[{"href":"https:\/\/agora.xtec.cat\/insandreunin\/wp-json\/wp\/v2\/types\/page"}],"author":[{"embeddable":true,"href":"https:\/\/agora.xtec.cat\/insandreunin\/wp-json\/wp\/v2\/users\/41"}],"replies":[{"embeddable":true,"href":"https:\/\/agora.xtec.cat\/insandreunin\/wp-json\/wp\/v2\/comments?post=20992"}],"version-history":[{"count":5,"href":"https:\/\/agora.xtec.cat\/insandreunin\/wp-json\/wp\/v2\/pages\/20992\/revisions"}],"predecessor-version":[{"id":21341,"href":"https:\/\/agora.xtec.cat\/insandreunin\/wp-json\/wp\/v2\/pages\/20992\/revisions\/21341"}],"wp:attachment":[{"href":"https:\/\/agora.xtec.cat\/insandreunin\/wp-json\/wp\/v2\/media?parent=20992"}],"curies":[{"name":"wp","href":"https:\/\/api.w.org\/{rel}","templated":true}]}}