{"id":16559,"date":"2021-02-05T08:54:50","date_gmt":"2021-02-05T07:54:50","guid":{"rendered":"http:\/\/agora.xtec.cat\/insandreunin\/?page_id=16559"},"modified":"2026-03-11T11:10:13","modified_gmt":"2026-03-11T10:10:13","slug":"proves-dacces","status":"publish","type":"page","link":"https:\/\/agora.xtec.cat\/insandreunin\/secretaria\/proves-dacces\/","title":{"rendered":"PROVES D\u2019ACC\u00c9S"},"content":{"rendered":"<p>El Departament d&#8217;Educaci\u00f3 i Formaci\u00f3 Professional convoca les proves d&#8217;acc\u00e9s\u00a0per accedir a\u00a0<strong>cicles de formaci\u00f3 professional<\/strong> i no es reuneixen els requisits acad\u00e8mics. Us comuniquem que el Departament d&#8217;Educaci\u00f3 ha publicat la <a href=\"https:\/\/drive.google.com\/file\/d\/184hAgIFYthXM8MfiBWkK3Xjl-OVqQXoR\/view?usp=sharing\" target=\"_blank\" rel=\"noopener\">Resoluci\u00f3 EDF\/575\/2026, de 2 de mar\u00e7,\u00a0per la qual es convoquen les proves d&#8217;acc\u00e9s als cicles formatius de formaci\u00f3 professional.<\/a><\/p>\n<p>Les proves d&#8217;acc\u00e9s s\u00f3n una oportunitat per a les persones que volen continuar la seva formaci\u00f3 o millorar la seva qualificaci\u00f3 professional.<\/p>\n<p>Aquest curs <strong>NO SOM SEU DE LES PROVES D&#8217;ACC\u00c9S A CICLES DE GRAU MITJ\u00c0<\/strong>.<\/p>\n<table class=\" aligncenter\" style=\"border-collapse: collapse; width: 100%;\">\n<tbody>\n<tr>\n<td style=\"width: 50%; border-color: #ffffff;\"><a href=\"https:\/\/agora.xtec.cat\/insandreunin\/secretaria\/proves-dacces\/cicles-formatius-de-grau-superior\/\"><img loading=\"lazy\" decoding=\"async\" class=\"wp-image-23122 aligncenter\" src=\"https:\/\/agora.xtec.cat\/insandreunin\/wp-content\/uploads\/usu1005\/2025\/03\/45-1024x1024.png\" alt=\"\" width=\"510\" height=\"510\" srcset=\"https:\/\/agora.xtec.cat\/insandreunin\/wp-content\/uploads\/usu1005\/2025\/03\/45-1024x1024.png 1024w, https:\/\/agora.xtec.cat\/insandreunin\/wp-content\/uploads\/usu1005\/2025\/03\/45-300x300.png 300w, https:\/\/agora.xtec.cat\/insandreunin\/wp-content\/uploads\/usu1005\/2025\/03\/45-150x150.png 150w, https:\/\/agora.xtec.cat\/insandreunin\/wp-content\/uploads\/usu1005\/2025\/03\/45-768x768.png 768w, https:\/\/agora.xtec.cat\/insandreunin\/wp-content\/uploads\/usu1005\/2025\/03\/45.png 1080w\" sizes=\"auto, (max-width: 510px) 100vw, 510px\" \/><\/a><\/td>\n<td style=\"width: 50%; border-color: #ffffff;\"><\/td>\n<\/tr>\n<\/tbody>\n<\/table>\n","protected":false},"excerpt":{"rendered":"<p>El Departament d&#8217;Educaci\u00f3 i Formaci\u00f3 Professional convoca les proves d&#8217;acc\u00e9s\u00a0per accedir a\u00a0cicles de formaci\u00f3 professional i no es reuneixen els requisits acad\u00e8mics. Us comuniquem que el Departament d&#8217;Educaci\u00f3 ha publicat la Resoluci\u00f3 EDF\/575\/2026, de 2 de mar\u00e7,\u00a0per la qual es convoquen les proves d&#8217;acc\u00e9s als cicles formatius de formaci\u00f3 professional. Les proves d&#8217;acc\u00e9s s\u00f3n una [&hellip;]<\/p>\n","protected":false},"author":1,"featured_media":0,"parent":81,"menu_order":1,"comment_status":"closed","ping_status":"closed","template":"","meta":{"_bbp_topic_count":0,"_bbp_reply_count":0,"_bbp_total_topic_count":0,"_bbp_total_reply_count":0,"_bbp_voice_count":0,"_bbp_anonymous_reply_count":0,"_bbp_topic_count_hidden":0,"_bbp_reply_count_hidden":0,"_bbp_forum_subforum_count":0,"site-sidebar-layout":"default","site-content-layout":"","ast-site-content-layout":"default","site-content-style":"default","site-sidebar-style":"default","ast-global-header-display":"","ast-banner-title-visibility":"","ast-main-header-display":"","ast-hfb-above-header-display":"","ast-hfb-below-header-display":"","ast-hfb-mobile-header-display":"","site-post-title":"","ast-breadcrumbs-content":"","ast-featured-img":"","footer-sml-layout":"","theme-transparent-header-meta":"default","adv-header-id-meta":"","stick-header-meta":"","header-above-stick-meta":"","header-main-stick-meta":"","header-below-stick-meta":"","astra-migrate-meta-layouts":"set","ast-page-background-enabled":"default","ast-page-background-meta":{"desktop":{"background-color":"var(--ast-global-color-4)","background-image":"","background-repeat":"repeat","background-position":"center center","background-size":"auto","background-attachment":"scroll","background-type":"","background-media":"","overlay-type":"","overlay-color":"","overlay-opacity":"","overlay-gradient":""},"tablet":{"background-color":"","background-image":"","background-repeat":"repeat","background-position":"center center","background-size":"auto","background-attachment":"scroll","background-type":"","background-media":"","overlay-type":"","overlay-color":"","overlay-opacity":"","overlay-gradient":""},"mobile":{"background-color":"","background-image":"","background-repeat":"repeat","background-position":"center center","background-size":"auto","background-attachment":"scroll","background-type":"","background-media":"","overlay-type":"","overlay-color":"","overlay-opacity":"","overlay-gradient":""}},"ast-content-background-meta":{"desktop":{"background-color":"var(--ast-global-color-5)","background-image":"","background-repeat":"repeat","background-position":"center center","background-size":"auto","background-attachment":"scroll","background-type":"","background-media":"","overlay-type":"","overlay-color":"","overlay-opacity":"","overlay-gradient":""},"tablet":{"background-color":"var(--ast-global-color-5)","background-image":"","background-repeat":"repeat","background-position":"center center","background-size":"auto","background-attachment":"scroll","background-type":"","background-media":"","overlay-type":"","overlay-color":"","overlay-opacity":"","overlay-gradient":""},"mobile":{"background-color":"var(--ast-global-color-5)","background-image":"","background-repeat":"repeat","background-position":"center center","background-size":"auto","background-attachment":"scroll","background-type":"","background-media":"","overlay-type":"","overlay-color":"","overlay-opacity":"","overlay-gradient":""}},"footnotes":""},"class_list":["post-16559","page","type-page","status-publish","hentry"],"post_mailing_queue_ids":[],"_links":{"self":[{"href":"https:\/\/agora.xtec.cat\/insandreunin\/wp-json\/wp\/v2\/pages\/16559","targetHints":{"allow":["GET"]}}],"collection":[{"href":"https:\/\/agora.xtec.cat\/insandreunin\/wp-json\/wp\/v2\/pages"}],"about":[{"href":"https:\/\/agora.xtec.cat\/insandreunin\/wp-json\/wp\/v2\/types\/page"}],"author":[{"embeddable":true,"href":"https:\/\/agora.xtec.cat\/insandreunin\/wp-json\/wp\/v2\/users\/1"}],"replies":[{"embeddable":true,"href":"https:\/\/agora.xtec.cat\/insandreunin\/wp-json\/wp\/v2\/comments?post=16559"}],"version-history":[{"count":6,"href":"https:\/\/agora.xtec.cat\/insandreunin\/wp-json\/wp\/v2\/pages\/16559\/revisions"}],"predecessor-version":[{"id":24442,"href":"https:\/\/agora.xtec.cat\/insandreunin\/wp-json\/wp\/v2\/pages\/16559\/revisions\/24442"}],"up":[{"embeddable":true,"href":"https:\/\/agora.xtec.cat\/insandreunin\/wp-json\/wp\/v2\/pages\/81"}],"wp:attachment":[{"href":"https:\/\/agora.xtec.cat\/insandreunin\/wp-json\/wp\/v2\/media?parent=16559"}],"curies":[{"name":"wp","href":"https:\/\/api.w.org\/{rel}","templated":true}]}}