{"id":14199,"date":"2023-10-01T11:50:50","date_gmt":"2023-10-01T09:50:50","guid":{"rendered":"http:\/\/agora.xtec.cat\/insandreunin\/?page_id=14199"},"modified":"2024-09-10T20:03:16","modified_gmt":"2024-09-10T18:03:16","slug":"novetats-de-la-biblioteca","status":"publish","type":"page","link":"https:\/\/agora.xtec.cat\/insandreunin\/projectes-i-activitats\/biblioteca\/novetats-de-la-biblioteca\/","title":{"rendered":"Novetats de la biblioteca"},"content":{"rendered":"<p>A partir de dilluns 2 d&#8217;octubre les biblioteques dels edificis A i C estaran obertes durant el primer bibliopati (de 10 h a 10.25 h) i a les tardes de dilluns a divendres.<\/p>\n<p>Veniu-hi a llegir, estudiar, completar projectes, compartir recomanacions&#8230; Hi trobareu moltes novetats!<\/p>\n<p>Si voleu demanar un llibre en pr\u00e9stec, haureu d&#8217;anar al bibliopati i adre\u00e7ar-vos a les persones responsables de la biblioteca. Tindreu 30 dies per llegir-lo, per\u00f2 si en necessiteu m\u00e9s podeu sol\u00b7licitar una pr\u00f2rroga.<\/p>\n<p>Bona lectura!<\/p>\n<p><a href=\"https:\/\/agora.xtec.cat\/insandreunin\/wp-content\/uploads\/usu1005\/2023\/10\/IMG_20230912_110242.jpg\"><img loading=\"lazy\" decoding=\"async\" class=\"alignnone size-full wp-image-21327\" src=\"https:\/\/agora.xtec.cat\/insandreunin\/wp-content\/uploads\/usu1005\/2023\/10\/IMG_20230912_110242.jpg\" alt=\"\" width=\"800\" height=\"369\" data-wp-editing=\"1\" srcset=\"https:\/\/agora.xtec.cat\/insandreunin\/wp-content\/uploads\/usu1005\/2023\/10\/IMG_20230912_110242.jpg 800w, https:\/\/agora.xtec.cat\/insandreunin\/wp-content\/uploads\/usu1005\/2023\/10\/IMG_20230912_110242-300x138.jpg 300w, https:\/\/agora.xtec.cat\/insandreunin\/wp-content\/uploads\/usu1005\/2023\/10\/IMG_20230912_110242-768x354.jpg 768w\" sizes=\"auto, (max-width: 800px) 100vw, 800px\" \/><\/a><\/p>\n<p><a href=\"https:\/\/agora.xtec.cat\/insandreunin\/wp-content\/uploads\/usu1005\/2023\/10\/llibres-C.jpg\"><img loading=\"lazy\" decoding=\"async\" class=\"alignnone size-full wp-image-21328\" src=\"https:\/\/agora.xtec.cat\/insandreunin\/wp-content\/uploads\/usu1005\/2023\/10\/llibres-C.jpg\" alt=\"\" width=\"772\" height=\"369\" srcset=\"https:\/\/agora.xtec.cat\/insandreunin\/wp-content\/uploads\/usu1005\/2023\/10\/llibres-C.jpg 772w, https:\/\/agora.xtec.cat\/insandreunin\/wp-content\/uploads\/usu1005\/2023\/10\/llibres-C-300x143.jpg 300w, https:\/\/agora.xtec.cat\/insandreunin\/wp-content\/uploads\/usu1005\/2023\/10\/llibres-C-768x367.jpg 768w\" sizes=\"auto, (max-width: 772px) 100vw, 772px\" \/><\/a><\/p>\n<p><a href=\"https:\/\/agora.xtec.cat\/insandreunin\/wp-content\/uploads\/usu1005\/2023\/10\/IMG_20230901_120122.jpg\"><img loading=\"lazy\" decoding=\"async\" class=\"alignnone size-full wp-image-21326\" src=\"https:\/\/agora.xtec.cat\/insandreunin\/wp-content\/uploads\/usu1005\/2023\/10\/IMG_20230901_120122.jpg\" alt=\"\" width=\"800\" height=\"369\" data-wp-editing=\"1\" srcset=\"https:\/\/agora.xtec.cat\/insandreunin\/wp-content\/uploads\/usu1005\/2023\/10\/IMG_20230901_120122.jpg 800w, https:\/\/agora.xtec.cat\/insandreunin\/wp-content\/uploads\/usu1005\/2023\/10\/IMG_20230901_120122-300x138.jpg 300w, https:\/\/agora.xtec.cat\/insandreunin\/wp-content\/uploads\/usu1005\/2023\/10\/IMG_20230901_120122-768x354.jpg 768w\" sizes=\"auto, (max-width: 800px) 100vw, 800px\" \/><\/a><a href=\"https:\/\/agora.xtec.cat\/insandreunin\/wp-content\/uploads\/usu1005\/2023\/10\/novetats-A.jpg\"><img loading=\"lazy\" decoding=\"async\" class=\"size-full wp-image-21329 alignnone\" src=\"https:\/\/agora.xtec.cat\/insandreunin\/wp-content\/uploads\/usu1005\/2023\/10\/novetats-A.jpg\" alt=\"\" width=\"346\" height=\"451\" srcset=\"https:\/\/agora.xtec.cat\/insandreunin\/wp-content\/uploads\/usu1005\/2023\/10\/novetats-A.jpg 346w, https:\/\/agora.xtec.cat\/insandreunin\/wp-content\/uploads\/usu1005\/2023\/10\/novetats-A-230x300.jpg 230w\" sizes=\"auto, (max-width: 346px) 100vw, 346px\" \/><\/a><\/p>\n","protected":false},"excerpt":{"rendered":"<p>A partir de dilluns 2 d&#8217;octubre les biblioteques dels edificis A i C estaran obertes durant el primer bibliopati (de 10 h a 10.25 h) i a les tardes de dilluns a divendres. Veniu-hi a llegir, estudiar, completar projectes, compartir recomanacions&#8230; Hi trobareu moltes novetats! Si voleu demanar un llibre en pr\u00e9stec, haureu d&#8217;anar al [&hellip;]<\/p>\n","protected":false},"author":32,"featured_media":0,"parent":13784,"menu_order":0,"comment_status":"closed","ping_status":"closed","template":"","meta":{"_bbp_topic_count":0,"_bbp_reply_count":0,"_bbp_total_topic_count":0,"_bbp_total_reply_count":0,"_bbp_voice_count":0,"_bbp_anonymous_reply_count":0,"_bbp_topic_count_hidden":0,"_bbp_reply_count_hidden":0,"_bbp_forum_subforum_count":0,"site-sidebar-layout":"default","site-content-layout":"","ast-site-content-layout":"","site-content-style":"default","site-sidebar-style":"default","ast-global-header-display":"","ast-banner-title-visibility":"","ast-main-header-display":"","ast-hfb-above-header-display":"","ast-hfb-below-header-display":"","ast-hfb-mobile-header-display":"","site-post-title":"","ast-breadcrumbs-content":"","ast-featured-img":"","footer-sml-layout":"","theme-transparent-header-meta":"","adv-header-id-meta":"","stick-header-meta":"","header-above-stick-meta":"","header-main-stick-meta":"","header-below-stick-meta":"","astra-migrate-meta-layouts":"default","ast-page-background-enabled":"default","ast-page-background-meta":{"desktop":{"background-color":"var(--ast-global-color-4)","background-image":"","background-repeat":"repeat","background-position":"center center","background-size":"auto","background-attachment":"scroll","background-type":"","background-media":"","overlay-type":"","overlay-color":"","overlay-opacity":"","overlay-gradient":""},"tablet":{"background-color":"","background-image":"","background-repeat":"repeat","background-position":"center center","background-size":"auto","background-attachment":"scroll","background-type":"","background-media":"","overlay-type":"","overlay-color":"","overlay-opacity":"","overlay-gradient":""},"mobile":{"background-color":"","background-image":"","background-repeat":"repeat","background-position":"center center","background-size":"auto","background-attachment":"scroll","background-type":"","background-media":"","overlay-type":"","overlay-color":"","overlay-opacity":"","overlay-gradient":""}},"ast-content-background-meta":{"desktop":{"background-color":"var(--ast-global-color-5)","background-image":"","background-repeat":"repeat","background-position":"center center","background-size":"auto","background-attachment":"scroll","background-type":"","background-media":"","overlay-type":"","overlay-color":"","overlay-opacity":"","overlay-gradient":""},"tablet":{"background-color":"var(--ast-global-color-5)","background-image":"","background-repeat":"repeat","background-position":"center center","background-size":"auto","background-attachment":"scroll","background-type":"","background-media":"","overlay-type":"","overlay-color":"","overlay-opacity":"","overlay-gradient":""},"mobile":{"background-color":"var(--ast-global-color-5)","background-image":"","background-repeat":"repeat","background-position":"center center","background-size":"auto","background-attachment":"scroll","background-type":"","background-media":"","overlay-type":"","overlay-color":"","overlay-opacity":"","overlay-gradient":""}},"footnotes":""},"class_list":["post-14199","page","type-page","status-publish","hentry"],"post_mailing_queue_ids":[],"_links":{"self":[{"href":"https:\/\/agora.xtec.cat\/insandreunin\/wp-json\/wp\/v2\/pages\/14199","targetHints":{"allow":["GET"]}}],"collection":[{"href":"https:\/\/agora.xtec.cat\/insandreunin\/wp-json\/wp\/v2\/pages"}],"about":[{"href":"https:\/\/agora.xtec.cat\/insandreunin\/wp-json\/wp\/v2\/types\/page"}],"author":[{"embeddable":true,"href":"https:\/\/agora.xtec.cat\/insandreunin\/wp-json\/wp\/v2\/users\/32"}],"replies":[{"embeddable":true,"href":"https:\/\/agora.xtec.cat\/insandreunin\/wp-json\/wp\/v2\/comments?post=14199"}],"version-history":[{"count":6,"href":"https:\/\/agora.xtec.cat\/insandreunin\/wp-json\/wp\/v2\/pages\/14199\/revisions"}],"predecessor-version":[{"id":22661,"href":"https:\/\/agora.xtec.cat\/insandreunin\/wp-json\/wp\/v2\/pages\/14199\/revisions\/22661"}],"up":[{"embeddable":true,"href":"https:\/\/agora.xtec.cat\/insandreunin\/wp-json\/wp\/v2\/pages\/13784"}],"wp:attachment":[{"href":"https:\/\/agora.xtec.cat\/insandreunin\/wp-json\/wp\/v2\/media?parent=14199"}],"curies":[{"name":"wp","href":"https:\/\/api.w.org\/{rel}","templated":true}]}}