{"id":13543,"date":"2019-08-22T12:28:26","date_gmt":"2019-08-22T10:28:26","guid":{"rendered":"http:\/\/agora.xtec.cat\/insandreunin\/?page_id=13543"},"modified":"2020-02-10T12:27:13","modified_gmt":"2020-02-10T11:27:13","slug":"pyrenefp","status":"publish","type":"page","link":"https:\/\/agora.xtec.cat\/insandreunin\/empreses-i-entitats\/pyrenefp\/","title":{"rendered":"PyireneFP"},"content":{"rendered":"<hr \/>\n<p><a href=\"http:\/\/www.pyirenefp.eu\/\" target=\"_blank\" rel=\"noopener noreferrer\"><img loading=\"lazy\" decoding=\"async\" class=\"aligncenter wp-image-11402\" src=\"https:\/\/agora.xtec.cat\/insandreunin\/wp-content\/uploads\/usu1005\/2018\/11\/LOGO_interreg-POCTEFA-PyireneFP-PANTONE-1024x459.jpg\" alt=\"\" width=\"299\" height=\"134\" \/><\/a><\/p>\n<p>El programa PyreneFP tiene como objetivos generales desarrollar un espacio transfronterizo y coordinado de la Formaci\u00f3n Profesional que ofrece:<\/p>\n<p><strong>Servicios de informaci\u00f3n y orientaci\u00f3n profesional<\/strong><\/p>\n<p><strong>Movilidad formativa<\/strong><\/p>\n<p><strong>Formaci\u00f3n profesional con reconocimiento mutuo que conduce a la obtenci\u00f3n de titulaciones<\/strong><\/p>\n<p>Si como personas usuarias est\u00e1is interesadas en recibir informaci\u00f3n y orientaci\u00f3n profesional<\/p>\n<p>Si sois un centro de formaci\u00f3n y quer\u00e9is colaborar con el Instituto Andreu Nin en proyectos de movilidad transfonteriza<\/p>\n<p>contactad con\u00a0<a href=\"mailto:dcanavat@xtec.cat\">dcanavat@xtec.cat<\/a><\/p>\n<hr \/>\n<p>El programa PyreneFP t\u00e9 com a objectius generals desenvolupar un espai transfronterer i coordinat de la Formaci\u00f3 Professional que ofereix:<\/p>\n<p><strong>Serveis d&#8217;informaci\u00f3 i orientaci\u00f3 professional<\/strong><\/p>\n<p><strong>Mobilitat formativa<\/strong><\/p>\n<p><strong>Formaci\u00f3 professional amb reconeixement mutu conduent a l\u2019obtenci\u00f3 de titulacions<\/strong><\/p>\n<p>Si com a persones usu\u00e0ries esteu interessats en rebre informaci\u00f3 i orientaci\u00f3 professional<\/p>\n<p>Si sou un centre de formaci\u00f3 i voleu col\u00b7laborar amb l&#8217;Institut Andreu Nin en projectes de mobilitat transfonterera<\/p>\n<p>contacteu\u00a0 amb <a href=\"mailto:dcanavat@xtec.cat\">dcanavat@xtec.cat<\/a><\/p>\n<hr \/>\n<p>Le programme PyreneFP a comme objectifs g\u00e9n\u00e9raux de d\u00e9velopper un espace transfrontalier et coordonn\u00e9 de la formation professionnelle qui offre:<\/p>\n<p><strong>Services d&#8217;information et d&#8217;orientation professionnelle<\/strong><\/p>\n<p><strong>Mobilit\u00e9 de formation<\/strong><\/p>\n<p><strong>Formation professionnelle avec reconnaissance mutuelle menant \u00e0 l&#8217;obtention de dipl\u00f4mes<\/strong><\/p>\n<p>Si vous souhaitez recevoir des informations et des conseils professionnels en tant qu&#8217;utilisateur<br \/>\nSi vous \u00eates un centre de formation et souhaitez collaborer avec l&#8217;Institut Andreu Nin dans des projets de mobilit\u00e9 transnationale<\/p>\n<p>contact\u00a0<a href=\"mailto:dcanavat@xtec.cat\">dcanavat@xtec.cat<\/a><\/p>\n<p>&nbsp;<\/p>\n<p><a href=\"http:\/\/www.pyirenefp.eu\/\">m\u00e1s informaci\u00f3n \/ m\u00e9s informaci\u00f3 \/ plus d&#8217;informations:<img loading=\"lazy\" decoding=\"async\" class=\"aligncenter wp-image-11402\" src=\"https:\/\/agora.xtec.cat\/insandreunin\/wp-content\/uploads\/usu1005\/2018\/11\/LOGO_interreg-POCTEFA-PyireneFP-PANTONE-1024x459.jpg\" alt=\"\" width=\"299\" height=\"134\" \/><\/a><a href=\"https:\/\/projectes.xtec.cat\/transferinn\/\"><img loading=\"lazy\" decoding=\"async\" class=\"aligncenter wp-image-11403\" src=\"https:\/\/agora.xtec.cat\/insandreunin\/wp-content\/uploads\/usu1005\/2018\/11\/LOGO_interreg-POCTEFA-TransferINN-PANTONE-1024x459.jpg\" alt=\"\" width=\"294\" height=\"132\" srcset=\"https:\/\/agora.xtec.cat\/insandreunin\/wp-content\/uploads\/usu1005\/2018\/11\/LOGO_interreg-POCTEFA-TransferINN-PANTONE-1024x459.jpg 1024w, https:\/\/agora.xtec.cat\/insandreunin\/wp-content\/uploads\/usu1005\/2018\/11\/LOGO_interreg-POCTEFA-TransferINN-PANTONE-300x135.jpg 300w, https:\/\/agora.xtec.cat\/insandreunin\/wp-content\/uploads\/usu1005\/2018\/11\/LOGO_interreg-POCTEFA-TransferINN-PANTONE-768x345.jpg 768w, https:\/\/agora.xtec.cat\/insandreunin\/wp-content\/uploads\/usu1005\/2018\/11\/LOGO_interreg-POCTEFA-TransferINN-PANTONE.jpg 1843w\" sizes=\"auto, (max-width: 294px) 100vw, 294px\" \/><\/a><\/p>\n<p style=\"text-align: center;\"><strong>Este proyecto est\u00e1 cofinanciado por el Fondo Europeo de Desarrollo Regional (FEDER)<\/strong><\/p>\n<p><img loading=\"lazy\" decoding=\"async\" class=\" wp-image-9384 aligncenter\" src=\"http:\/\/agora.xtec.cat\/insandreunin\/wp-content\/uploads\/usu1005\/2016\/07\/fsi_mecd_2016-3.png\" alt=\"\" width=\"255\" height=\"40\" srcset=\"https:\/\/agora.xtec.cat\/insandreunin\/wp-content\/uploads\/usu1005\/2016\/07\/fsi_mecd_2016-3.png 490w, https:\/\/agora.xtec.cat\/insandreunin\/wp-content\/uploads\/usu1005\/2016\/07\/fsi_mecd_2016-3-300x47.png 300w\" sizes=\"auto, (max-width: 255px) 100vw, 255px\" \/><\/p>\n<p>&nbsp;<\/p>\n","protected":false},"excerpt":{"rendered":"<p>El programa PyreneFP tiene como objetivos generales desarrollar un espacio transfronterizo y coordinado de la Formaci\u00f3n Profesional que ofrece: Servicios de informaci\u00f3n y orientaci\u00f3n profesional Movilidad formativa Formaci\u00f3n profesional con reconocimiento mutuo que conduce a la obtenci\u00f3n de titulaciones Si como personas usuarias est\u00e1is interesadas en recibir informaci\u00f3n y orientaci\u00f3n profesional Si sois un centro [&hellip;]<\/p>\n","protected":false},"author":1,"featured_media":0,"parent":475,"menu_order":0,"comment_status":"closed","ping_status":"closed","template":"","meta":{"_bbp_topic_count":0,"_bbp_reply_count":0,"_bbp_total_topic_count":0,"_bbp_total_reply_count":0,"_bbp_voice_count":0,"_bbp_anonymous_reply_count":0,"_bbp_topic_count_hidden":0,"_bbp_reply_count_hidden":0,"_bbp_forum_subforum_count":0,"site-sidebar-layout":"default","site-content-layout":"","ast-site-content-layout":"","site-content-style":"default","site-sidebar-style":"default","ast-global-header-display":"","ast-banner-title-visibility":"","ast-main-header-display":"","ast-hfb-above-header-display":"","ast-hfb-below-header-display":"","ast-hfb-mobile-header-display":"","site-post-title":"","ast-breadcrumbs-content":"","ast-featured-img":"","footer-sml-layout":"","theme-transparent-header-meta":"","adv-header-id-meta":"","stick-header-meta":"","header-above-stick-meta":"","header-main-stick-meta":"","header-below-stick-meta":"","astra-migrate-meta-layouts":"default","ast-page-background-enabled":"default","ast-page-background-meta":{"desktop":{"background-color":"var(--ast-global-color-4)","background-image":"","background-repeat":"repeat","background-position":"center center","background-size":"auto","background-attachment":"scroll","background-type":"","background-media":"","overlay-type":"","overlay-color":"","overlay-opacity":"","overlay-gradient":""},"tablet":{"background-color":"","background-image":"","background-repeat":"repeat","background-position":"center center","background-size":"auto","background-attachment":"scroll","background-type":"","background-media":"","overlay-type":"","overlay-color":"","overlay-opacity":"","overlay-gradient":""},"mobile":{"background-color":"","background-image":"","background-repeat":"repeat","background-position":"center center","background-size":"auto","background-attachment":"scroll","background-type":"","background-media":"","overlay-type":"","overlay-color":"","overlay-opacity":"","overlay-gradient":""}},"ast-content-background-meta":{"desktop":{"background-color":"var(--ast-global-color-5)","background-image":"","background-repeat":"repeat","background-position":"center center","background-size":"auto","background-attachment":"scroll","background-type":"","background-media":"","overlay-type":"","overlay-color":"","overlay-opacity":"","overlay-gradient":""},"tablet":{"background-color":"var(--ast-global-color-5)","background-image":"","background-repeat":"repeat","background-position":"center center","background-size":"auto","background-attachment":"scroll","background-type":"","background-media":"","overlay-type":"","overlay-color":"","overlay-opacity":"","overlay-gradient":""},"mobile":{"background-color":"var(--ast-global-color-5)","background-image":"","background-repeat":"repeat","background-position":"center center","background-size":"auto","background-attachment":"scroll","background-type":"","background-media":"","overlay-type":"","overlay-color":"","overlay-opacity":"","overlay-gradient":""}},"footnotes":""},"class_list":["post-13543","page","type-page","status-publish","hentry"],"post_mailing_queue_ids":[],"_links":{"self":[{"href":"https:\/\/agora.xtec.cat\/insandreunin\/wp-json\/wp\/v2\/pages\/13543","targetHints":{"allow":["GET"]}}],"collection":[{"href":"https:\/\/agora.xtec.cat\/insandreunin\/wp-json\/wp\/v2\/pages"}],"about":[{"href":"https:\/\/agora.xtec.cat\/insandreunin\/wp-json\/wp\/v2\/types\/page"}],"author":[{"embeddable":true,"href":"https:\/\/agora.xtec.cat\/insandreunin\/wp-json\/wp\/v2\/users\/1"}],"replies":[{"embeddable":true,"href":"https:\/\/agora.xtec.cat\/insandreunin\/wp-json\/wp\/v2\/comments?post=13543"}],"version-history":[{"count":3,"href":"https:\/\/agora.xtec.cat\/insandreunin\/wp-json\/wp\/v2\/pages\/13543\/revisions"}],"predecessor-version":[{"id":14901,"href":"https:\/\/agora.xtec.cat\/insandreunin\/wp-json\/wp\/v2\/pages\/13543\/revisions\/14901"}],"up":[{"embeddable":true,"href":"https:\/\/agora.xtec.cat\/insandreunin\/wp-json\/wp\/v2\/pages\/475"}],"wp:attachment":[{"href":"https:\/\/agora.xtec.cat\/insandreunin\/wp-json\/wp\/v2\/media?parent=13543"}],"curies":[{"name":"wp","href":"https:\/\/api.w.org\/{rel}","templated":true}]}}