{"id":10983,"date":"2018-09-12T19:22:59","date_gmt":"2018-09-12T17:22:59","guid":{"rendered":"http:\/\/agora.xtec.cat\/insandreunin\/?page_id=10983"},"modified":"2025-09-10T12:41:03","modified_gmt":"2025-09-10T10:41:03","slug":"guies-dels-alumnes","status":"publish","type":"page","link":"https:\/\/agora.xtec.cat\/insandreunin\/espai-de-alumnat\/guies-dels-alumnes\/","title":{"rendered":"GUIES DE L&#8217;ALUMNAT"},"content":{"rendered":"<p><span style=\"text-decoration: underline;\"><b>GUIA DE L&#8217;ALUMNAT D\u2019ESO<\/b><\/span><\/p>\n<ul>\n<li><a href=\"https:\/\/agora.xtec.cat\/insandreunin\/wp-content\/uploads\/usu1005\/2024\/05\/1.-GUIA_DE_L_ALUMNAT_23-24_ESO.pdf\" target=\"_blank\" rel=\"noopener noreferrer\"><span style=\"text-decoration: underline;\">GUIA GENERAL DE L\u2019ALUMNAT D\u2019ESO<\/span><\/a><\/li>\n<li><a href=\"https:\/\/docs.google.com\/document\/d\/1RQFqVegt95Vqb9bJyIe3dokz-3d-ddmhYlk1UrJ-xgo\/edit?usp=sharing\" target=\"_blank\" rel=\"noopener noreferrer\">Guia de l\u2019alumnat 3r ESO PROJECTES<\/a><\/li>\n<li><a href=\"https:\/\/docs.google.com\/document\/d\/1q8_c8NO0un-yxCvYLIz_o-5IQsPdECOoZK8zsngPMX0\/edit?usp=sharing\" target=\"_blank\" rel=\"noopener noreferrer\">Guia de l\u2019alumnat 4t ESO ENDAVANT<\/a><\/li>\n<li><a href=\"https:\/\/docs.google.com\/document\/d\/1cYFLODMyLUOry7QpY_6yBWnPuLk08g-I84qaDi-Dszc\/edit?usp=sharing\" target=\"_blank\" rel=\"noopener noreferrer\">Guia del delegat\/da<\/a><\/li>\n<\/ul>\n<p>&nbsp;<\/p>\n<p><span style=\"text-decoration: underline;\"><b>GUIA DE L&#8217;ALUMNAT DE BATXILLERAT<\/b><\/span><\/p>\n<ul>\n<li><a href=\"https:\/\/drive.google.com\/file\/d\/1t8Zh4FQVyJeaVmEXUQzkl9ULJYHY4v0Y\/view?usp=sharing\" target=\"_blank\" rel=\"noopener noreferrer\"><span style=\"text-decoration: underline;\">GUIA GENERAL DE L\u2019ALUMNAT DE BATXILLERAT<\/span><\/a><\/li>\n<\/ul>\n<p>&nbsp;<\/p>\n<p><span style=\"text-decoration: underline;\"><b>GUIA DE L&#8217;ALUMNAT DE CICLES FORMATIUS<\/b><\/span><\/p>\n<ul>\n<li>De\u00a0<strong>Grau Mitj\u00e0 (CFGM) <\/strong>es cursen els cicles de:\n<ul>\n<li><a href=\"https:\/\/drive.google.com\/file\/d\/1hxZhCVFq1JWtYeqGcd0ppYDRLOHDmfcW\/view?usp=sharing\" target=\"_blank\" rel=\"noopener\"><span style=\"text-decoration: underline;\">GUIA_GENERAL_DE_L&#8217;ALUMNAT_CFGM<\/span><\/a><\/li>\n<li><a href=\"https:\/\/docs.google.com\/document\/d\/1LM5VIpoYaqnjS7ATznti0jqYTwmGKL37rXbMsAJ4EtY\/edit?usp=sharing\">Atenci\u00f3 a persones en situaci\u00f3 de depend\u00e8ncia (CFPM SC10) SSC<\/a><\/li>\n<li><a href=\"https:\/\/docs.google.com\/document\/d\/167gxz0vG2s56S5ib3d9j9C4WI4VkhaTw8RW_C72UEkM\/edit?usp=sharing\">Cures auxiliars d\u2019infermeria (CFPM 1601)\u00a0 SAN<\/a><\/li>\n<li><a href=\"https:\/\/docs.google.com\/document\/d\/17J6sp3Sc1AJS4J3oU9G46G8fjUFrJJPg3xMPSx0GdIk\/edit?usp=sharing\">Activitats comercials (CFPM CM10)\u00a0CM<\/a><\/li>\n<li><a href=\"https:\/\/docs.google.com\/document\/d\/1kNyWE_HHtFH1KQ7Dgxn0YJsA0suyjKazasBzhnvrMvc\/edit?usp=sharing\">Instal\u00b7lacions el\u00e8ctriques i autom\u00e0tiques (CFPM EE10)\u00a0EE<\/a><\/li>\n<li><a href=\"https:\/\/docs.google.com\/document\/d\/1m5ICTMT2ikiHs3cLblc53w1krAG0rIMQpD5bvGjS8h8\/edit?usp=sharing\">Gesti\u00f3 administrativa (CFPM AG10)\u00a0AG<\/a><\/li>\n<li><a href=\"https:\/\/docs.google.com\/document\/d\/10w0XhoVqHQs5wvrnqGWygQWZ9d8mMdG0LQixViQHMy0\/edit?usp=sharing\">Gesti\u00f3 Administrativa (\u00c0mbit Jur\u00eddic) (CFPM AG11)\u00a0AG<\/a><\/li>\n<li><a href=\"https:\/\/docs.google.com\/document\/d\/1CHsGpmYQgYLzfUi0Gg-TFJu5VFn6wan6U81xiM0TM70\/edit?usp=sharing\">Electromec\u00e0nica de vehicles autom\u00f2bils (CFPM TM10)\u00a0TMV<\/a><\/li>\n<li><a href=\"https:\/\/docs.google.com\/document\/d\/1kzMVzbPl2f-rtU_VXOLPV_l170CvoeHLGkykm5nmHr0\/edit?usp=sharing\">Guia en el medi natural i de temps de lleure (CFPM AE10) AAFE\u00a0<\/a><\/li>\n<\/ul>\n<\/li>\n<\/ul>\n<ul>\n<li>De\u00a0<strong>Grau Superior (CFGS) <\/strong>es cursen els cicles de:\n<ul>\n<li><a href=\"https:\/\/drive.google.com\/file\/d\/1bSPM_9QlQE9gjn0nnmoyvyPhy6Cj0Yxm\/view?usp=sharing\" target=\"_blank\" rel=\"noopener\"><span style=\"text-decoration: underline;\">GUIA_GENERAL_DE_L&#8217;ALUMNAT_CFGS<\/span><\/a><\/li>\n<li><a href=\"https:\/\/docs.google.com\/document\/d\/1J0j3989n_Lo5GRS9NR3aS2lHR9M-mcBh9-nK_hrwaAg\/edit?usp=sharing\">Administraci\u00f3 i finances (CFPS AGB0)\u00a0 AG<\/a><\/li>\n<li><a href=\"https:\/\/docs.google.com\/document\/d\/1vvX7p33cAzlS-_3M2NNDWSQuh_j4PvFGe9lU3XqVTs8\/edit?usp=sharing\">Educaci\u00f3 infantil (CFPS SCB0)\u00a0SSC<\/a><\/li>\n<li><a href=\"https:\/\/docs.google.com\/document\/d\/1hyw07NfwfMJDKxWfJ_eKS5PY1qDVMkpThhiUXPsxWco\/edit?usp=sharing\">Gesti\u00f3 de vendes i espais comercials (CFPS CMA0)\u00a0CM<\/a><\/li>\n<li><a href=\"https:\/\/docs.google.com\/document\/d\/1GsvdqF3QEFiZ_JiMHrwKkb6ppS3xjSdAhm_rJJEMaOI\/edit?usp=drive_link\">Automoci\u00f3 (CFPS TMA0)\u00a0TMV<\/a><\/li>\n<li><a href=\"https:\/\/docs.google.com\/document\/d\/1AX-Vmot4MkYriLtRANJ9MmFAxul9XbocFybzv01C1fE\/edit?usp=sharing\">Ensenyament i animaci\u00f3 socioesportiva (CFPS AEA0) AAFE<\/a><\/li>\n<li><a href=\"https:\/\/docs.google.com\/document\/d\/1l6Nmhxkuj6Gkv-zqoP2FEdGm5ubKnWB30GOpYlKrib0\/edit?usp=sharing\">Automatitzaci\u00f3 i rob\u00f2tica industrial (CFPS EEB0)\u00a0EE<\/a><\/li>\n<li><a href=\"https:\/\/docs.google.com\/document\/d\/1_vZELljKP43C2Ft2rlDmmbnVuipLsXlq\/edit?usp=sharing&amp;ouid=115685692551177939758&amp;rtpof=true&amp;sd=true\">Disseny en fabricaci\u00f3 mec\u00e0nica: Desenvolupament virtual de l\u2019autom\u00f2bil (CFPS FMC0)\u00a0FM<\/a><\/li>\n<li><a href=\"https:\/\/docs.google.com\/document\/d\/1gE_KdL9CXvousJGpMA63-uJ3h-fjSOjngh9-iZRp2Ro\/edit?usp=sharing\">Integraci\u00f3 social (CFPS SCC0)<\/a><\/li>\n<\/ul>\n<\/li>\n<\/ul>\n<ul>\n<li>De\u00a0<strong>Curs d&#8217;Especialitzaci\u00f3 (CE) <\/strong>es cursen els cicles de:\n<ul>\n<li class=\"titol\"><a href=\"https:\/\/docs.google.com\/document\/d\/13mh0yNMRd4hGFOxJCYj_Jz7VEjUyD-cg91hAxMWYEY0\/edit?usp=drive_link\">Manteniment de Vehicles H\u00edbrids i El\u00e8ctrics (CEFP TM02)<\/a><\/li>\n<\/ul>\n<\/li>\n<\/ul>\n<p><span style=\"text-decoration: underline;\"><strong>GUIA DE L&#8217;ALUMNAT DE CICLES FORMATIUS DE GRAU B\u00c0SIC<\/strong><\/span><\/p>\n<ul style=\"list-style-type: circle;\">\n<li><a href=\"https:\/\/drive.google.com\/file\/d\/11aaO7R0fzsqOLLiln2dahsOnfuy3aip4\/view?usp=sharing\">Guia CFGB Acc\u00e9s i conservaci\u00f3 en instal\u00b7lacions esportives<\/a><\/li>\n<\/ul>\n<p><strong>GUIA DE L&#8217;ALUMNAT D&#8217;ITINERARI FORMATIU ESPEC\u00cdFIC (IFE)<br \/>\n<\/strong><\/p>\n<ul>\n<li><a href=\"https:\/\/drive.google.com\/file\/d\/14zoojz31tG-YZAlIlJ2AioJcCdF_1POM\/view?usp=sharing\" target=\"_blank\" rel=\"noopener\">Guia IFE <span data-sheets-formula-bar-text-style=\"font-size:16px;color:#000000;font-weight:bold;text-decoration:none;font-family:'docs-Calibri';font-style:normal;text-decoration-skip-ink:none;\">Auxiliar en manteniment d\u2019instal\u00b7lacions esportives (AMIE)<\/span><\/a><\/li>\n<\/ul>\n","protected":false},"excerpt":{"rendered":"<p>GUIA DE L&#8217;ALUMNAT D\u2019ESO GUIA GENERAL DE L\u2019ALUMNAT D\u2019ESO Guia de l\u2019alumnat 3r ESO PROJECTES Guia de l\u2019alumnat 4t ESO ENDAVANT Guia del delegat\/da &nbsp; GUIA DE L&#8217;ALUMNAT DE BATXILLERAT GUIA GENERAL DE L\u2019ALUMNAT DE BATXILLERAT &nbsp; GUIA DE L&#8217;ALUMNAT DE CICLES FORMATIUS De\u00a0Grau Mitj\u00e0 (CFGM) es cursen els cicles de: GUIA_GENERAL_DE_L&#8217;ALUMNAT_CFGM Atenci\u00f3 a persones [&hellip;]<\/p>\n","protected":false},"author":1,"featured_media":0,"parent":455,"menu_order":3,"comment_status":"closed","ping_status":"closed","template":"page-templates\/side-menu.php","meta":{"_bbp_topic_count":0,"_bbp_reply_count":0,"_bbp_total_topic_count":0,"_bbp_total_reply_count":0,"_bbp_voice_count":0,"_bbp_anonymous_reply_count":0,"_bbp_topic_count_hidden":0,"_bbp_reply_count_hidden":0,"_bbp_forum_subforum_count":0,"site-sidebar-layout":"default","site-content-layout":"","ast-site-content-layout":"","site-content-style":"default","site-sidebar-style":"default","ast-global-header-display":"","ast-banner-title-visibility":"","ast-main-header-display":"","ast-hfb-above-header-display":"","ast-hfb-below-header-display":"","ast-hfb-mobile-header-display":"","site-post-title":"","ast-breadcrumbs-content":"","ast-featured-img":"","footer-sml-layout":"","theme-transparent-header-meta":"","adv-header-id-meta":"","stick-header-meta":"","header-above-stick-meta":"","header-main-stick-meta":"","header-below-stick-meta":"","astra-migrate-meta-layouts":"default","ast-page-background-enabled":"default","ast-page-background-meta":{"desktop":{"background-color":"var(--ast-global-color-4)","background-image":"","background-repeat":"repeat","background-position":"center center","background-size":"auto","background-attachment":"scroll","background-type":"","background-media":"","overlay-type":"","overlay-color":"","overlay-opacity":"","overlay-gradient":""},"tablet":{"background-color":"","background-image":"","background-repeat":"repeat","background-position":"center center","background-size":"auto","background-attachment":"scroll","background-type":"","background-media":"","overlay-type":"","overlay-color":"","overlay-opacity":"","overlay-gradient":""},"mobile":{"background-color":"","background-image":"","background-repeat":"repeat","background-position":"center center","background-size":"auto","background-attachment":"scroll","background-type":"","background-media":"","overlay-type":"","overlay-color":"","overlay-opacity":"","overlay-gradient":""}},"ast-content-background-meta":{"desktop":{"background-color":"var(--ast-global-color-5)","background-image":"","background-repeat":"repeat","background-position":"center center","background-size":"auto","background-attachment":"scroll","background-type":"","background-media":"","overlay-type":"","overlay-color":"","overlay-opacity":"","overlay-gradient":""},"tablet":{"background-color":"var(--ast-global-color-5)","background-image":"","background-repeat":"repeat","background-position":"center center","background-size":"auto","background-attachment":"scroll","background-type":"","background-media":"","overlay-type":"","overlay-color":"","overlay-opacity":"","overlay-gradient":""},"mobile":{"background-color":"var(--ast-global-color-5)","background-image":"","background-repeat":"repeat","background-position":"center center","background-size":"auto","background-attachment":"scroll","background-type":"","background-media":"","overlay-type":"","overlay-color":"","overlay-opacity":"","overlay-gradient":""}},"footnotes":""},"class_list":["post-10983","page","type-page","status-publish","hentry"],"post_mailing_queue_ids":[],"_links":{"self":[{"href":"https:\/\/agora.xtec.cat\/insandreunin\/wp-json\/wp\/v2\/pages\/10983","targetHints":{"allow":["GET"]}}],"collection":[{"href":"https:\/\/agora.xtec.cat\/insandreunin\/wp-json\/wp\/v2\/pages"}],"about":[{"href":"https:\/\/agora.xtec.cat\/insandreunin\/wp-json\/wp\/v2\/types\/page"}],"author":[{"embeddable":true,"href":"https:\/\/agora.xtec.cat\/insandreunin\/wp-json\/wp\/v2\/users\/1"}],"replies":[{"embeddable":true,"href":"https:\/\/agora.xtec.cat\/insandreunin\/wp-json\/wp\/v2\/comments?post=10983"}],"version-history":[{"count":10,"href":"https:\/\/agora.xtec.cat\/insandreunin\/wp-json\/wp\/v2\/pages\/10983\/revisions"}],"predecessor-version":[{"id":23680,"href":"https:\/\/agora.xtec.cat\/insandreunin\/wp-json\/wp\/v2\/pages\/10983\/revisions\/23680"}],"up":[{"embeddable":true,"href":"https:\/\/agora.xtec.cat\/insandreunin\/wp-json\/wp\/v2\/pages\/455"}],"wp:attachment":[{"href":"https:\/\/agora.xtec.cat\/insandreunin\/wp-json\/wp\/v2\/media?parent=10983"}],"curies":[{"name":"wp","href":"https:\/\/api.w.org\/{rel}","templated":true}]}}