{"id":1083,"date":"2017-02-15T14:26:50","date_gmt":"2017-02-15T13:26:50","guid":{"rendered":"http:\/\/agora.xtec.cat\/insandreunin\/?page_id=1083"},"modified":"2017-11-13T11:33:55","modified_gmt":"2017-11-13T10:33:55","slug":"formacio-a-demanda","status":"publish","type":"page","link":"https:\/\/agora.xtec.cat\/insandreunin\/empreses-i-entitats\/formacio-a-demanda\/","title":{"rendered":"FORMACI\u00d3 A DEMANDA DE LES EMPRESES"},"content":{"rendered":"<p><img loading=\"lazy\" decoding=\"async\" class=\"wp-image-9238 aligncenter\" src=\"http:\/\/agora.xtec.cat\/insandreunin\/wp-content\/uploads\/usu1005\/2017\/02\/formacio03-1024x747.jpeg\" alt=\"\" width=\"165\" height=\"121\" srcset=\"https:\/\/agora.xtec.cat\/insandreunin\/wp-content\/uploads\/usu1005\/2017\/02\/formacio03-1024x747.jpeg 1024w, https:\/\/agora.xtec.cat\/insandreunin\/wp-content\/uploads\/usu1005\/2017\/02\/formacio03-300x219.jpeg 300w, https:\/\/agora.xtec.cat\/insandreunin\/wp-content\/uploads\/usu1005\/2017\/02\/formacio03-768x560.jpeg 768w, https:\/\/agora.xtec.cat\/insandreunin\/wp-content\/uploads\/usu1005\/2017\/02\/formacio03.jpeg 1600w\" sizes=\"auto, (max-width: 165px) 100vw, 165px\" \/><\/p>\n<p>El nostre Institut ofereix la possibilitat d\u2019organitzar cursos\u00a0 per a les empreses que ho sol\u00b7licitin, relacionats amb les fam\u00edlies professionals dels cicles formatius que s\u2019imparteixen al centre.<\/p>\n<p>S&#8217;analitzen els requisits particulars de les necessitats formatives proposades per l\u2019empresa i es dissenya una acci\u00f3 formativa adaptada espec\u00edficament als objectius de l&#8217;empresa. Els continguts, materials a utilitzar, objectius a assolir, l\u2019horari, la durada i el calendari del curs s\u2019ajusten a les demandes de l\u2019empresa.<\/p>\n<p>El desenvolupament de la formaci\u00f3 es realitza seguint les pautes establertes a la programaci\u00f3 pactada entre ambdues parts i se n&#8217;informa regularment al departament de recursos humans. Un cop finalitzada la formaci\u00f3, es realitza un informe en el qual es reflecteixen els objectius assolits, valoraci\u00f3 dels treballadors, funcionament del curs i propostes formatives per l\u2019ampliaci\u00f3 dels coneixements dels treballadors.<\/p>\n<p>La formaci\u00f3 es pot realitzar a l\u2019institut i\/o l\u2019empresa si aquesta ho sol\u00b7licita i reuneix l\u2019espai i materials necessaris per desenvolupar-la.<\/p>\n<p>&nbsp;<\/p>\n<p style=\"text-align: center;\">Si desitgeu m\u00e9s informaci\u00f3 referent a la Formaci\u00f3 a demanda de les empreses, <a href=\"http:\/\/agora.xtec.cat\/insandreunin\/linstitut\/on-som\/\" target=\"_blank\" rel=\"noopener noreferrer\"><strong>contacteu amb l\u2019Institut<\/strong><\/a><\/p>\n<p style=\"text-align: center;\">\n<p style=\"text-align: center;\">\n<p style=\"text-align: center;\"><img loading=\"lazy\" decoding=\"async\" class=\"alignnone size-full wp-image-9384\" src=\"http:\/\/agora.xtec.cat\/insandreunin\/wp-content\/uploads\/usu1005\/2016\/07\/fsi_mecd_2016-3.png\" alt=\"\" width=\"490\" height=\"77\" srcset=\"https:\/\/agora.xtec.cat\/insandreunin\/wp-content\/uploads\/usu1005\/2016\/07\/fsi_mecd_2016-3.png 490w, https:\/\/agora.xtec.cat\/insandreunin\/wp-content\/uploads\/usu1005\/2016\/07\/fsi_mecd_2016-3-300x47.png 300w\" sizes=\"auto, (max-width: 490px) 100vw, 490px\" \/><\/p>\n","protected":false},"excerpt":{"rendered":"<p>El nostre Institut ofereix la possibilitat d\u2019organitzar cursos\u00a0 per a les empreses que ho sol\u00b7licitin, relacionats amb les fam\u00edlies professionals dels cicles formatius que s\u2019imparteixen al centre. S&#8217;analitzen els requisits particulars de les necessitats formatives proposades per l\u2019empresa i es dissenya una acci\u00f3 formativa adaptada espec\u00edficament als objectius de l&#8217;empresa. Els continguts, materials a utilitzar, [&hellip;]<\/p>\n","protected":false},"author":1,"featured_media":0,"parent":475,"menu_order":0,"comment_status":"closed","ping_status":"closed","template":"page-templates\/side-menu.php","meta":{"_bbp_topic_count":0,"_bbp_reply_count":0,"_bbp_total_topic_count":0,"_bbp_total_reply_count":0,"_bbp_voice_count":0,"_bbp_anonymous_reply_count":0,"_bbp_topic_count_hidden":0,"_bbp_reply_count_hidden":0,"_bbp_forum_subforum_count":0,"site-sidebar-layout":"default","site-content-layout":"","ast-site-content-layout":"","site-content-style":"default","site-sidebar-style":"default","ast-global-header-display":"","ast-banner-title-visibility":"","ast-main-header-display":"","ast-hfb-above-header-display":"","ast-hfb-below-header-display":"","ast-hfb-mobile-header-display":"","site-post-title":"","ast-breadcrumbs-content":"","ast-featured-img":"","footer-sml-layout":"","theme-transparent-header-meta":"","adv-header-id-meta":"","stick-header-meta":"","header-above-stick-meta":"","header-main-stick-meta":"","header-below-stick-meta":"","astra-migrate-meta-layouts":"default","ast-page-background-enabled":"default","ast-page-background-meta":{"desktop":{"background-color":"var(--ast-global-color-4)","background-image":"","background-repeat":"repeat","background-position":"center center","background-size":"auto","background-attachment":"scroll","background-type":"","background-media":"","overlay-type":"","overlay-color":"","overlay-opacity":"","overlay-gradient":""},"tablet":{"background-color":"","background-image":"","background-repeat":"repeat","background-position":"center center","background-size":"auto","background-attachment":"scroll","background-type":"","background-media":"","overlay-type":"","overlay-color":"","overlay-opacity":"","overlay-gradient":""},"mobile":{"background-color":"","background-image":"","background-repeat":"repeat","background-position":"center center","background-size":"auto","background-attachment":"scroll","background-type":"","background-media":"","overlay-type":"","overlay-color":"","overlay-opacity":"","overlay-gradient":""}},"ast-content-background-meta":{"desktop":{"background-color":"var(--ast-global-color-5)","background-image":"","background-repeat":"repeat","background-position":"center center","background-size":"auto","background-attachment":"scroll","background-type":"","background-media":"","overlay-type":"","overlay-color":"","overlay-opacity":"","overlay-gradient":""},"tablet":{"background-color":"var(--ast-global-color-5)","background-image":"","background-repeat":"repeat","background-position":"center center","background-size":"auto","background-attachment":"scroll","background-type":"","background-media":"","overlay-type":"","overlay-color":"","overlay-opacity":"","overlay-gradient":""},"mobile":{"background-color":"var(--ast-global-color-5)","background-image":"","background-repeat":"repeat","background-position":"center center","background-size":"auto","background-attachment":"scroll","background-type":"","background-media":"","overlay-type":"","overlay-color":"","overlay-opacity":"","overlay-gradient":""}},"footnotes":""},"class_list":["post-1083","page","type-page","status-publish","hentry"],"post_mailing_queue_ids":[],"_links":{"self":[{"href":"https:\/\/agora.xtec.cat\/insandreunin\/wp-json\/wp\/v2\/pages\/1083","targetHints":{"allow":["GET"]}}],"collection":[{"href":"https:\/\/agora.xtec.cat\/insandreunin\/wp-json\/wp\/v2\/pages"}],"about":[{"href":"https:\/\/agora.xtec.cat\/insandreunin\/wp-json\/wp\/v2\/types\/page"}],"author":[{"embeddable":true,"href":"https:\/\/agora.xtec.cat\/insandreunin\/wp-json\/wp\/v2\/users\/1"}],"replies":[{"embeddable":true,"href":"https:\/\/agora.xtec.cat\/insandreunin\/wp-json\/wp\/v2\/comments?post=1083"}],"version-history":[{"count":4,"href":"https:\/\/agora.xtec.cat\/insandreunin\/wp-json\/wp\/v2\/pages\/1083\/revisions"}],"predecessor-version":[{"id":9387,"href":"https:\/\/agora.xtec.cat\/insandreunin\/wp-json\/wp\/v2\/pages\/1083\/revisions\/9387"}],"up":[{"embeddable":true,"href":"https:\/\/agora.xtec.cat\/insandreunin\/wp-json\/wp\/v2\/pages\/475"}],"wp:attachment":[{"href":"https:\/\/agora.xtec.cat\/insandreunin\/wp-json\/wp\/v2\/media?parent=1083"}],"curies":[{"name":"wp","href":"https:\/\/api.w.org\/{rel}","templated":true}]}}