{"id":1081,"date":"2017-02-15T14:26:17","date_gmt":"2017-02-15T13:26:17","guid":{"rendered":"http:\/\/agora.xtec.cat\/insandreunin\/?page_id=1081"},"modified":"2017-10-24T13:40:12","modified_gmt":"2017-10-24T11:40:12","slug":"innovacio","status":"publish","type":"page","link":"https:\/\/agora.xtec.cat\/insandreunin\/empreses-i-entitats\/innovacio\/","title":{"rendered":"INNOVA FP"},"content":{"rendered":"<p><a href=\"http:\/\/catalunya2020.gencat.cat\/ca\/instruments\/innova-fp\/\" target=\"_blank\" rel=\"noopener noreferrer\"><img loading=\"lazy\" decoding=\"async\" class=\"wp-image-9197 aligncenter\" src=\"http:\/\/agora.xtec.cat\/insandreunin\/wp-content\/uploads\/usu1005\/2017\/02\/LOGO_innovafp_taronja.jpg\" alt=\"\" width=\"309\" height=\"78\" srcset=\"https:\/\/agora.xtec.cat\/insandreunin\/wp-content\/uploads\/usu1005\/2017\/02\/LOGO_innovafp_taronja.jpg 640w, https:\/\/agora.xtec.cat\/insandreunin\/wp-content\/uploads\/usu1005\/2017\/02\/LOGO_innovafp_taronja-300x75.jpg 300w\" sizes=\"auto, (max-width: 309px) 100vw, 309px\" \/><img loading=\"lazy\" decoding=\"async\" class=\"wp-image-9202 alignright\" src=\"http:\/\/agora.xtec.cat\/insandreunin\/wp-content\/uploads\/usu1005\/2017\/02\/logo-mecd-fse-3.png\" alt=\"\" width=\"92\" height=\"74\" \/><\/a><\/p>\n<p>&nbsp;<\/p>\n<p style=\"text-align: justify;\">El Programa d&#8217;innovaci\u00f3 i transfer\u00e8ncia de coneixement InnovaFP t\u00e9 la finalitat d&#8217;estimular la vinculaci\u00f3 entre els centres educatius que imparteixen ensenyaments de formaci\u00f3 professional i les empreses i entitats per al desenvolupament de projectes d&#8217;inter\u00e8s mutu que generin valor educatiu i empresarial.<\/p>\n<p style=\"text-align: justify;\">Innova FP\u00a0facilita el trasp\u00e0s de tecnologia i talent dels centres de formaci\u00f3 professional cap a les empreses i afavoreix la vinculaci\u00f3 d&#8217;aquestes amb el seu entorn social.<\/p>\n<p style=\"text-align: justify;\">Amb aquest\u00a0programa, els centres de formaci\u00f3 professional tenen l&#8217;oportunitat d&#8217;esdevenir un referent en innovaci\u00f3 en el seu territori, alhora que les empreses (especialment les pimes) i els emprenedors que hi participen poden tenir presents aquests centres educatius com a possibles col\u00b7laboradors quan es plantegen projectes d&#8217;innovaci\u00f3 i transfer\u00e8ncia de coneixement.<\/p>\n<p style=\"text-align: justify;\">Els projectes d&#8217;Innova FP sorgeixen de les necessitats de les empreses o de les oportunitats que professors i alumnes detecten quan s&#8217;hi relacionen.<\/p>\n<p style=\"text-align: justify;\">Objectius:<\/p>\n<div id=\"pas1\" class=\"panel-collapse collapse in\">\n<div class=\"caixa-pestanyes-detall\">\n<div class=\"col-xs-12\">\n<div class=\"cos_bloc basic_text_peq pd-15\">\n<ul class=\"llista-especial\">\n<li style=\"text-align: justify;\">Millorar la relaci\u00f3 entre els centres formatius i les empreses i identificar\u00a0els primers com a referents en recerca i innovaci\u00f3 aplicades,\u00a0complementaris de les universitats i els centres tecnol\u00f2gics<\/li>\n<li style=\"text-align: justify;\">Augmentar la competitivitat de les empreses, que poden detectar\u00a0talent i obrir una via d\u2019incorporaci\u00f3 de t\u00e8cnics qualificats<\/li>\n<li style=\"text-align: justify;\">Millorar la formaci\u00f3 dels alumnes, que s\u2019enfronten a reptes reals i\u00a0desenvolupen capacitats clau fora de l\u2019entorn educatiu habitual<\/li>\n<li style=\"text-align: justify;\">Motivar els alumnes i els professors<\/li>\n<li style=\"text-align: justify;\">Actualitzar els coneixements dels professors per adequar la\u00a0formaci\u00f3 als aven\u00e7os tecnol\u00f2gics i als canvis del mercat laboral<\/li>\n<\/ul>\n<\/div>\n<p style=\"text-align: center;\">Podeu descarregar un fullet informatiu clicant la seguent imatge:<\/p>\n<p><a href=\"https:\/\/drive.google.com\/file\/d\/0B4T4mvBdT3_CcGVRNTdKM3o4TkE\/view?usp=sharing\" target=\"_blank\" rel=\"noopener noreferrer\"><img loading=\"lazy\" decoding=\"async\" class=\"aligncenter wp-image-9223\" src=\"http:\/\/agora.xtec.cat\/insandreunin\/wp-content\/uploads\/usu1005\/2017\/02\/innova-fulleto.bmp\" alt=\"\" width=\"206\" height=\"289\" \/><\/a><\/p>\n<p>&nbsp;<\/p>\n<p style=\"text-align: center;\">Si desitgeu m\u00e9s informaci\u00f3 referent al programa Innova FP, <a href=\"http:\/\/agora.xtec.cat\/insandreunin\/linstitut\/on-som\/\" target=\"_blank\" rel=\"noopener noreferrer\"><strong>contacteu amb l\u2019Institut<\/strong><\/a><\/p>\n<\/div>\n<\/div>\n<\/div>\n","protected":false},"excerpt":{"rendered":"<p>&nbsp; El Programa d&#8217;innovaci\u00f3 i transfer\u00e8ncia de coneixement InnovaFP t\u00e9 la finalitat d&#8217;estimular la vinculaci\u00f3 entre els centres educatius que imparteixen ensenyaments de formaci\u00f3 professional i les empreses i entitats per al desenvolupament de projectes d&#8217;inter\u00e8s mutu que generin valor educatiu i empresarial. Innova FP\u00a0facilita el trasp\u00e0s de tecnologia i talent dels centres de formaci\u00f3 [&hellip;]<\/p>\n","protected":false},"author":1,"featured_media":0,"parent":475,"menu_order":0,"comment_status":"closed","ping_status":"closed","template":"page-templates\/side-menu.php","meta":{"_bbp_topic_count":0,"_bbp_reply_count":0,"_bbp_total_topic_count":0,"_bbp_total_reply_count":0,"_bbp_voice_count":0,"_bbp_anonymous_reply_count":0,"_bbp_topic_count_hidden":0,"_bbp_reply_count_hidden":0,"_bbp_forum_subforum_count":0,"site-sidebar-layout":"default","site-content-layout":"","ast-site-content-layout":"","site-content-style":"default","site-sidebar-style":"default","ast-global-header-display":"","ast-banner-title-visibility":"","ast-main-header-display":"","ast-hfb-above-header-display":"","ast-hfb-below-header-display":"","ast-hfb-mobile-header-display":"","site-post-title":"","ast-breadcrumbs-content":"","ast-featured-img":"","footer-sml-layout":"","theme-transparent-header-meta":"","adv-header-id-meta":"","stick-header-meta":"","header-above-stick-meta":"","header-main-stick-meta":"","header-below-stick-meta":"","astra-migrate-meta-layouts":"default","ast-page-background-enabled":"default","ast-page-background-meta":{"desktop":{"background-color":"var(--ast-global-color-4)","background-image":"","background-repeat":"repeat","background-position":"center center","background-size":"auto","background-attachment":"scroll","background-type":"","background-media":"","overlay-type":"","overlay-color":"","overlay-opacity":"","overlay-gradient":""},"tablet":{"background-color":"","background-image":"","background-repeat":"repeat","background-position":"center center","background-size":"auto","background-attachment":"scroll","background-type":"","background-media":"","overlay-type":"","overlay-color":"","overlay-opacity":"","overlay-gradient":""},"mobile":{"background-color":"","background-image":"","background-repeat":"repeat","background-position":"center center","background-size":"auto","background-attachment":"scroll","background-type":"","background-media":"","overlay-type":"","overlay-color":"","overlay-opacity":"","overlay-gradient":""}},"ast-content-background-meta":{"desktop":{"background-color":"var(--ast-global-color-5)","background-image":"","background-repeat":"repeat","background-position":"center center","background-size":"auto","background-attachment":"scroll","background-type":"","background-media":"","overlay-type":"","overlay-color":"","overlay-opacity":"","overlay-gradient":""},"tablet":{"background-color":"var(--ast-global-color-5)","background-image":"","background-repeat":"repeat","background-position":"center center","background-size":"auto","background-attachment":"scroll","background-type":"","background-media":"","overlay-type":"","overlay-color":"","overlay-opacity":"","overlay-gradient":""},"mobile":{"background-color":"var(--ast-global-color-5)","background-image":"","background-repeat":"repeat","background-position":"center center","background-size":"auto","background-attachment":"scroll","background-type":"","background-media":"","overlay-type":"","overlay-color":"","overlay-opacity":"","overlay-gradient":""}},"footnotes":""},"class_list":["post-1081","page","type-page","status-publish","hentry"],"post_mailing_queue_ids":[],"_links":{"self":[{"href":"https:\/\/agora.xtec.cat\/insandreunin\/wp-json\/wp\/v2\/pages\/1081","targetHints":{"allow":["GET"]}}],"collection":[{"href":"https:\/\/agora.xtec.cat\/insandreunin\/wp-json\/wp\/v2\/pages"}],"about":[{"href":"https:\/\/agora.xtec.cat\/insandreunin\/wp-json\/wp\/v2\/types\/page"}],"author":[{"embeddable":true,"href":"https:\/\/agora.xtec.cat\/insandreunin\/wp-json\/wp\/v2\/users\/1"}],"replies":[{"embeddable":true,"href":"https:\/\/agora.xtec.cat\/insandreunin\/wp-json\/wp\/v2\/comments?post=1081"}],"version-history":[{"count":4,"href":"https:\/\/agora.xtec.cat\/insandreunin\/wp-json\/wp\/v2\/pages\/1081\/revisions"}],"predecessor-version":[{"id":9244,"href":"https:\/\/agora.xtec.cat\/insandreunin\/wp-json\/wp\/v2\/pages\/1081\/revisions\/9244"}],"up":[{"embeddable":true,"href":"https:\/\/agora.xtec.cat\/insandreunin\/wp-json\/wp\/v2\/pages\/475"}],"wp:attachment":[{"href":"https:\/\/agora.xtec.cat\/insandreunin\/wp-json\/wp\/v2\/media?parent=1081"}],"curies":[{"name":"wp","href":"https:\/\/api.w.org\/{rel}","templated":true}]}}