{"id":1055,"date":"2017-02-15T13:21:39","date_gmt":"2017-02-15T12:21:39","guid":{"rendered":"http:\/\/agora.xtec.cat\/insandreunin\/?page_id=1055"},"modified":"2018-04-18T11:56:06","modified_gmt":"2018-04-18T09:56:06","slug":"carta-de-compromis","status":"publish","type":"page","link":"https:\/\/agora.xtec.cat\/insandreunin\/empreses-i-entitats\/reconeixement-de-lexperiencia-laboral\/carta-de-compromis\/","title":{"rendered":"CARTA DE COMPROM\u00cdS"},"content":{"rendered":"<p>CARTA DE COMPROM\u00cdS DE QUALITAT EN LA PRESTACI\u00d3 DEL SERVEI D\u2019ASSESSORAMENT EN LA FORMACI\u00d3 PROFESSIONAL DEL SISTEMA EDUCATIU I DEL SERVEI DE RECONEIXEMENT ACAD\u00c8MIC DELS APRENENTATGES ASSOLITS MITJAN\u00c7ANT L\u2019EXPERI\u00c8NCIA LABORAL O EN ACTIVITATS SOCIALS.<\/p>\n<p>L\u2019Institut Andreu Nin es compromet a realitzar un servei d\u2019assessorament i reconeixement dels aprenentatges d\u2019acord amb l\u2019establert a les normes i instruccions del Departament d\u2019Ensenyament, la qual cosa inclou:<\/p>\n<p>1. Realitzar i publicar \u2013al taulell d\u2019anuncis i a la web del centre- abans del 30 de setembre de cada curs:<\/p>\n<p style=\"padding-left: 30px;\">a. Les fam\u00edlies professionals per a les quals s\u2019ofereix el servei i els cicles associats.<\/p>\n<p style=\"padding-left: 30px;\">b. El nombre de places que s\u2019ofereix per a cada fam\u00edlia professional i per a cada cicle formatiu, en el cas del servei de reconeixement.<\/p>\n<p style=\"padding-left: 30px;\">c. Els criteris i el procediment d\u2019admissi\u00f3 de les sol\u00b7licituds.<\/p>\n<p style=\"padding-left: 30px;\">d. Les dates del per\u00edode de sol\u00b7licitud al servei d\u2019assessorament.<\/p>\n<p style=\"padding-left: 30px;\">e. La data de publicaci\u00f3 de la llista d\u2018admesos al servei i les places de reserva en cas d\u2019una demanda superior a les places ofertades, aix\u00ed com el preu del servei.<\/p>\n<p style=\"padding-left: 30px;\">f. El termini per presentar la documentaci\u00f3 i fer el pagament del preu del servei.<\/p>\n<p style=\"padding-left: 30px;\">g. El calendari del servei d\u2019assessorament i quan arribi el cas, el de reconeixement.<\/p>\n<p>2. Desplegar, almenys, un proc\u00e9s anual, d\u2019informaci\u00f3 de l\u2019assessorament i reconeixement dels aprenentatges assolits mitjan\u00e7ant l\u2019experi\u00e8ncia laboral o en activitats socials.<\/p>\n<p>3. Prestar, almenys, un proc\u00e9s anual del servei d\u2019assessorament per a cadascuna de les fam\u00edlies professionals i un servei de reconeixement acad\u00e8mic dels aprenentatges per a cadascun dels cicles formatius, segons l\u2019oferta publicada.<\/p>\n<p>4. Ampliar el termini de sol\u00b7licitud si no s\u2019exhaureix el nombre de places assignades en la primera oferta publicada.<\/p>\n<p>5. Publicar les llistes d\u2019admesos al servei d\u2019assessorament en un per\u00edode m\u00e0xim de 7 dies h\u00e0bils despr\u00e8s del termini de sol\u00b7licitud.<\/p>\n<p>6. Assignar una persona assessora experta en orientaci\u00f3 professional de la fam\u00edlia professional corresponent.<\/p>\n<p>7. Assessorar a les persones usu\u00e0ries en l\u2019elaboraci\u00f3 del dossier de traject\u00f2ria professional.<\/p>\n<p>8. Lliurar a les persones usu\u00e0ries un informe d\u2019assessorament, on costaran les recomanacions de l\u2019itinerari formatiu professional a realitzar.<\/p>\n<p>9. Nomenar una Junta de Reconeixement amb atribuci\u00f3 docent, la qual realitzar\u00e0 l\u2019entrevista per a cada persona usu\u00e0ria que ha sol\u00b7licitat el reconeixement acad\u00e8mic.<\/p>\n<p>10. Lliurar a les persones usu\u00e0ries el certificat dels cr\u00e8dits o unitats formatives reconegudes, com a m\u00e0xim, 30 dies despr\u00e8s de finalitzar el proc\u00e9s.<\/p>\n<p>11. Realitzar enquestes per poder recollir el grau de satisfacci\u00f3 de les persones usu\u00e0ries sobre el servei proporcionat.<\/p>\n<p>12. Posar a l\u2019abast de la persona usu\u00e0ria un servei de queixes i\/o suggeriments, aix\u00ed com un per\u00edode de possibles reclamacions contra la resoluci\u00f3 emesa per la junta de reconeixement dels aprenentatges. Tant les queixes i suggeriments com les possibles reclamacions seran resoltes en un termini no superior a 7 dies.<\/p>\n","protected":false},"excerpt":{"rendered":"<p>CARTA DE COMPROM\u00cdS DE QUALITAT EN LA PRESTACI\u00d3 DEL SERVEI D\u2019ASSESSORAMENT EN LA FORMACI\u00d3 PROFESSIONAL DEL SISTEMA EDUCATIU I DEL SERVEI DE RECONEIXEMENT ACAD\u00c8MIC DELS APRENENTATGES ASSOLITS MITJAN\u00c7ANT L\u2019EXPERI\u00c8NCIA LABORAL O EN ACTIVITATS SOCIALS. L\u2019Institut Andreu Nin es compromet a realitzar un servei d\u2019assessorament i reconeixement dels aprenentatges d\u2019acord amb l\u2019establert a les normes i [&hellip;]<\/p>\n","protected":false},"author":1,"featured_media":0,"parent":1049,"menu_order":0,"comment_status":"closed","ping_status":"closed","template":"page-templates\/side-menu.php","meta":{"_bbp_topic_count":0,"_bbp_reply_count":0,"_bbp_total_topic_count":0,"_bbp_total_reply_count":0,"_bbp_voice_count":0,"_bbp_anonymous_reply_count":0,"_bbp_topic_count_hidden":0,"_bbp_reply_count_hidden":0,"_bbp_forum_subforum_count":0,"site-sidebar-layout":"default","site-content-layout":"","ast-site-content-layout":"","site-content-style":"default","site-sidebar-style":"default","ast-global-header-display":"","ast-banner-title-visibility":"","ast-main-header-display":"","ast-hfb-above-header-display":"","ast-hfb-below-header-display":"","ast-hfb-mobile-header-display":"","site-post-title":"","ast-breadcrumbs-content":"","ast-featured-img":"","footer-sml-layout":"","theme-transparent-header-meta":"","adv-header-id-meta":"","stick-header-meta":"","header-above-stick-meta":"","header-main-stick-meta":"","header-below-stick-meta":"","astra-migrate-meta-layouts":"default","ast-page-background-enabled":"default","ast-page-background-meta":{"desktop":{"background-color":"var(--ast-global-color-4)","background-image":"","background-repeat":"repeat","background-position":"center center","background-size":"auto","background-attachment":"scroll","background-type":"","background-media":"","overlay-type":"","overlay-color":"","overlay-opacity":"","overlay-gradient":""},"tablet":{"background-color":"","background-image":"","background-repeat":"repeat","background-position":"center center","background-size":"auto","background-attachment":"scroll","background-type":"","background-media":"","overlay-type":"","overlay-color":"","overlay-opacity":"","overlay-gradient":""},"mobile":{"background-color":"","background-image":"","background-repeat":"repeat","background-position":"center center","background-size":"auto","background-attachment":"scroll","background-type":"","background-media":"","overlay-type":"","overlay-color":"","overlay-opacity":"","overlay-gradient":""}},"ast-content-background-meta":{"desktop":{"background-color":"var(--ast-global-color-5)","background-image":"","background-repeat":"repeat","background-position":"center center","background-size":"auto","background-attachment":"scroll","background-type":"","background-media":"","overlay-type":"","overlay-color":"","overlay-opacity":"","overlay-gradient":""},"tablet":{"background-color":"var(--ast-global-color-5)","background-image":"","background-repeat":"repeat","background-position":"center center","background-size":"auto","background-attachment":"scroll","background-type":"","background-media":"","overlay-type":"","overlay-color":"","overlay-opacity":"","overlay-gradient":""},"mobile":{"background-color":"var(--ast-global-color-5)","background-image":"","background-repeat":"repeat","background-position":"center center","background-size":"auto","background-attachment":"scroll","background-type":"","background-media":"","overlay-type":"","overlay-color":"","overlay-opacity":"","overlay-gradient":""}},"footnotes":""},"class_list":["post-1055","page","type-page","status-publish","hentry"],"post_mailing_queue_ids":[],"_links":{"self":[{"href":"https:\/\/agora.xtec.cat\/insandreunin\/wp-json\/wp\/v2\/pages\/1055","targetHints":{"allow":["GET"]}}],"collection":[{"href":"https:\/\/agora.xtec.cat\/insandreunin\/wp-json\/wp\/v2\/pages"}],"about":[{"href":"https:\/\/agora.xtec.cat\/insandreunin\/wp-json\/wp\/v2\/types\/page"}],"author":[{"embeddable":true,"href":"https:\/\/agora.xtec.cat\/insandreunin\/wp-json\/wp\/v2\/users\/1"}],"replies":[{"embeddable":true,"href":"https:\/\/agora.xtec.cat\/insandreunin\/wp-json\/wp\/v2\/comments?post=1055"}],"version-history":[{"count":2,"href":"https:\/\/agora.xtec.cat\/insandreunin\/wp-json\/wp\/v2\/pages\/1055\/revisions"}],"predecessor-version":[{"id":10301,"href":"https:\/\/agora.xtec.cat\/insandreunin\/wp-json\/wp\/v2\/pages\/1055\/revisions\/10301"}],"up":[{"embeddable":true,"href":"https:\/\/agora.xtec.cat\/insandreunin\/wp-json\/wp\/v2\/pages\/1049"}],"wp:attachment":[{"href":"https:\/\/agora.xtec.cat\/insandreunin\/wp-json\/wp\/v2\/media?parent=1055"}],"curies":[{"name":"wp","href":"https:\/\/api.w.org\/{rel}","templated":true}]}}

CARTA DE COMPROMÍS

<p>CARTA DE COMPROMÍS DE QUALITAT EN LA PRESTACIÓ DEL SERVEI D’ASSESSORAMENT EN LA FORMACIÓ PROFESSIONAL DEL SISTEMA EDUCATIU I DEL SERVEI DE RECONEIXEMENT ACADÈMIC DELS APRENENTATGES ASSOLITS MITJANÇANT L’EXPERIÈNCIA LABORAL O EN ACTIVITATS SOCIALS.</p>
<p>L’Institut Andreu Nin es compromet a realitzar un servei d’assessorament i reconeixement dels aprenentatges d’acord amb l’establert a les normes i instruccions del Departament d’Ensenyament, la qual cosa inclou:</p>
<p>1. Realitzar i publicar –al taulell d’anuncis i a la web del centre- abans del 30 de setembre de cada curs:</p>
<p style="padding-left: 30px;">a. Les famílies professionals per a les quals s’ofereix el servei i els cicles associats.</p>
<p style="padding-left: 30px;">b. El nombre de places que s’ofereix per a cada família professional i per a cada cicle formatiu, en el cas del servei de reconeixement.</p>
<p style="padding-left: 30px;">c. Els criteris i el procediment d’admissió de les sol·licituds.</p>
<p style="padding-left: 30px;">d. Les dates del període de sol·licitud al servei d’assessorament.</p>
<p style="padding-left: 30px;">e. La data de publicació de la llista d‘admesos al servei i les places de reserva en cas d’una demanda superior a les places ofertades, així com el preu del servei.</p>
<p style="padding-left: 30px;">f. El termini per presentar la documentació i fer el pagament del preu del servei.</p>
<p style="padding-left: 30px;">g. El calendari del servei d’assessorament i quan arribi el cas, el de reconeixement.</p>
<p>2. Desplegar, almenys, un procés anual, d’informació de l’assessorament i reconeixement dels aprenentatges assolits mitjançant l’experiència laboral o en activitats socials.</p>
<p>3. Prestar, almenys, un procés anual del servei d’assessorament per a cadascuna de les famílies professionals i un servei de reconeixement acadèmic dels aprenentatges per a cadascun dels cicles formatius, segons l’oferta publicada.</p>
<p>4. Ampliar el termini de sol·licitud si no s’exhaureix el nombre de places assignades en la primera oferta publicada.</p>
<p>5. Publicar les llistes d’admesos al servei d’assessorament en un període màxim de 7 dies hàbils desprès del termini de sol·licitud.</p>
<p>6. Assignar una persona assessora experta en orientació professional de la família professional corresponent.</p>
<p>7. Assessorar a les persones usuàries en l’elaboració del dossier de trajectòria professional.</p>
<p>8. Lliurar a les persones usuàries un informe d’assessorament, on costaran les recomanacions de l’itinerari formatiu professional a realitzar.</p>
<p>9. Nomenar una Junta de Reconeixement amb atribució docent, la qual realitzarà l’entrevista per a cada persona usuària que ha sol·licitat el reconeixement acadèmic.</p>
<p>10. Lliurar a les persones usuàries el certificat dels crèdits o unitats formatives reconegudes, com a màxim, 30 dies desprès de finalitzar el procés.</p>
<p>11. Realitzar enquestes per poder recollir el grau de satisfacció de les persones usuàries sobre el servei proporcionat.</p>
<p>12. Posar a l’abast de la persona usuària un servei de queixes i/o suggeriments, així com un període de possibles reclamacions contra la resolució emesa per la junta de reconeixement dels aprenentatges. Tant les queixes i suggeriments com les possibles reclamacions seran resoltes en un termini no superior a 7 dies.</p>

<p>CARTA DE COMPROMÍS DE QUALITAT EN LA PRESTACIÓ DEL SERVEI D’ASSESSORAMENT EN LA FORMACIÓ PROFESSIONAL DEL SISTEMA EDUCATIU I DEL SERVEI DE RECONEIXEMENT ACADÈMIC DELS APRENENTATGES ASSOLITS MITJANÇANT L’EXPERIÈNCIA LABORAL O EN ACTIVITATS SOCIALS. L’Institut Andreu Nin es compromet a realitzar un servei d’assessorament i reconeixement dels aprenentatges d’acord amb l’establert a les normes i [&hellip;]</p>
