{"id":1049,"date":"2017-02-15T13:20:12","date_gmt":"2017-02-15T12:20:12","guid":{"rendered":"http:\/\/agora.xtec.cat\/insandreunin\/?page_id=1049"},"modified":"2024-05-16T19:00:36","modified_gmt":"2024-05-16T17:00:36","slug":"reconeixement-de-lexperiencia-laboral","status":"publish","type":"page","link":"https:\/\/agora.xtec.cat\/insandreunin\/empreses-i-entitats\/reconeixement-de-lexperiencia-laboral\/","title":{"rendered":"ACREDITA&#8217;T &#8211; ACREDITACI\u00d3 DE COMPET\u00c8NCIES PROFESSIONALS"},"content":{"rendered":"<h1 class=\"NG-menu__title\">Que necessiteu fer?<\/h1>\n<p>Aquest progama est\u00e0 adre\u00e7at a aquelles persones que vulguin recon\u00e8ixer i certificar de manera oficial la seva experi\u00e8ncia professional o la formaci\u00f3 no reconeguda.<\/p>\n<p>Trobareu tota la informaci\u00f3 i podreu tramitar la vostra sol\u00b7licitud.<\/p>\n<h1 class=\"NG-menu__title\">Em vull acreditar <a href=\"https:\/\/fp.gencat.cat\/ca\/acreditacio\/em-vull-acreditar\/\">clica aqu\u00ed\u00a0<\/a><\/h1>\n<div class=\"basic_text_peq col-xs-12\">\n<div class=\"pd-15x link-dotted\" data-crawling=\"principal-body\">\n<p>\u00c9s l\u2019oportunitat d\u2019aconseguir una acreditaci\u00f3 oficial mitjan\u00e7ant la demostraci\u00f3 d\u2019all\u00f2 que la persona usu\u00e0ria \u00e9s capa\u00e7 de fer, a partir de la seva experi\u00e8ncia laboral, dels serveis prestats mitjan\u00e7ant una beca o voluntariat o la seva formaci\u00f3 no reconeguda oficialment.<\/p>\n<p>La persona usu\u00e0ria ha de participar en un seguit d\u2019entrevistes que preferentment s\u00f3n virtuals, en les quals ha de demostrar compet\u00e8ncies professionals que constitueixen part d\u2019un certificat o t\u00edtol professional.<\/p>\n<p>Si la persona demostra que ha adquirit les unitats o est\u00e0ndards de compet\u00e8ncia, obt\u00e9 una certificaci\u00f3 oficial que permet convalidar i completar la formaci\u00f3 d\u2019un certificat professional o t\u00edtol de formaci\u00f3 professional.<\/p>\n<p>L\u2019obtenci\u00f3 d\u2019un certificat d\u2019acreditaci\u00f3 facilita el desenvolupament professional i personal millorant el curr\u00edculum i les possibilitats de trobar feina. A m\u00e9s, quan s\u2019acaba el procediment, la persona usu\u00e0ria rep una orientaci\u00f3 sobre quin itinerari formatiu pot seguir.<\/p>\n<p>Per a les empreses representa l&#8217;oportunitat de promoure el manteniment actualitzat de les compet\u00e8ncies dels seus treballadors i treballadores.<\/p>\n<h1 class=\"NG-menu__title\"><a href=\"https:\/\/fp.gencat.cat\/ca\/acreditacio\/em-vull-acreditar\/fases-del-servei\/\">Fases del servei<\/a><\/h1>\n<h1 class=\"NG-menu__title\"><a href=\"https:\/\/fp.gencat.cat\/ca\/acreditacio\/em-vull-acreditar\/Requisits-de-participacio\/\">Requisits de participaci\u00f3<\/a><\/h1>\n<h1 class=\"NG-menu__title\"><a href=\"https:\/\/fp.gencat.cat\/ca\/acreditacio\/em-vull-acreditar\/cercador-dels-punts-dinformacio-i-orientacio\/\">punts d&#8217;informaci\u00f3 i orientaci\u00f3<\/a><\/h1>\n<p><img decoding=\"async\" src=\"https:\/\/agora.xtec.cat\/insandreunin\/wp-content\/uploads\/usu1005\/2024\/05\/acreditacio-de-competencies-professionals.jpg\" alt=\"\" \/><\/p>\n<p>&nbsp;<\/p>\n<\/div>\n<\/div>\n","protected":false},"excerpt":{"rendered":"<p>Que necessiteu fer? Aquest progama est\u00e0 adre\u00e7at a aquelles persones que vulguin recon\u00e8ixer i certificar de manera oficial la seva experi\u00e8ncia professional o la formaci\u00f3 no reconeguda. Trobareu tota la informaci\u00f3 i podreu tramitar la vostra sol\u00b7licitud. Em vull acreditar clica aqu\u00ed\u00a0 \u00c9s l\u2019oportunitat d\u2019aconseguir una acreditaci\u00f3 oficial mitjan\u00e7ant la demostraci\u00f3 d\u2019all\u00f2 que la persona [&hellip;]<\/p>\n","protected":false},"author":1,"featured_media":0,"parent":475,"menu_order":0,"comment_status":"closed","ping_status":"closed","template":"page-templates\/side-menu.php","meta":{"_bbp_topic_count":0,"_bbp_reply_count":0,"_bbp_total_topic_count":0,"_bbp_total_reply_count":0,"_bbp_voice_count":0,"_bbp_anonymous_reply_count":0,"_bbp_topic_count_hidden":0,"_bbp_reply_count_hidden":0,"_bbp_forum_subforum_count":0,"site-sidebar-layout":"default","site-content-layout":"","ast-site-content-layout":"","site-content-style":"default","site-sidebar-style":"default","ast-global-header-display":"","ast-banner-title-visibility":"","ast-main-header-display":"","ast-hfb-above-header-display":"","ast-hfb-below-header-display":"","ast-hfb-mobile-header-display":"","site-post-title":"","ast-breadcrumbs-content":"","ast-featured-img":"","footer-sml-layout":"","theme-transparent-header-meta":"","adv-header-id-meta":"","stick-header-meta":"","header-above-stick-meta":"","header-main-stick-meta":"","header-below-stick-meta":"","astra-migrate-meta-layouts":"default","ast-page-background-enabled":"default","ast-page-background-meta":{"desktop":{"background-color":"var(--ast-global-color-4)","background-image":"","background-repeat":"repeat","background-position":"center center","background-size":"auto","background-attachment":"scroll","background-type":"","background-media":"","overlay-type":"","overlay-color":"","overlay-opacity":"","overlay-gradient":""},"tablet":{"background-color":"","background-image":"","background-repeat":"repeat","background-position":"center center","background-size":"auto","background-attachment":"scroll","background-type":"","background-media":"","overlay-type":"","overlay-color":"","overlay-opacity":"","overlay-gradient":""},"mobile":{"background-color":"","background-image":"","background-repeat":"repeat","background-position":"center center","background-size":"auto","background-attachment":"scroll","background-type":"","background-media":"","overlay-type":"","overlay-color":"","overlay-opacity":"","overlay-gradient":""}},"ast-content-background-meta":{"desktop":{"background-color":"var(--ast-global-color-5)","background-image":"","background-repeat":"repeat","background-position":"center center","background-size":"auto","background-attachment":"scroll","background-type":"","background-media":"","overlay-type":"","overlay-color":"","overlay-opacity":"","overlay-gradient":""},"tablet":{"background-color":"var(--ast-global-color-5)","background-image":"","background-repeat":"repeat","background-position":"center center","background-size":"auto","background-attachment":"scroll","background-type":"","background-media":"","overlay-type":"","overlay-color":"","overlay-opacity":"","overlay-gradient":""},"mobile":{"background-color":"var(--ast-global-color-5)","background-image":"","background-repeat":"repeat","background-position":"center center","background-size":"auto","background-attachment":"scroll","background-type":"","background-media":"","overlay-type":"","overlay-color":"","overlay-opacity":"","overlay-gradient":""}},"footnotes":""},"class_list":["post-1049","page","type-page","status-publish","hentry"],"post_mailing_queue_ids":[],"_links":{"self":[{"href":"https:\/\/agora.xtec.cat\/insandreunin\/wp-json\/wp\/v2\/pages\/1049","targetHints":{"allow":["GET"]}}],"collection":[{"href":"https:\/\/agora.xtec.cat\/insandreunin\/wp-json\/wp\/v2\/pages"}],"about":[{"href":"https:\/\/agora.xtec.cat\/insandreunin\/wp-json\/wp\/v2\/types\/page"}],"author":[{"embeddable":true,"href":"https:\/\/agora.xtec.cat\/insandreunin\/wp-json\/wp\/v2\/users\/1"}],"replies":[{"embeddable":true,"href":"https:\/\/agora.xtec.cat\/insandreunin\/wp-json\/wp\/v2\/comments?post=1049"}],"version-history":[{"count":8,"href":"https:\/\/agora.xtec.cat\/insandreunin\/wp-json\/wp\/v2\/pages\/1049\/revisions"}],"predecessor-version":[{"id":22093,"href":"https:\/\/agora.xtec.cat\/insandreunin\/wp-json\/wp\/v2\/pages\/1049\/revisions\/22093"}],"up":[{"embeddable":true,"href":"https:\/\/agora.xtec.cat\/insandreunin\/wp-json\/wp\/v2\/pages\/475"}],"wp:attachment":[{"href":"https:\/\/agora.xtec.cat\/insandreunin\/wp-json\/wp\/v2\/media?parent=1049"}],"curies":[{"name":"wp","href":"https:\/\/api.w.org\/{rel}","templated":true}]}}