{"id":5368,"date":"2026-09-03T12:59:52","date_gmt":"2026-09-03T10:59:52","guid":{"rendered":"https:\/\/agora.xtec.cat\/insaltfoix\/?page_id=5368"},"modified":"2026-09-03T13:36:31","modified_gmt":"2026-09-03T11:36:31","slug":"biblioteca","status":"publish","type":"page","link":"https:\/\/agora.xtec.cat\/insaltfoix\/biblioteca\/","title":{"rendered":"Biblioteca"},"content":{"rendered":"<p>L&#8217;horari d&#8217;obertura de la biblioteca \u00e9s: de dilluns a divendres de 11:00 a 11:30 <span style=\"text-decoration: underline;\"><span style=\"color: #000000; text-decoration: underline;\">a partir del dilluns 21 de setembre<\/span><\/span>. Per tant, l&#8217;alumnat pot anar-hi lliurement durant l&#8217;estona del pati.<\/p>\n<ul>\n<li>Consulta el nou <strong>cat\u00e0leg de la biblioteca<\/strong> de l&#8217;institut (entorn VEGA) <strong><a href=\"https:\/\/insaltfoix-genedu.eu.iiivega.com\">aqu\u00ed<\/a><\/strong><\/li>\n<li>Trobar\u00e0s la <strong>guia d\u2019usuari<\/strong> d\u2019aquest nou cat\u00e0leg <strong><a href=\"https:\/\/agora.xtec.cat\/insaltfoix\/wp-content\/uploads\/usu1745\/2026\/09\/guia_usuari_vega_r-2.pdf\" target=\"_blank\" rel=\"noreferrer noopener\" data-type=\"link\" data-id=\"https:\/\/projectes.xtec.cat\/bescat\/wp-content\/uploads\/usu793\/2025\/06\/guia_usuari_vega_r.pdf\">aqu\u00ed<\/a><\/strong><\/li>\n<li>Consulta com fer-te el\u00a0<strong>carnet de la biblioteca\u00a0<\/strong>en <strong><a href=\"https:\/\/agora.xtec.cat\/insaltfoix\/wp-content\/uploads\/usu1745\/2026\/09\/Com-fer-se-el-CARNET-DE-BIBLIOTECA-Xarxa-municipal-de-biblioteques.pdf\">aquest document<\/a><\/strong><\/li>\n<li>Consulta el<strong> pla lector<\/strong> de l&#8217;institut<strong><a href=\"https:\/\/agora.xtec.cat\/insaltfoix\/wp-content\/uploads\/usu1745\/2026\/09\/PLA-LECTOR-INS-ALT-FOIX-Curs-2026-27.pdf\"> en aquest document<\/a><\/strong><\/li>\n<\/ul>\n","protected":false},"excerpt":{"rendered":"<p>L&#8217;horari d&#8217;obertura de la biblioteca \u00e9s: de dilluns a divendres de 11:00 a 11:30 a partir del dilluns 21 de setembre. Per tant, l&#8217;alumnat pot anar-hi lliurement durant l&#8217;estona del pati. Consulta el nou cat\u00e0leg de la biblioteca de l&#8217;institut (entorn VEGA) aqu\u00ed Trobar\u00e0s la guia d\u2019usuari d\u2019aquest nou cat\u00e0leg aqu\u00ed Consulta com fer-te el\u00a0carnet [&hellip;]<\/p>\n","protected":false},"author":1,"featured_media":0,"parent":0,"menu_order":0,"comment_status":"closed","ping_status":"closed","template":"","meta":{"_bbp_topic_count":0,"_bbp_reply_count":0,"_bbp_total_topic_count":0,"_bbp_total_reply_count":0,"_bbp_voice_count":0,"_bbp_anonymous_reply_count":0,"_bbp_topic_count_hidden":0,"_bbp_reply_count_hidden":0,"_bbp_forum_subforum_count":0,"site-sidebar-layout":"default","site-content-layout":"","ast-site-content-layout":"default","site-content-style":"default","site-sidebar-style":"default","ast-global-header-display":"","ast-banner-title-visibility":"","ast-main-header-display":"","ast-hfb-above-header-display":"","ast-hfb-below-header-display":"","ast-hfb-mobile-header-display":"","site-post-title":"","ast-breadcrumbs-content":"","ast-featured-img":"","footer-sml-layout":"","theme-transparent-header-meta":"default","adv-header-id-meta":"","stick-header-meta":"","header-above-stick-meta":"","header-main-stick-meta":"","header-below-stick-meta":"","astra-migrate-meta-layouts":"set","ast-page-background-enabled":"default","ast-page-background-meta":{"desktop":{"background-color":"var(--ast-global-color-4)","background-image":"","background-repeat":"repeat","background-position":"center center","background-size":"auto","background-attachment":"scroll","background-type":"","background-media":"","overlay-type":"","overlay-color":"","overlay-opacity":"","overlay-gradient":""},"tablet":{"background-color":"","background-image":"","background-repeat":"repeat","background-position":"center center","background-size":"auto","background-attachment":"scroll","background-type":"","background-media":"","overlay-type":"","overlay-color":"","overlay-opacity":"","overlay-gradient":""},"mobile":{"background-color":"","background-image":"","background-repeat":"repeat","background-position":"center center","background-size":"auto","background-attachment":"scroll","background-type":"","background-media":"","overlay-type":"","overlay-color":"","overlay-opacity":"","overlay-gradient":""}},"ast-content-background-meta":{"desktop":{"background-color":"var(--ast-global-color-5)","background-image":"","background-repeat":"repeat","background-position":"center center","background-size":"auto","background-attachment":"scroll","background-type":"","background-media":"","overlay-type":"","overlay-color":"","overlay-opacity":"","overlay-gradient":""},"tablet":{"background-color":"var(--ast-global-color-5)","background-image":"","background-repeat":"repeat","background-position":"center center","background-size":"auto","background-attachment":"scroll","background-type":"","background-media":"","overlay-type":"","overlay-color":"","overlay-opacity":"","overlay-gradient":""},"mobile":{"background-color":"var(--ast-global-color-5)","background-image":"","background-repeat":"repeat","background-position":"center center","background-size":"auto","background-attachment":"scroll","background-type":"","background-media":"","overlay-type":"","overlay-color":"","overlay-opacity":"","overlay-gradient":""}},"footnotes":""},"class_list":["post-5368","page","type-page","status-publish","hentry"],"post_mailing_queue_ids":[],"_links":{"self":[{"href":"https:\/\/agora.xtec.cat\/insaltfoix\/wp-json\/wp\/v2\/pages\/5368","targetHints":{"allow":["GET"]}}],"collection":[{"href":"https:\/\/agora.xtec.cat\/insaltfoix\/wp-json\/wp\/v2\/pages"}],"about":[{"href":"https:\/\/agora.xtec.cat\/insaltfoix\/wp-json\/wp\/v2\/types\/page"}],"author":[{"embeddable":true,"href":"https:\/\/agora.xtec.cat\/insaltfoix\/wp-json\/wp\/v2\/users\/1"}],"replies":[{"embeddable":true,"href":"https:\/\/agora.xtec.cat\/insaltfoix\/wp-json\/wp\/v2\/comments?post=5368"}],"version-history":[{"count":6,"href":"https:\/\/agora.xtec.cat\/insaltfoix\/wp-json\/wp\/v2\/pages\/5368\/revisions"}],"predecessor-version":[{"id":5381,"href":"https:\/\/agora.xtec.cat\/insaltfoix\/wp-json\/wp\/v2\/pages\/5368\/revisions\/5381"}],"wp:attachment":[{"href":"https:\/\/agora.xtec.cat\/insaltfoix\/wp-json\/wp\/v2\/media?parent=5368"}],"curies":[{"name":"wp","href":"https:\/\/api.w.org\/{rel}","templated":true}]}}

<p>L&#8217;horari d&#8217;obertura de la biblioteca és: de dilluns a divendres de 11:00 a 11:30 <span style="text-decoration: underline;"><span style="color: #000000; text-decoration: underline;">a partir del dilluns 21 de setembre</span></span>. Per tant, l&#8217;alumnat pot anar-hi lliurement durant l&#8217;estona del pati.</p>
<ul>
<li>Consulta el nou <strong>catàleg de la biblioteca</strong> de l&#8217;institut (entorn VEGA) <strong><a href="https://insaltfoix-genedu.eu.iiivega.com">aquí</a></strong></li>
<li>Trobaràs la <strong>guia d’usuari</strong> d’aquest nou catàleg <strong><a href="https://agora.xtec.cat/insaltfoix/wp-content/uploads/usu1745/2026/09/guia_usuari_vega_r-2.pdf" target="_blank" rel="noreferrer noopener" data-type="link" data-id="https://projectes.xtec.cat/bescat/wp-content/uploads/usu793/2025/06/guia_usuari_vega_r.pdf">aquí</a></strong></li>
<li>Consulta com fer-te el <strong>carnet de la biblioteca </strong>en <strong><a href="https://agora.xtec.cat/insaltfoix/wp-content/uploads/usu1745/2026/09/Com-fer-se-el-CARNET-DE-BIBLIOTECA-Xarxa-municipal-de-biblioteques.pdf">aquest document</a></strong></li>
<li>Consulta el<strong> pla lector</strong> de l&#8217;institut<strong><a href="https://agora.xtec.cat/insaltfoix/wp-content/uploads/usu1745/2026/09/PLA-LECTOR-INS-ALT-FOIX-Curs-2026-27.pdf"> en aquest document</a></strong></li>
</ul>

<p>L&#8217;horari d&#8217;obertura de la biblioteca és: de dilluns a divendres de 11:00 a 11:30 a partir del dilluns 21 de setembre. Per tant, l&#8217;alumnat pot anar-hi lliurement durant l&#8217;estona del pati. Consulta el nou catàleg de la biblioteca de l&#8217;institut (entorn VEGA) aquí Trobaràs la guia d’usuari d’aquest nou catàleg aquí Consulta com fer-te el carnet [&hellip;]</p>
