{"id":19,"date":"2014-09-17T14:56:56","date_gmt":"2014-09-17T14:56:56","guid":{"rendered":"http:\/\/agora.xtec.cat\/insaltfoix\/?page_id=19"},"modified":"2018-08-11T20:42:07","modified_gmt":"2018-08-11T18:42:07","slug":"linstitut","status":"publish","type":"page","link":"https:\/\/agora.xtec.cat\/insaltfoix\/linstitut\/","title":{"rendered":"L&#8217;institut"},"content":{"rendered":"<p>L&#8217;Institut de l&#8217;Alt Foix \u00e9s el centre educatiu de secund\u00e0ria que d\u00f3na servei a quatre municipis del seu entorn: Sant Mart\u00ed Sarroca, Torrelles de Foix, Font-rub\u00ed i Pontons. Actualment la seva oferta educativa \u00e9s de tres l\u00ednies d&#8217;ESO i una de Batxillerat.<\/p>\n<p style=\"text-align: center;\"><a href=\"http:\/\/agora.xtec.cat\/insaltfoix\/wp-content\/uploads\/usu1745\/2014\/09\/Edifici.jpg\"><img loading=\"lazy\" decoding=\"async\" class=\"alignnone size-full wp-image-580\" src=\"http:\/\/agora.xtec.cat\/insaltfoix\/wp-content\/uploads\/usu1745\/2014\/09\/Edifici.jpg\" alt=\"\" width=\"600\" height=\"450\" srcset=\"https:\/\/agora.xtec.cat\/insaltfoix\/wp-content\/uploads\/usu1745\/2014\/09\/Edifici.jpg 600w, https:\/\/agora.xtec.cat\/insaltfoix\/wp-content\/uploads\/usu1745\/2014\/09\/Edifici-300x225.jpg 300w, https:\/\/agora.xtec.cat\/insaltfoix\/wp-content\/uploads\/usu1745\/2014\/09\/Edifici-200x150.jpg 200w\" sizes=\"auto, (max-width: 600px) 100vw, 600px\" \/><\/a><\/p>\n<p>En el mapa escolar de Catalunya s\u2019adscriu al nostre centre l\u2019alumnat procedent de 4 escoles:<\/p>\n<ul>\n<li>Jaume Balmes, de Sant Mart\u00ed Sarroca<\/li>\n<li>Guerau de Peguera, de Torrelles de Foix<\/li>\n<li>Font-r\u00fabia, de Guardiola de Font-rub\u00ed<\/li>\n<li>El Roure, de Pontons<\/li>\n<\/ul>\n","protected":false},"excerpt":{"rendered":"<p>L&#8217;Institut de l&#8217;Alt Foix \u00e9s el centre educatiu de secund\u00e0ria que d\u00f3na servei a quatre municipis del seu entorn: Sant Mart\u00ed Sarroca, Torrelles de Foix, Font-rub\u00ed i Pontons. Actualment la seva oferta educativa \u00e9s de tres l\u00ednies d&#8217;ESO i una de Batxillerat.<br \/>\n<a href=\"http:\/\/agora.xtec.cat\/insaltfoix\/wp-content\/uploads\/usu1745\/2014\/09\/Edifici.jpg\"><\/a><br \/>\nEn el mapa&hellip;  <a href=\"https:\/\/agora.xtec.cat\/insaltfoix\/linstitut\/\" title=\"Read L&#8217;institut\">Llegeix m\u00e9s\u00bb<\/a><\/p>\n","protected":false},"author":1,"featured_media":0,"parent":0,"menu_order":0,"comment_status":"closed","ping_status":"closed","template":"page-templates\/side-menu.php","meta":{"_bbp_topic_count":0,"_bbp_reply_count":0,"_bbp_total_topic_count":0,"_bbp_total_reply_count":0,"_bbp_voice_count":0,"_bbp_anonymous_reply_count":0,"_bbp_topic_count_hidden":0,"_bbp_reply_count_hidden":0,"_bbp_forum_subforum_count":0,"footnotes":""},"class_list":["post-19","page","type-page","status-publish","hentry"],"post_mailing_queue_ids":[],"_links":{"self":[{"href":"https:\/\/agora.xtec.cat\/insaltfoix\/wp-json\/wp\/v2\/pages\/19","targetHints":{"allow":["GET"]}}],"collection":[{"href":"https:\/\/agora.xtec.cat\/insaltfoix\/wp-json\/wp\/v2\/pages"}],"about":[{"href":"https:\/\/agora.xtec.cat\/insaltfoix\/wp-json\/wp\/v2\/types\/page"}],"author":[{"embeddable":true,"href":"https:\/\/agora.xtec.cat\/insaltfoix\/wp-json\/wp\/v2\/users\/1"}],"replies":[{"embeddable":true,"href":"https:\/\/agora.xtec.cat\/insaltfoix\/wp-json\/wp\/v2\/comments?post=19"}],"version-history":[{"count":4,"href":"https:\/\/agora.xtec.cat\/insaltfoix\/wp-json\/wp\/v2\/pages\/19\/revisions"}],"predecessor-version":[{"id":581,"href":"https:\/\/agora.xtec.cat\/insaltfoix\/wp-json\/wp\/v2\/pages\/19\/revisions\/581"}],"wp:attachment":[{"href":"https:\/\/agora.xtec.cat\/insaltfoix\/wp-json\/wp\/v2\/media?parent=19"}],"curies":[{"name":"wp","href":"https:\/\/api.w.org\/{rel}","templated":true}]}}