{"id":43,"date":"2014-09-17T16:45:07","date_gmt":"2014-09-17T16:45:07","guid":{"rendered":"http:\/\/agora.xtec.cat\/insaltafulla\/?page_id=43"},"modified":"2026-03-28T21:04:58","modified_gmt":"2026-03-28T20:04:58","slug":"consell-escolar","status":"publish","type":"page","link":"https:\/\/agora.xtec.cat\/insaltafulla\/linstitut\/consell-escolar\/","title":{"rendered":"Consell escolar"},"content":{"rendered":"<p><a href=\"http:\/\/agora.xtec.cat\/insaltafulla\/wp-content\/uploads\/usu206\/2014\/09\/consell-escolar.jpg\"><img loading=\"lazy\" decoding=\"async\" class=\"alignnone wp-image-9196\" src=\"http:\/\/agora.xtec.cat\/insaltafulla\/wp-content\/uploads\/usu206\/2014\/09\/consell-escolar-1024x165.jpg\" alt=\"\" width=\"747\" height=\"120\" \/><\/a><\/p>\n<p>&nbsp;<\/p>\n<p><em><strong>\u00c9s l\u2019\u00f2rgan de participaci\u00f3 de la comunitat escolar en el govern del centre. Al Consell escolar hi estan representats tots els sectors implicats: Pares i Mares, AFA, Alumnes, Professors, Personal d\u2019Administraci\u00f3 i Serveis, Director, Cap d\u2019Estudis i Ajuntament.<\/strong><\/em><\/p>\n<p>En els centres p\u00fablics, la funci\u00f3 principal del consell escolar \u00e9s participar en la presa de decisions en relaci\u00f3 amb aquells temes importants per al funcionament i l\u2019organitzaci\u00f3 del centre: el projecte educatiu, la programaci\u00f3 general, la gesti\u00f3 econ\u00f2mica, etc. En el cas dels centres privats concertats, el consell escolar debat, avalua, analitza i pren decisions sobre els temes proposats pel titular del centre.<\/p>\n<p>Els representants del consell escolar s\u00f3n escollits per un per\u00edode de quatre anys, per\u00f2 cada dos anys es convoquen eleccions per renovar la meitat dels seus membres.<\/p>\n<p>Les eleccions per a la renovaci\u00f3 del consell escolar les convoca el director del centre p\u00fablic o la persona titular del centre privat concertat.<\/p>\n<p>Les vacants del consell escolar s&#8217;ocupen segons els resultats de les eleccions. Si un membre deixa el consell, passar\u00e0 a ocupar el seu lloc la seg\u00fcent candidatura m\u00e9s votada en les darreres eleccions. Si no hi ha m\u00e9s candidats per cobrir la pla\u00e7a, queda vacant fins a la propera renovaci\u00f3 del consell escolar.<\/p>\n<p><strong>Composici\u00f3 del Consell Escolar<\/strong><\/p>\n<ul style=\"list-style-type: square;\">\n<li>Director:\u00a0<b> Bel\u00e9n Jim\u00e9nez<\/b><\/li>\n<li>Cap d\u2019Estudis: <b>\u00a0Rosa Sim\u00f3<\/b><\/li>\n<li>Secretaria:\u00a0<strong>Noem\u00ed Herrera<\/strong><\/li>\n<li>Representants del professorat: <strong>Guillem P., Roc\u00edo A., Yesenia G., Desir\u00e9e M., Puri L. i Marta M.<\/strong><strong>\u00a0<\/strong><\/li>\n<li>Representant de l\u2019alumnat:\u00a0<b>Aaron G., Deva K. i Michelle Andrea M.<\/b><\/li>\n<li>Representant de pares i mares: <strong>Enric S.<\/strong>, <strong>Maria B. i Eva A.<\/strong><\/li>\n<li>Representant de l\u2019AFA: <b>Tamara R.<\/b><\/li>\n<li>Representant del PAS: <strong>Neus S.<\/strong><\/li>\n<li>Representant de l\u2019ajuntament: <b>Alba Muntadas<\/b><\/li>\n<\/ul>\n<p>Normativa gen\u00e8rica dels consells escolars\u00a0al seg\u00fcent <a href=\"https:\/\/educacio.gencat.cat\/ca\/arees-actuacio\/centres-serveis-educatius\/centres\/consells-escolars-centres\/index.html\">enlla\u00e7<\/a>.<\/p>\n<p>&nbsp;<\/p>\n<p><!--a=1--><\/p>\n<p><!--a=1--><\/p>\n<p><!--a=1--><!--a=1--><\/p>\n<p><!--a=1--><\/p>\n","protected":false},"excerpt":{"rendered":"<p><a href=\"http:\/\/agora.xtec.cat\/insaltafulla\/wp-content\/uploads\/usu206\/2014\/09\/consell-escolar.jpg\"><\/a><br \/>\n&nbsp;<br \/>\n\u00c9s l\u2019\u00f2rgan de participaci\u00f3 de la comunitat escolar en el govern del centre. Al Consell escolar hi estan representats tots els sectors implicats: Pares i Mares, AFA, Alumnes, Professors, Personal d\u2019Administraci\u00f3 i Serveis, Director, Cap d\u2019Estudis i Ajuntament.<br \/>\nEn els centres p\u00fablics, la funci\u00f3 principal&hellip;  <a href=\"https:\/\/agora.xtec.cat\/insaltafulla\/linstitut\/consell-escolar\/\" title=\"Read Consell escolar\">Llegeix m\u00e9s\u00bb<\/a><\/p>\n","protected":false},"author":1,"featured_media":0,"parent":19,"menu_order":3,"comment_status":"closed","ping_status":"closed","template":"page-templates\/side-menu.php","meta":{"_bbp_topic_count":0,"_bbp_reply_count":0,"_bbp_total_topic_count":0,"_bbp_total_reply_count":0,"_bbp_voice_count":0,"_bbp_anonymous_reply_count":0,"_bbp_topic_count_hidden":0,"_bbp_reply_count_hidden":0,"_bbp_forum_subforum_count":0,"footnotes":""},"class_list":["post-43","page","type-page","status-publish","hentry"],"post_mailing_queue_ids":[],"_links":{"self":[{"href":"https:\/\/agora.xtec.cat\/insaltafulla\/wp-json\/wp\/v2\/pages\/43","targetHints":{"allow":["GET"]}}],"collection":[{"href":"https:\/\/agora.xtec.cat\/insaltafulla\/wp-json\/wp\/v2\/pages"}],"about":[{"href":"https:\/\/agora.xtec.cat\/insaltafulla\/wp-json\/wp\/v2\/types\/page"}],"author":[{"embeddable":true,"href":"https:\/\/agora.xtec.cat\/insaltafulla\/wp-json\/wp\/v2\/users\/1"}],"replies":[{"embeddable":true,"href":"https:\/\/agora.xtec.cat\/insaltafulla\/wp-json\/wp\/v2\/comments?post=43"}],"version-history":[{"count":7,"href":"https:\/\/agora.xtec.cat\/insaltafulla\/wp-json\/wp\/v2\/pages\/43\/revisions"}],"predecessor-version":[{"id":13584,"href":"https:\/\/agora.xtec.cat\/insaltafulla\/wp-json\/wp\/v2\/pages\/43\/revisions\/13584"}],"up":[{"embeddable":true,"href":"https:\/\/agora.xtec.cat\/insaltafulla\/wp-json\/wp\/v2\/pages\/19"}],"wp:attachment":[{"href":"https:\/\/agora.xtec.cat\/insaltafulla\/wp-json\/wp\/v2\/media?parent=43"}],"curies":[{"name":"wp","href":"https:\/\/api.w.org\/{rel}","templated":true}]}}