{"id":301,"date":"2015-03-09T21:17:48","date_gmt":"2015-03-09T20:17:48","guid":{"rendered":"http:\/\/agora.xtec.cat\/insaltafulla\/?page_id=301"},"modified":"2023-06-05T10:39:58","modified_gmt":"2023-06-05T08:39:58","slug":"pla-demergencia","status":"publish","type":"page","link":"https:\/\/agora.xtec.cat\/insaltafulla\/serveis\/pla-demergencia\/","title":{"rendered":"Pla d&#8217;emerg\u00e8ncia"},"content":{"rendered":"<p><img loading=\"lazy\" decoding=\"async\" class=\" alignleft\" src=\"http:\/\/www.ceipsonferrer.com\/IMG\/arton32.jpg\" alt=\"\" width=\"220\" height=\"222\" \/><br \/>\nEn els centres docents, el professorat i l\u2019alumnat hi passen moltes hores del dia. Els centres docents, com altres edificis, estan sotmesos a uns riscos, que poden venir de dins de l\u2019edifici (el cas d\u2019un incendi) o de fora (casos de contaminaci\u00f3, inundaci\u00f3\u2026). Per aquesta ra\u00f3, tots els centres disposen d\u2019un pla d\u2019emerg\u00e8ncia que vetlla per la seguretat i la protecci\u00f3 de tot el col\u00b7lectiu. Ara b\u00e9, perqu\u00e8 el pla d\u2019emerg\u00e8ncia funcioni i pugui acomplir els seus objectius, cal que tothom el conegui. El professorat, alumnat i la resta de personal del centre ha de saber les seves funcions i responsabilitats i les actuacions a seguir en cas d\u2019emerg\u00e8ncia.<\/p>\n<p><a href=\"http:\/\/ensenyament.gencat.cat\/web\/.content\/home\/departament\/publicacions\/monografies\/pla-emergencia-centre\/pla_demergencia_centre_educatiu.pdf\" target=\"_blank\" rel=\"noopener\">Pla d&#8217;emerg\u00e8ncia del centre educatiu<\/a><\/p>\n<p>El pla d\u2019emerg\u00e8ncia \u00e9s un document que recull les actuacions que s\u2019han de seguir davant d\u2019una emerg\u00e8ncia, amb la finalitat de reduir la improvisaci\u00f3 en\u00a0cas que es produ\u00eds qualsevol accident en el centre docent.<br \/>\nEvacuar un centre significa traslladar a l\u2019exterior, en un lloc segur (punt de concentraci\u00f3), un grup de persones afectades per una emerg\u00e8ncia, de forma planificada. Cal evacuar el centre, b\u00e0sicament, quan hi hagi un risc intern. Exemples: incendi, explosi\u00f3, fuita de gas, etc.<br \/>\nEn l&#8217;enlla\u00e7 seg\u00fcent trobareu el Pla d&#8217;Emerg\u00e8ncia i Evacuaci\u00f3 de l&#8217;Institut per al curs 2016-17<\/p>\n<p style=\"text-align: center;\"><a href=\"https:\/\/www.dropbox.com\/s\/hiuya4q8rz8nn1m\/Evacuaci%C3%B3%202015-2016.doc?dl=0\" target=\"_blank\" rel=\"noopener\">Pla d&#8217;Emerg\u00e8ncia i Evacuaci\u00f3<\/a><\/p>\n","protected":false},"excerpt":{"rendered":"<p>En els centres docents, el professorat i l\u2019alumnat hi passen moltes hores del dia. Els centres docents, com altres edificis, estan sotmesos a uns riscos, que poden venir de dins de l\u2019edifici (el cas d\u2019un incendi) o de fora (casos de contaminaci\u00f3, inundaci\u00f3\u2026). Per aquesta&hellip;  <a href=\"https:\/\/agora.xtec.cat\/insaltafulla\/serveis\/pla-demergencia\/\" title=\"Read Pla d&#8217;emerg\u00e8ncia\">Llegeix m\u00e9s\u00bb<\/a><\/p>\n","protected":false},"author":1,"featured_media":0,"parent":63,"menu_order":5,"comment_status":"closed","ping_status":"closed","template":"page-templates\/side-menu.php","meta":{"_bbp_topic_count":0,"_bbp_reply_count":0,"_bbp_total_topic_count":0,"_bbp_total_reply_count":0,"_bbp_voice_count":0,"_bbp_anonymous_reply_count":0,"_bbp_topic_count_hidden":0,"_bbp_reply_count_hidden":0,"_bbp_forum_subforum_count":0,"footnotes":""},"class_list":["post-301","page","type-page","status-publish","hentry"],"post_mailing_queue_ids":[],"_links":{"self":[{"href":"https:\/\/agora.xtec.cat\/insaltafulla\/wp-json\/wp\/v2\/pages\/301","targetHints":{"allow":["GET"]}}],"collection":[{"href":"https:\/\/agora.xtec.cat\/insaltafulla\/wp-json\/wp\/v2\/pages"}],"about":[{"href":"https:\/\/agora.xtec.cat\/insaltafulla\/wp-json\/wp\/v2\/types\/page"}],"author":[{"embeddable":true,"href":"https:\/\/agora.xtec.cat\/insaltafulla\/wp-json\/wp\/v2\/users\/1"}],"replies":[{"embeddable":true,"href":"https:\/\/agora.xtec.cat\/insaltafulla\/wp-json\/wp\/v2\/comments?post=301"}],"version-history":[{"count":3,"href":"https:\/\/agora.xtec.cat\/insaltafulla\/wp-json\/wp\/v2\/pages\/301\/revisions"}],"predecessor-version":[{"id":9278,"href":"https:\/\/agora.xtec.cat\/insaltafulla\/wp-json\/wp\/v2\/pages\/301\/revisions\/9278"}],"up":[{"embeddable":true,"href":"https:\/\/agora.xtec.cat\/insaltafulla\/wp-json\/wp\/v2\/pages\/63"}],"wp:attachment":[{"href":"https:\/\/agora.xtec.cat\/insaltafulla\/wp-json\/wp\/v2\/media?parent=301"}],"curies":[{"name":"wp","href":"https:\/\/api.w.org\/{rel}","templated":true}]}}