{"id":11005,"date":"2022-01-31T13:26:25","date_gmt":"2022-01-31T12:26:25","guid":{"rendered":"https:\/\/agora.xtec.cat\/insaltafulla\/?page_id=11005"},"modified":"2023-06-05T10:39:08","modified_gmt":"2023-06-05T08:39:08","slug":"biblioteca","status":"publish","type":"page","link":"https:\/\/agora.xtec.cat\/insaltafulla\/serveis\/biblioteca\/","title":{"rendered":"Biblioteca"},"content":{"rendered":"<p>La BIBLIOTECA \u00e9s un espai de lectura, de treball i estudi, de consulta i de pr\u00e9stec de llibres que est\u00e0 oberta a l\u2019alumnat, professorat i personal no docent del centre.<\/p>\n","protected":false},"excerpt":{"rendered":"<p>La BIBLIOTECA \u00e9s un espai de lectura, de treball i estudi, de consulta i de pr\u00e9stec de llibres que est\u00e0 oberta a l\u2019alumnat, professorat i personal no docent del centre.<\/p>\n","protected":false},"author":1,"featured_media":0,"parent":63,"menu_order":1,"comment_status":"closed","ping_status":"closed","template":"page-templates\/side-menu.php","meta":{"_bbp_topic_count":0,"_bbp_reply_count":0,"_bbp_total_topic_count":0,"_bbp_total_reply_count":0,"_bbp_voice_count":0,"_bbp_anonymous_reply_count":0,"_bbp_topic_count_hidden":0,"_bbp_reply_count_hidden":0,"_bbp_forum_subforum_count":0,"footnotes":""},"class_list":["post-11005","page","type-page","status-publish","hentry"],"post_mailing_queue_ids":[],"_links":{"self":[{"href":"https:\/\/agora.xtec.cat\/insaltafulla\/wp-json\/wp\/v2\/pages\/11005","targetHints":{"allow":["GET"]}}],"collection":[{"href":"https:\/\/agora.xtec.cat\/insaltafulla\/wp-json\/wp\/v2\/pages"}],"about":[{"href":"https:\/\/agora.xtec.cat\/insaltafulla\/wp-json\/wp\/v2\/types\/page"}],"author":[{"embeddable":true,"href":"https:\/\/agora.xtec.cat\/insaltafulla\/wp-json\/wp\/v2\/users\/1"}],"replies":[{"embeddable":true,"href":"https:\/\/agora.xtec.cat\/insaltafulla\/wp-json\/wp\/v2\/comments?post=11005"}],"version-history":[{"count":2,"href":"https:\/\/agora.xtec.cat\/insaltafulla\/wp-json\/wp\/v2\/pages\/11005\/revisions"}],"predecessor-version":[{"id":11053,"href":"https:\/\/agora.xtec.cat\/insaltafulla\/wp-json\/wp\/v2\/pages\/11005\/revisions\/11053"}],"up":[{"embeddable":true,"href":"https:\/\/agora.xtec.cat\/insaltafulla\/wp-json\/wp\/v2\/pages\/63"}],"wp:attachment":[{"href":"https:\/\/agora.xtec.cat\/insaltafulla\/wp-json\/wp\/v2\/media?parent=11005"}],"curies":[{"name":"wp","href":"https:\/\/api.w.org\/{rel}","templated":true}]}}