{"id":796,"date":"2023-10-28T13:20:57","date_gmt":"2023-10-28T11:20:57","guid":{"rendered":"https:\/\/agora.xtec.cat\/insalfonscostafreda\/?page_id=796"},"modified":"2026-02-02T20:55:32","modified_gmt":"2026-02-02T19:55:32","slug":"servei-comunitari","status":"publish","type":"page","link":"https:\/\/agora.xtec.cat\/insalfonscostafreda\/projectes\/programes-de-vinculacio-amb-lentorn\/servei-comunitari\/","title":{"rendered":"Servei Comunitari"},"content":{"rendered":"<p><img loading=\"lazy\" decoding=\"async\" class=\"wp-image-873 alignleft\" src=\"https:\/\/agora.xtec.cat\/insalfonscostafreda\/wp-content\/uploads\/usu2359\/servei-comunitari.jpg\" alt=\"\" width=\"215\" height=\"205\" \/>El Servei Comunitari \u00e9s un instrument per desenvolupar una de les compet\u00e8ncies b\u00e0siques marcades pel curr\u00edculum de secund\u00e0ria, la compet\u00e8ncia social i ciutadana.<\/p>\n<p>T\u00e9 com a objectiu garantir que els estudiants al llarg de la seva traject\u00f2ria escolar i en el marc curricular experimentin i protagonitzin accions de comprom\u00eds c\u00edvic, aprenguin en l\u2019exercici actiu de la ciutadania i posin en joc els seus coneixements i capacitats al servei de la comunitat.<\/p>\n<p>\u00c9s una proposta educativa que combina processos d\u2019aprenentatge i de servei a la comunitat en un sol projecte on l\u2019alumne posa el seu coneixement i compet\u00e8ncies al servei dels altres. Apr\u00e8n a ser un ciutad\u00e0 des de la pr\u00e0ctica.<\/p>\n<h2>V\u00eddeo de promoci\u00f3 del Servei Comunitari<\/h2>\n<p><iframe loading=\"lazy\" title=\"YouTube video player\" src=\"https:\/\/www.youtube.com\/embed\/drlFRyH_5Ko?si=7t_a5GQnV7_PNc2s\" width=\"560\" height=\"315\" frameborder=\"0\" allowfullscreen=\"allowfullscreen\"><\/iframe><\/p>\n<p>Preguntes m\u00e9s freq\u00fcents:\u00a0 <a href=\"https:\/\/xtec.gencat.cat\/ca\/comunitat\/serveicomunitari\/pmf\/#faq-es-obligatori-que-l%E2%80%99alumnat-faci-les-activitats-de-servei-comunitari-que-comportin-sortides-del-recinte-escolar--que-ha-de-fer-el-centre-en-el-cas-que-hi-hagi-alumnat-que-per-diversos-motius-no-participi-en--les-activitats-programades-fora-del-recinte-escolar-\">PMF Servei Comunitari<\/a><\/p>\n","protected":false},"excerpt":{"rendered":"<p>El Servei Comunitari \u00e9s un instrument per desenvolupar una de les compet\u00e8ncies b\u00e0siques marcades pel curr\u00edculum de secund\u00e0ria, la compet\u00e8ncia social i ciutadana. T\u00e9 com a objectiu garantir que els estudiants al llarg de la seva traject\u00f2ria escolar i en el marc curricular experimentin i protagonitzin accions de comprom\u00eds c\u00edvic, aprenguin en l\u2019exercici actiu de [&hellip;]<\/p>\n","protected":false},"author":1,"featured_media":0,"parent":14436,"menu_order":4,"comment_status":"closed","ping_status":"closed","template":"page-templates\/side-menu.php","meta":{"_bbp_topic_count":0,"_bbp_reply_count":0,"_bbp_total_topic_count":0,"_bbp_total_reply_count":0,"_bbp_voice_count":0,"_bbp_anonymous_reply_count":0,"_bbp_topic_count_hidden":0,"_bbp_reply_count_hidden":0,"_bbp_forum_subforum_count":0,"site-sidebar-layout":"default","site-content-layout":"","ast-site-content-layout":"","site-content-style":"default","site-sidebar-style":"default","ast-global-header-display":"","ast-banner-title-visibility":"","ast-main-header-display":"","ast-hfb-above-header-display":"","ast-hfb-below-header-display":"","ast-hfb-mobile-header-display":"","site-post-title":"","ast-breadcrumbs-content":"","ast-featured-img":"","footer-sml-layout":"","theme-transparent-header-meta":"","adv-header-id-meta":"","stick-header-meta":"","header-above-stick-meta":"","header-main-stick-meta":"","header-below-stick-meta":"","astra-migrate-meta-layouts":"default","ast-page-background-enabled":"default","ast-page-background-meta":{"desktop":{"background-color":"var(--ast-global-color-4)","background-image":"","background-repeat":"repeat","background-position":"center center","background-size":"auto","background-attachment":"scroll","background-type":"","background-media":"","overlay-type":"","overlay-color":"","overlay-opacity":"","overlay-gradient":""},"tablet":{"background-color":"","background-image":"","background-repeat":"repeat","background-position":"center center","background-size":"auto","background-attachment":"scroll","background-type":"","background-media":"","overlay-type":"","overlay-color":"","overlay-opacity":"","overlay-gradient":""},"mobile":{"background-color":"","background-image":"","background-repeat":"repeat","background-position":"center center","background-size":"auto","background-attachment":"scroll","background-type":"","background-media":"","overlay-type":"","overlay-color":"","overlay-opacity":"","overlay-gradient":""}},"ast-content-background-meta":{"desktop":{"background-color":"var(--ast-global-color-5)","background-image":"","background-repeat":"repeat","background-position":"center center","background-size":"auto","background-attachment":"scroll","background-type":"","background-media":"","overlay-type":"","overlay-color":"","overlay-opacity":"","overlay-gradient":""},"tablet":{"background-color":"var(--ast-global-color-5)","background-image":"","background-repeat":"repeat","background-position":"center center","background-size":"auto","background-attachment":"scroll","background-type":"","background-media":"","overlay-type":"","overlay-color":"","overlay-opacity":"","overlay-gradient":""},"mobile":{"background-color":"var(--ast-global-color-5)","background-image":"","background-repeat":"repeat","background-position":"center center","background-size":"auto","background-attachment":"scroll","background-type":"","background-media":"","overlay-type":"","overlay-color":"","overlay-opacity":"","overlay-gradient":""}},"footnotes":""},"class_list":["post-796","page","type-page","status-publish","hentry"],"post_mailing_queue_ids":[],"_links":{"self":[{"href":"https:\/\/agora.xtec.cat\/insalfonscostafreda\/wp-json\/wp\/v2\/pages\/796","targetHints":{"allow":["GET"]}}],"collection":[{"href":"https:\/\/agora.xtec.cat\/insalfonscostafreda\/wp-json\/wp\/v2\/pages"}],"about":[{"href":"https:\/\/agora.xtec.cat\/insalfonscostafreda\/wp-json\/wp\/v2\/types\/page"}],"author":[{"embeddable":true,"href":"https:\/\/agora.xtec.cat\/insalfonscostafreda\/wp-json\/wp\/v2\/users\/1"}],"replies":[{"embeddable":true,"href":"https:\/\/agora.xtec.cat\/insalfonscostafreda\/wp-json\/wp\/v2\/comments?post=796"}],"version-history":[{"count":2,"href":"https:\/\/agora.xtec.cat\/insalfonscostafreda\/wp-json\/wp\/v2\/pages\/796\/revisions"}],"predecessor-version":[{"id":898,"href":"https:\/\/agora.xtec.cat\/insalfonscostafreda\/wp-json\/wp\/v2\/pages\/796\/revisions\/898"}],"up":[{"embeddable":true,"href":"https:\/\/agora.xtec.cat\/insalfonscostafreda\/wp-json\/wp\/v2\/pages\/14436"}],"wp:attachment":[{"href":"https:\/\/agora.xtec.cat\/insalfonscostafreda\/wp-json\/wp\/v2\/media?parent=796"}],"curies":[{"name":"wp","href":"https:\/\/api.w.org\/{rel}","templated":true}]}}