{"id":547,"date":"2023-10-27T22:43:00","date_gmt":"2023-10-27T20:43:00","guid":{"rendered":"https:\/\/agora.xtec.cat\/insalfonscostafreda\/?page_id=547"},"modified":"2023-12-30T12:57:15","modified_gmt":"2023-12-30T11:57:15","slug":"convalidacions","status":"publish","type":"page","link":"https:\/\/agora.xtec.cat\/insalfonscostafreda\/secretaria\/tramits\/convalidacions\/","title":{"rendered":"Convalidacions"},"content":{"rendered":"<h2>Simultane\u00eftat d&#8217;estudis d&#8217;ESO\/Batxillerat amb estudis de m\u00fasica.<\/h2>\n<table style=\"border-collapse: collapse; width: 100%; height: 82px;\">\n<tbody>\n<tr style=\"height: 32px;\">\n<td style=\"width: 25%; height: 32px;\"><strong>ESO\/M\u00fasica<\/strong><\/td>\n<td style=\"width: 25%; height: 32px;\"><\/td>\n<td style=\"width: 25%; height: 32px;\"><\/td>\n<\/tr>\n<tr style=\"height: 47px;\">\n<td style=\"width: 25%; height: 10px;\"><strong>Conservatori o centre professional<\/strong><\/td>\n<td style=\"width: 25%; height: 10px;\"><strong>Escola autoritzada<\/strong><\/td>\n<td style=\"width: 25%; height: 10px;\"><strong>Escola autoritzada<\/strong><\/td>\n<\/tr>\n<tr style=\"height: 118px;\">\n<td style=\"width: 25%; height: 10px;\"><\/td>\n<td style=\"height: 10px;\"><strong>Situaci\u00f3 1<\/strong><\/p>\n<p>Si es cursen entre 3 i 4 hores setmanals<\/td>\n<td style=\"width: 25%; height: 10px;\"><strong>Situaci\u00f3 2<\/strong><\/p>\n<p>Si es cursen 4 hores setmanals o m\u00e9s<\/td>\n<\/tr>\n<tr style=\"height: 47px;\">\n<td style=\"width: 25%; height: 10px;\">Convalidaci\u00f3 m\u00e0xima<\/td>\n<td style=\"width: 25%; height: 10px;\">Reconeixement m\u00e0xim<\/td>\n<td style=\"width: 25%; height: 10px;\">Reconeixement m\u00e0xim<\/td>\n<\/tr>\n<tr style=\"height: 189px;\">\n<td style=\"width: 25%; height: 10px;\">M\u00fasica (mat\u00e8ria comuna de 1r a 3r)<br \/>\nLes mat\u00e8ries optatives de 1r a 3r (2 hores setmanals per curs)<br \/>\nUna mat\u00e8ria optativa de 4t (fins a un m\u00e0xim de 4 hores setmanals)<\/td>\n<td style=\"width: 25%; height: 10px;\">Les mat\u00e8ries optatives de 1r a 3r<br \/>\nUna mat\u00e8ria optativa de 4t (fins a un m\u00e0xim de 2 hores setmanals)<\/td>\n<td style=\"width: 25%; height: 10px;\">M\u00fasica (mat\u00e8ria comuna de 1r a 3r)<br \/>\nLes mat\u00e8ries optatives de 1r a 3r<br \/>\nUna mat\u00e8ria optativa de 4t (fins a un m\u00e0xim de 4 hores setmanals)<\/td>\n<\/tr>\n<tr style=\"height: 173px;\">\n<td style=\"width: 25%; height: 10px;\">Models:<br \/>\nEMU1: Sol\u00b7licitud alumnes<br \/>\nCMU1: Certificat conservatori o<br \/>\ncentre professional<br \/>\nEMU2: Resoluci\u00f3<\/td>\n<td style=\"width: 25%; height: 10px;\">Models:<br \/>\nEMU1: Sol\u00b7licitud alumnes<br \/>\nCMU2: Certificat escola de m\u00fasica autoritzada<br \/>\nEMU3: Resoluci\u00f3<br \/>\nEMU4: Pla de seguiment quadrimestral<\/td>\n<td style=\"width: 25%; height: 10px;\">Models:<br \/>\nEMU1: Sol\u00b7licitud alumnes<br \/>\nCMU2: Certificat escola de m\u00fasica autoritzada<br \/>\nEMU3: Resoluci\u00f3<br \/>\nEMU4: Pla de seguiment quadrimestral<\/td>\n<\/tr>\n<\/tbody>\n<\/table>\n<h3><\/h3>\n<table style=\"border-collapse: collapse; width: 100%;\">\n<tbody>\n<tr>\n<td style=\"width: 50%;\"><strong>Batxillerat \/ M\u00fasica<\/strong><\/td>\n<td style=\"width: 50%;\"><\/td>\n<\/tr>\n<tr>\n<td style=\"width: 50%;\"><strong>Conservatori o centre professional<\/strong><\/td>\n<td style=\"width: 50%;\"><strong>Escola autoritzada<\/strong><br \/>\n<strong>Si es cursen 4 hores setmanals o m\u00e9s<\/strong><\/td>\n<\/tr>\n<tr>\n<td style=\"width: 50%;\">Convalidaci\u00f3 m\u00e0xima<\/td>\n<td style=\"width: 50%;\">Reconeixement m\u00e0xim<\/td>\n<\/tr>\n<tr>\n<td style=\"width: 50%;\">A 1r: 6 hores setmanals de la franja d&#8217;optatives<br \/>\nA 2n: 4 hores setmanals de la franja d&#8217;optatives<\/td>\n<td style=\"width: 50%;\">A 1r: 6 hores setmanals de la franja d&#8217;optatives A 2n: 4 hores setmanals de la franja d&#8217;optatives<\/td>\n<\/tr>\n<tr>\n<td style=\"width: 50%;\"><\/td>\n<td style=\"width: 50%;\">Requisits:<\/p>\n<ul>\n<li>Cursar estudis en una escola de m\u00fasica autoritzada.<\/li>\n<li>Haver superat la prova d&#8217;acc\u00e9s als ensenyaments de grau professional de m\u00fasica.<\/li>\n<li>Cursar estudis que incloguin, com a m\u00ednim, Llenguatge Musical o Harmonia, Instrument i Pr\u00e0ctica Instrumental en Grup.<\/li>\n<\/ul>\n<\/td>\n<\/tr>\n<tr>\n<td style=\"width: 50%;\">Models:<br \/>\nBMU1: Sol\u00b7licitud alumnes<br \/>\nCMU1: Certificat conservatori o centre professional<br \/>\nBMU2: Resoluci\u00f3<\/td>\n<td style=\"width: 50%;\">Models:<br \/>\nBMU3: Sol\u00b7licitud alumnes<br \/>\nCMU3: Certificat escola de m\u00fasica autoritzada<br \/>\nBMU4: Resoluci\u00f3<\/td>\n<\/tr>\n<\/tbody>\n<\/table>\n<p>La llista dels centres autoritzats (conservatoris de m\u00fasica, centres professionals de m\u00fasica i escoles de m\u00fasica autoritzades) es pot consultar al <a href=\"http:\/\/mapaescolar.gencat.cat\/\">Mapa escolar del web del<\/a> Departament.<\/p>\n<h2>Simultane\u00eftat d&#8217;estudis d&#8217;ESO o de batxillerat amb estudis de dansa<\/h2>\n<table style=\"border-collapse: collapse; width: 100%;\">\n<tbody>\n<tr>\n<td style=\"width: 33.3333%;\"><strong>ESO \/ Dansa<\/strong><\/td>\n<td style=\"width: 33.3333%;\"><\/td>\n<td style=\"width: 33.3333%;\"><\/td>\n<\/tr>\n<tr>\n<td style=\"width: 33.3333%;\">Conservatori o centre professional<\/td>\n<td style=\"width: 33.3333%;\">Escola autoritzada<\/td>\n<td style=\"width: 33.3333%;\">Escola autoritzada<\/td>\n<\/tr>\n<tr>\n<td style=\"width: 33.3333%;\"><\/td>\n<td style=\"width: 33.3333%;\">Situaci\u00f3 1<br \/>\nSi es cursen<br \/>\nentre 5 i 7<br \/>\nhores<br \/>\nsetmanals<\/td>\n<td style=\"width: 33.3333%;\">Situaci\u00f3 2<br \/>\nSi es cursen 7 hores<br \/>\nsetmanals o m\u00e9s<\/td>\n<\/tr>\n<tr>\n<td style=\"width: 33.3333%;\">Convalidaci\u00f3 m\u00e0xima<\/td>\n<td style=\"width: 33.3333%;\">Reconeixement m\u00e0xim<\/td>\n<td style=\"width: 33.3333%;\">Reconeixement m\u00e0xim<\/td>\n<\/tr>\n<tr>\n<td style=\"width: 33.3333%;\">Educaci\u00f3 F\u00edsica<br \/>\nM\u00fasica (mat\u00e8ria comuna de 1r a 3r)<br \/>\nLes mat\u00e8ries optatives de 1r a 3r (2<br \/>\nhores setmanals per curs)<br \/>\nUna mat\u00e8ria optativa de 4t (4 hores<br \/>\nsetmanals)<\/td>\n<td style=\"width: 33.3333%;\">Educaci\u00f3 F\u00edsica<\/td>\n<td style=\"width: 33.3333%;\">Educaci\u00f3 F\u00edsica<br \/>\nLes mat\u00e8ries optatives de 1r a<br \/>\n3r (2 hores setmanals per<br \/>\ncurs)<br \/>\nUna mat\u00e8ria optativa de 4t<br \/>\n(4 hores setmanals)<\/td>\n<\/tr>\n<tr>\n<td style=\"width: 33.3333%;\">Models:<br \/>\nEDA 1: Sol\u00b7licitud alumnes<br \/>\nCDA1: Certificat conservatori o centre<br \/>\nprofessional<br \/>\nEDA2: Resoluci\u00f3<\/td>\n<td style=\"width: 33.3333%;\">Models:<br \/>\nEDA1: Sol\u00b7licitud alumnes<br \/>\nCDA2: Certificat escola de dansa autoritzada<br \/>\nEDA3: Resoluci\u00f3<br \/>\nEDA4: Pla de seguiment quadrimestral<\/td>\n<td style=\"width: 33.3333%;\">Models:<br \/>\nEDA1: Sol\u00b7licitud alumnes<br \/>\nCDA2: Certificat escola de dansa autoritzada<br \/>\nEDA3: Resoluci\u00f3<br \/>\nEDA4: Pla de seguiment quadrimestral<\/td>\n<\/tr>\n<\/tbody>\n<\/table>\n<table style=\"border-collapse: collapse; width: 100%;\">\n<tbody>\n<tr>\n<td style=\"width: 33.3333%;\"><strong>Batxillerat \/ Dansa<\/strong><\/td>\n<td style=\"width: 33.3333%;\"><\/td>\n<td style=\"width: 33.3333%;\"><\/td>\n<\/tr>\n<tr>\n<td style=\"width: 33.3333%;\">Conservatori o centre<br \/>\nprofessional<\/td>\n<td style=\"width: 33.3333%;\">Escola autoritzada<\/td>\n<td style=\"width: 33.3333%;\">Escola autoritzada<\/td>\n<\/tr>\n<tr>\n<td style=\"width: 33.3333%;\"><\/td>\n<td style=\"width: 33.3333%;\"><strong>Situaci\u00f3 1<\/strong><br \/>\nSi es cursen 11 hores setmanals o m\u00e9s de dansa<\/td>\n<td style=\"width: 33.3333%;\"><strong>Situaci\u00f3 2<\/strong><br \/>\nSi es cursen entre 7 i 10 hores setmanals de dansa<\/td>\n<\/tr>\n<tr>\n<td style=\"width: 33.3333%;\">Convalidaci\u00f3 m\u00e0xima<\/td>\n<td style=\"width: 33.3333%;\">Reconeixement m\u00e0xim<\/td>\n<td style=\"width: 33.3333%;\">Reconeixement m\u00e0xim<\/td>\n<\/tr>\n<tr>\n<td style=\"width: 33.3333%;\">Educaci\u00f3 F\u00edsica<br \/>\nA 1r: 6 hores setmanals de la franja d&#8217;optatives<br \/>\nA 2n: 4 hores setmanals de la franja d&#8217;optatives<\/td>\n<td style=\"width: 33.3333%;\">Educaci\u00f3 F\u00edsica<br \/>\nA 1r: 6 hores setmanals de la franja d&#8217;optatives<br \/>\nA 2n: 4 hores setmanals de la franja d&#8217;optatives<\/td>\n<td style=\"width: 33.3333%;\">Educaci\u00f3 F\u00edsica<\/td>\n<\/tr>\n<tr>\n<td style=\"width: 33.3333%;\"><\/td>\n<td style=\"width: 33.3333%;\">Requisits:<\/p>\n<ul>\n<li>Cursar estudis en una escola de dansa autoritzada.<\/li>\n<li>Haver superat la prova d&#8217;acc\u00e9s als ensenyaments de grau professional.<\/li>\n<li>Cursar, com a m\u00ednim, Dansa Cl\u00e0ssica, T\u00e8cniques de Dansa Contempor\u00e0nia o de Dansa Espanyola i continguts de m\u00fasica.<\/li>\n<\/ul>\n<\/td>\n<td style=\"width: 33.3333%;\">Requisits:<br \/>\nCursar estudis en una escola de dansa autoritzada.<\/td>\n<\/tr>\n<tr>\n<td style=\"width: 33.3333%;\">Models:<br \/>\nBDA 1: Sol\u00b7licitud alumnes<br \/>\nCDA1: Certificat<br \/>\nconservatori o centre<br \/>\nprofessional<br \/>\nBDA2: Resoluci\u00f3<\/td>\n<td style=\"width: 33.3333%;\">Models:<br \/>\nBDA3: Sol\u00b7licitud alumnes<br \/>\nCDA3: Certificat d&#8217;escola de<br \/>\ndansa autoritzada<br \/>\nBDA4: Resoluci\u00f3<\/td>\n<td style=\"width: 33.3333%;\">Models:<br \/>\nBDA3: Sol\u00b7licitud<br \/>\nalumnes<br \/>\nCDA2: Certificat d&#8217;escola<br \/>\nde dansa autoritzada<br \/>\nBDA5: Resoluci\u00f3<\/td>\n<\/tr>\n<\/tbody>\n<\/table>\n<h2>Alumnes que simultaniegen l&#8217;ESO amb dedicaci\u00f3 significativa a l&#8217;esport<\/h2>\n<ol>\n<li><strong>Alumnes<\/strong> amb dedicaci\u00f3 significativa a l&#8217;esport <strong>inclosos en algun dels programes <\/strong><strong>ARC<\/strong> (esportistes d&#8217;alt rendiment catal\u00e0)<\/li>\n<\/ol>\n<p>Els i les alumnes amb dedicaci\u00f3 significativa a l&#8217;esport avalada pel <strong>Consell Catal\u00e0 de <\/strong><strong>l&#8217;Esport<\/strong> matriculats en centres que no siguin centres educatius d&#8217;especial atenci\u00f3 a la pr\u00e0ctica esportiva, poden sol\u00b7licitar al director o directora del centre educatiu, en el primer trimestre del curs, que els reconeguin la mat\u00e8ria d&#8217;Educaci\u00f3 F\u00edsica.<\/p>\n<p>Per sol\u00b7licitar-ho, cal adjuntar a la sol\u00b7licitud, que ha d&#8217;estar signada pel pare, mare o tutor o tutora legal de l&#8217;alumne o alumna, el certificat del Consell Catal\u00e0 de l&#8217;Esport. Els i les alumnes poden obtenir aquest certificat quan siguin esportistes que figuren en el <strong>programa de tecnificaci\u00f3 (ARC)<\/strong> de la federaci\u00f3 catalana corresponent.<\/p>\n<p>El reconeixement de la mat\u00e8ria d&#8217;Educaci\u00f3 F\u00edsica implica que no t\u00e9 qualificaci\u00f3 ni computa a l&#8217;efecte del c\u00e0lcul de la mitjana, i a les actes cal indicar \u201cconvalidat\u201d.<\/p>\n<p>2. <strong>Alumnes<\/strong> amb dedicaci\u00f3 significativa a l&#8217;esport <strong>que no pertanyen a cap dels <\/strong><strong>programes ARC<\/strong><\/p>\n<p>2.1 Alumnes amb dedicaci\u00f3 intensiva a l&#8217;esport que no s&#8217;absenten habitualment del centre per participaci\u00f3 en tornejos o competicions.<\/p>\n<p>Els casos en qu\u00e8 l&#8217;alumnat participa regularment en competicions que impliquen una alta exig\u00e8ncia personal es pot valorar la conveni\u00e8ncia d&#8217;adoptar mesures i suports addicionals d&#8217;atenci\u00f3 educativa.<\/p>\n<p>2.2 Alumnes amb dedicaci\u00f3 intensiva a l&#8217;esport que s&#8217;absenten puntualment del centre per participaci\u00f3 en tornejos o competicions.<\/p>\n<p>Si l&#8217;alumne o alumna, per motius de participaci\u00f3 en tornejos, competicions o finals esportives, ha d&#8217;estar absent del centre educatiu durant un per\u00edode superior a 15 dies i inferior a 30 de forma continuada, es pot valorar la conveni\u00e8ncia d&#8217;adoptar mesures i suports addicionals d&#8217;atenci\u00f3 educativa.<\/p>\n<h2>Convalidacions a Cicles Formatius<\/h2>\n<h3>Convalidacions del m\u00f2dul professional de Formaci\u00f3 i Orientaci\u00f3 Laboral (FOL)<\/h3>\n<p>La superaci\u00f3 del cr\u00e8dit FOL d&#8217;un t\u00edtol LOGSE del mateix o diferent nivell convalida la unitat formativa &#8220;UF1. Incorporaci\u00f3 al treball&#8221; del m\u00f2dul professional de Formaci\u00f3 i Orientaci\u00f3 Laboral d&#8217;un t\u00edtol LOE.<\/p>\n<p>El fet de tenir el certificat de nivell b\u00e0sic en prevenci\u00f3 de riscos laborals, que s&#8217;estableix al Reial decret 39\/1997, de 17 de gener, pel qual s&#8217;aprova el Reglament dels serveis de prevenci\u00f3, convalida la unitat formativa &#8220;UF2. Prevenci\u00f3 de riscos laborals&#8221; del m\u00f2dul professional FOL. El centre educatiu ha de convalidar la &#8220;UF2. Prevenci\u00f3 de riscos laborals&#8221; a l&#8217;alumnat que justifiqui tenir un certificat de formaci\u00f3 en prevenci\u00f3 de riscos laborals, que habilita per desenvolupar les funcions de nivell b\u00e0sic, amb els requisits seg\u00fcents:<\/p>\n<ul>\n<li>Denominaci\u00f3 i segell de l&#8217;entitat certificadora, i signatura de la persona responsable.<\/li>\n<li>Nom i cognoms de la persona que ha cursat la formaci\u00f3.<\/li>\n<li>Denominaci\u00f3 i durada del curs.<\/li>\n<li>Localitat i data d&#8217;expedici\u00f3 del certificat.<\/li>\n<li>Text en qu\u00e8 s&#8217;indica: &#8220;Capacita per al desenvolupament de funcions de nivell b\u00e0sic segons el Reial decret 39\/1997 (segons el contingut de l&#8217;annex IV A o IV B)&#8221;.<\/li>\n<\/ul>\n<h3><strong>Convalidacions de les unitats formatives en llengua estrangera<\/strong><\/h3>\n<p>El m\u00f2dul professional d&#8217;Angl\u00e8s o Llengua Estrangera, sempre que es tracti de la mateixa llengua, \u00e9s objecte de convalidaci\u00f3 amb m\u00f2duls professionals o certificacions acad\u00e8miques oficials de nivell avan\u00e7at B2, per a cicles formatius de grau superior, de nivell intermedi B1 o superior, per a cicles formatius de grau mitj\u00e0, i titulacions universit\u00e0ries oficials en Filologia o Traducci\u00f3 i Interpretaci\u00f3, de la mateixa especialitat que la llengua estrangera que es desitja convalidar.<\/p>\n","protected":false},"excerpt":{"rendered":"<p>Simultane\u00eftat d&#8217;estudis d&#8217;ESO\/Batxillerat amb estudis de m\u00fasica. ESO\/M\u00fasica Conservatori o centre professional Escola autoritzada Escola autoritzada Situaci\u00f3 1 Si es cursen entre 3 i 4 hores setmanals Situaci\u00f3 2 Si es cursen 4 hores setmanals o m\u00e9s Convalidaci\u00f3 m\u00e0xima Reconeixement m\u00e0xim Reconeixement m\u00e0xim M\u00fasica (mat\u00e8ria comuna de 1r a 3r) Les mat\u00e8ries optatives de 1r [&hellip;]<\/p>\n","protected":false},"author":1,"featured_media":0,"parent":1280,"menu_order":0,"comment_status":"closed","ping_status":"closed","template":"page-templates\/side-menu.php","meta":{"_bbp_topic_count":0,"_bbp_reply_count":0,"_bbp_total_topic_count":0,"_bbp_total_reply_count":0,"_bbp_voice_count":0,"_bbp_anonymous_reply_count":0,"_bbp_topic_count_hidden":0,"_bbp_reply_count_hidden":0,"_bbp_forum_subforum_count":0,"site-sidebar-layout":"default","site-content-layout":"","ast-site-content-layout":"","site-content-style":"default","site-sidebar-style":"default","ast-global-header-display":"","ast-banner-title-visibility":"","ast-main-header-display":"","ast-hfb-above-header-display":"","ast-hfb-below-header-display":"","ast-hfb-mobile-header-display":"","site-post-title":"","ast-breadcrumbs-content":"","ast-featured-img":"","footer-sml-layout":"","theme-transparent-header-meta":"","adv-header-id-meta":"","stick-header-meta":"","header-above-stick-meta":"","header-main-stick-meta":"","header-below-stick-meta":"","astra-migrate-meta-layouts":"default","ast-page-background-enabled":"default","ast-page-background-meta":{"desktop":{"background-color":"var(--ast-global-color-4)","background-image":"","background-repeat":"repeat","background-position":"center center","background-size":"auto","background-attachment":"scroll","background-type":"","background-media":"","overlay-type":"","overlay-color":"","overlay-opacity":"","overlay-gradient":""},"tablet":{"background-color":"","background-image":"","background-repeat":"repeat","background-position":"center center","background-size":"auto","background-attachment":"scroll","background-type":"","background-media":"","overlay-type":"","overlay-color":"","overlay-opacity":"","overlay-gradient":""},"mobile":{"background-color":"","background-image":"","background-repeat":"repeat","background-position":"center center","background-size":"auto","background-attachment":"scroll","background-type":"","background-media":"","overlay-type":"","overlay-color":"","overlay-opacity":"","overlay-gradient":""}},"ast-content-background-meta":{"desktop":{"background-color":"var(--ast-global-color-5)","background-image":"","background-repeat":"repeat","background-position":"center center","background-size":"auto","background-attachment":"scroll","background-type":"","background-media":"","overlay-type":"","overlay-color":"","overlay-opacity":"","overlay-gradient":""},"tablet":{"background-color":"var(--ast-global-color-5)","background-image":"","background-repeat":"repeat","background-position":"center center","background-size":"auto","background-attachment":"scroll","background-type":"","background-media":"","overlay-type":"","overlay-color":"","overlay-opacity":"","overlay-gradient":""},"mobile":{"background-color":"var(--ast-global-color-5)","background-image":"","background-repeat":"repeat","background-position":"center center","background-size":"auto","background-attachment":"scroll","background-type":"","background-media":"","overlay-type":"","overlay-color":"","overlay-opacity":"","overlay-gradient":""}},"footnotes":""},"class_list":["post-547","page","type-page","status-publish","hentry"],"post_mailing_queue_ids":[],"_links":{"self":[{"href":"https:\/\/agora.xtec.cat\/insalfonscostafreda\/wp-json\/wp\/v2\/pages\/547","targetHints":{"allow":["GET"]}}],"collection":[{"href":"https:\/\/agora.xtec.cat\/insalfonscostafreda\/wp-json\/wp\/v2\/pages"}],"about":[{"href":"https:\/\/agora.xtec.cat\/insalfonscostafreda\/wp-json\/wp\/v2\/types\/page"}],"author":[{"embeddable":true,"href":"https:\/\/agora.xtec.cat\/insalfonscostafreda\/wp-json\/wp\/v2\/users\/1"}],"replies":[{"embeddable":true,"href":"https:\/\/agora.xtec.cat\/insalfonscostafreda\/wp-json\/wp\/v2\/comments?post=547"}],"version-history":[{"count":5,"href":"https:\/\/agora.xtec.cat\/insalfonscostafreda\/wp-json\/wp\/v2\/pages\/547\/revisions"}],"predecessor-version":[{"id":1127,"href":"https:\/\/agora.xtec.cat\/insalfonscostafreda\/wp-json\/wp\/v2\/pages\/547\/revisions\/1127"}],"up":[{"embeddable":true,"href":"https:\/\/agora.xtec.cat\/insalfonscostafreda\/wp-json\/wp\/v2\/pages\/1280"}],"wp:attachment":[{"href":"https:\/\/agora.xtec.cat\/insalfonscostafreda\/wp-json\/wp\/v2\/media?parent=547"}],"curies":[{"name":"wp","href":"https:\/\/api.w.org\/{rel}","templated":true}]}}