{"id":528,"date":"2023-10-27T22:17:00","date_gmt":"2023-10-27T20:17:00","guid":{"rendered":"https:\/\/agora.xtec.cat\/insalfonscostafreda\/?page_id=528"},"modified":"2025-02-26T10:52:23","modified_gmt":"2025-02-26T09:52:23","slug":"empreses","status":"publish","type":"page","link":"https:\/\/agora.xtec.cat\/insalfonscostafreda\/empreses\/","title":{"rendered":"Empreses"},"content":{"rendered":"\n<p><strong>Un Enlla\u00e7 amb el M\u00f3n Laboral<\/strong><\/p>\n\n\n\n<p>Al nostre centre educatiu valorem la col\u00b7laboraci\u00f3 de les empreses que, amb el seu comprom\u00eds, contribueixen a l\u2019aprenentatge de l\u2019alumnat oferint-los l\u2019oportunitat de con\u00e8ixer de primera m\u00e0 el funcionament del m\u00f3n laboral.<\/p>\n\n\n\n<p>Gr\u00e0cies a aquestes col\u00b7laboracions, els estudiants poden complementar la seva formaci\u00f3 acad\u00e8mica amb experi\u00e8ncies pr\u00e0ctiques en entorns professionals reals, desenvolupant compet\u00e8ncies i coneixements que seran fonamentals per al seu futur.<\/p>\n\n\n\n<p>Apreciem i agra\u00efm el suport de totes les empreses que formen part d\u2019aquest projecte educatiu, ajudant a acostar l\u2019alumnat a la realitat del sector i enriquint el seu proc\u00e9s d\u2019aprenentatge.<\/p>\n\n\n\n<p>Junts, creem vincles entre educaci\u00f3 i empresa per formar professionals m\u00e9s preparats i connectats amb la realitat laboral!<\/p>\n","protected":false},"excerpt":{"rendered":"<p>Un Enlla\u00e7 amb el M\u00f3n Laboral Al nostre centre educatiu valorem la col\u00b7laboraci\u00f3 de les empreses que, amb el seu comprom\u00eds, contribueixen a l\u2019aprenentatge de l\u2019alumnat oferint-los l\u2019oportunitat de con\u00e8ixer de primera m\u00e0 el funcionament del m\u00f3n laboral. Gr\u00e0cies a aquestes col\u00b7laboracions, els estudiants poden complementar la seva formaci\u00f3 acad\u00e8mica amb experi\u00e8ncies pr\u00e0ctiques en entorns [&hellip;]<\/p>\n","protected":false},"author":1,"featured_media":0,"parent":0,"menu_order":0,"comment_status":"closed","ping_status":"closed","template":"page-templates\/side-menu.php","meta":{"_bbp_topic_count":0,"_bbp_reply_count":0,"_bbp_total_topic_count":0,"_bbp_total_reply_count":0,"_bbp_voice_count":0,"_bbp_anonymous_reply_count":0,"_bbp_topic_count_hidden":0,"_bbp_reply_count_hidden":0,"_bbp_forum_subforum_count":0,"site-sidebar-layout":"default","site-content-layout":"","ast-site-content-layout":"","site-content-style":"default","site-sidebar-style":"default","ast-global-header-display":"","ast-banner-title-visibility":"","ast-main-header-display":"","ast-hfb-above-header-display":"","ast-hfb-below-header-display":"","ast-hfb-mobile-header-display":"","site-post-title":"","ast-breadcrumbs-content":"","ast-featured-img":"","footer-sml-layout":"","theme-transparent-header-meta":"","adv-header-id-meta":"","stick-header-meta":"","header-above-stick-meta":"","header-main-stick-meta":"","header-below-stick-meta":"","astra-migrate-meta-layouts":"default","ast-page-background-enabled":"default","ast-page-background-meta":{"desktop":{"background-color":"var(--ast-global-color-4)","background-image":"","background-repeat":"repeat","background-position":"center center","background-size":"auto","background-attachment":"scroll","background-type":"","background-media":"","overlay-type":"","overlay-color":"","overlay-opacity":"","overlay-gradient":""},"tablet":{"background-color":"","background-image":"","background-repeat":"repeat","background-position":"center center","background-size":"auto","background-attachment":"scroll","background-type":"","background-media":"","overlay-type":"","overlay-color":"","overlay-opacity":"","overlay-gradient":""},"mobile":{"background-color":"","background-image":"","background-repeat":"repeat","background-position":"center center","background-size":"auto","background-attachment":"scroll","background-type":"","background-media":"","overlay-type":"","overlay-color":"","overlay-opacity":"","overlay-gradient":""}},"ast-content-background-meta":{"desktop":{"background-color":"var(--ast-global-color-5)","background-image":"","background-repeat":"repeat","background-position":"center center","background-size":"auto","background-attachment":"scroll","background-type":"","background-media":"","overlay-type":"","overlay-color":"","overlay-opacity":"","overlay-gradient":""},"tablet":{"background-color":"var(--ast-global-color-5)","background-image":"","background-repeat":"repeat","background-position":"center center","background-size":"auto","background-attachment":"scroll","background-type":"","background-media":"","overlay-type":"","overlay-color":"","overlay-opacity":"","overlay-gradient":""},"mobile":{"background-color":"var(--ast-global-color-5)","background-image":"","background-repeat":"repeat","background-position":"center center","background-size":"auto","background-attachment":"scroll","background-type":"","background-media":"","overlay-type":"","overlay-color":"","overlay-opacity":"","overlay-gradient":""}},"footnotes":""},"class_list":["post-528","page","type-page","status-publish","hentry"],"post_mailing_queue_ids":[],"_links":{"self":[{"href":"https:\/\/agora.xtec.cat\/insalfonscostafreda\/wp-json\/wp\/v2\/pages\/528","targetHints":{"allow":["GET"]}}],"collection":[{"href":"https:\/\/agora.xtec.cat\/insalfonscostafreda\/wp-json\/wp\/v2\/pages"}],"about":[{"href":"https:\/\/agora.xtec.cat\/insalfonscostafreda\/wp-json\/wp\/v2\/types\/page"}],"author":[{"embeddable":true,"href":"https:\/\/agora.xtec.cat\/insalfonscostafreda\/wp-json\/wp\/v2\/users\/1"}],"replies":[{"embeddable":true,"href":"https:\/\/agora.xtec.cat\/insalfonscostafreda\/wp-json\/wp\/v2\/comments?post=528"}],"version-history":[{"count":2,"href":"https:\/\/agora.xtec.cat\/insalfonscostafreda\/wp-json\/wp\/v2\/pages\/528\/revisions"}],"predecessor-version":[{"id":13379,"href":"https:\/\/agora.xtec.cat\/insalfonscostafreda\/wp-json\/wp\/v2\/pages\/528\/revisions\/13379"}],"wp:attachment":[{"href":"https:\/\/agora.xtec.cat\/insalfonscostafreda\/wp-json\/wp\/v2\/media?parent=528"}],"curies":[{"name":"wp","href":"https:\/\/api.w.org\/{rel}","templated":true}]}}