{"id":1975,"date":"2024-02-29T18:51:08","date_gmt":"2024-02-29T17:51:08","guid":{"rendered":"https:\/\/agora.xtec.cat\/insalfonscostafreda\/?page_id=1975"},"modified":"2026-04-29T19:36:20","modified_gmt":"2026-04-29T17:36:20","slug":"preinscripcio-i-matricula-eso","status":"publish","type":"page","link":"https:\/\/agora.xtec.cat\/insalfonscostafreda\/secretaria\/tramits\/preinscripcio-i-matricula\/preinscripcio-i-matricula-eso\/","title":{"rendered":"Preinscripci\u00f3 i matr\u00edcula ESO 2026-2027"},"content":{"rendered":"\n<h2 class=\"wp-block-heading has-black-color has-text-color has-link-color wp-elements-9f0ad9b8dc3b18b0b707d88479628c11\"><span style=\"text-decoration: underline;\"><strong>Preinscripci\u00f3<\/strong><\/span><strong>: (del 6 al 18 de mar\u00e7)<\/strong><\/h2>\n\n\n\n<p>Calendari de preinscripci\u00f3 <\/p>\n\n\n\n<ul class=\"wp-block-list\">\n<li><a href=\"https:\/\/preinscripcio.gencat.cat\/ca\/estudis\/eso\/inici\/\">Presentaci\u00f3 de sol\u00b7licituds <\/a>: 6 al 18 de mar\u00e7<\/li>\n\n\n\n<li><a href=\"https:\/\/agora.xtec.cat\/insalfonscostafreda\/wp-content\/uploads\/usu2359\/INFORME_BAREM_PROVISIONAL_BAREM-3.pdf\">Llistes amb el barem provisional<\/a>: 15 d&#8217;abril<\/li>\n\n\n\n<li>Reclamacions: 15 al 20 d&#8217;abril<\/li>\n\n\n\n<li><a href=\"https:\/\/agora.xtec.cat\/insalfonscostafreda\/wp-content\/uploads\/usu2359\/INFORME_BAREM_RESOLTES_BAREM-5.pdf\">Llista un cop resoltes les reclamacions<\/a>: 23 d&#8217;abril<\/li>\n\n\n\n<li>Sorteig n\u00ba desempat: 28 d&#8217;abril (<strong>42129<\/strong>)<\/li>\n\n\n\n<li><a href=\"https:\/\/agora.xtec.cat\/insalfonscostafreda\/wp-content\/uploads\/usu2359\/INFORME_BAREM_DEFINITIU_BAREM-3.pdf\" data-type=\"link\" data-id=\"https:\/\/agora.xtec.cat\/insalfonscostafreda\/wp-content\/uploads\/usu2359\/INFORME_BAREM_DEFINITIU_BAREM-3.pdf\">Llista ordenada<\/a>: 29 d&#8217;abril<\/li>\n\n\n\n<li>Publicaci\u00f3 de les llistes d&#8217;admesos i llista d&#8217;espera: 10 de juny<\/li>\n\n\n\n<li>Per\u00edode de matriculaci\u00f3: 22 al 30 de juny<\/li>\n\n\n\n<li><a href=\"https:\/\/preinscripcio.gencat.cat\/ca\/estudis\/eso\/inici\/\">M\u00e9s informaci\u00f3<\/a><\/li>\n<\/ul>\n\n\n\n<p><strong>Informaci\u00f3:<\/strong><\/p>\n\n\n\n<ul class=\"wp-block-list\">\n<li><a href=\"https:\/\/agora.xtec.cat\/insalfonscostafreda\/wp-content\/uploads\/usu2359\/Acceptacio-projecte-linguistic-angles.pdf\">Voluntat de participaci\u00f3 del projecte CLIL<\/a><\/li>\n\n\n\n<li><a href=\"https:\/\/agora.xtec.cat\/insalfonscostafreda\/wp-content\/uploads\/usu2359\/26-27_DipticPreinscripcioESO.pdf\">Detalls de dates i barems de prioritzaci\u00f3<\/a><\/li>\n\n\n\n<li><a href=\"https:\/\/agora.xtec.cat\/insalfonscostafreda\/wp-content\/uploads\/usu2359\/INFORME_OFERTA_OME_INFORME_OFERTA-2.pdf\">Publicaci\u00f3 Oferta inicial de places<\/a><\/li>\n\n\n\n<li>Publicaci\u00f3 Oferta definitiva de places<\/li>\n<\/ul>\n\n\n\n<p><\/p>\n\n\n\n<h2 class=\"wp-block-heading has-black-color has-text-color has-link-color wp-elements-aa1442589ff1ece9030c93fc2538e65b\"><strong><u>Matr\u00edcula<\/u><\/strong> <\/h2>\n\n\n\n<p>La matr\u00edcula es formalitza 100% en l\u00ednia i no cal anar al centre per presentar-la. A continuaci\u00f3 trobareu les instruccions i documentaci\u00f3 que cal presentar.<\/p>\n\n\n\n<h4 class=\"wp-block-heading\"><strong><u>Alumnat nou al centre<\/u>: <\/strong><strong>&nbsp;(22 al 30 de juny)<\/strong><\/h4>\n\n\n\n<ul class=\"wp-block-list\">\n<li>\n<ul class=\"wp-block-list\">\n<li>Qu\u00e8 heu de tenir preparat per adjuntar al formulari?\n<ul class=\"wp-block-list\">\n<li><em>DNI\/NIE\/PASS pare\/mare (menor d\u2019edat)<\/em><\/li>\n\n\n\n<li><em>DNI\/NIE\/PASS alumne<\/em><\/li>\n\n\n\n<li><em>Llibre de fam\u00edlia (menor d\u2019edat)<\/em><\/li>\n\n\n\n<li><em>TSI (Targeta sanit\u00e0ria)<\/em><\/li>\n\n\n\n<li><em>Fotografia targeta seguretat social (NUSS). Ho trobareu a la part superior d\u2019una n\u00f2mina o b\u00e9 a la targeta de la Seguretat Social.<\/em><\/li>\n\n\n\n<li><em>Fotografia mida carnet<\/em><em style=\"font-family: inherit; font-size: 1em;\">&nbsp;<\/em><\/li>\n\n\n\n<li><em>Carnet de vacunacions<\/em><\/li>\n<\/ul>\n<\/li>\n<\/ul>\n<\/li>\n\n\n\n<li>\n<ul class=\"wp-block-list\">\n<li>Realitzar el formulari enviat amb el comunicat de matriculaci\u00f3.<\/li>\n\n\n\n<li>Signar autoritzacions i realitzar el pagament de matr\u00edcula en concepte de material i asseguran\u00e7a a trav\u00e9s de <a href=\"https:\/\/agora.xtec.cat\/insalfonscostafreda\/secretaria\/pagaments-en-linia\/\">l\u2019APP INSTRUCCIONS DE DESC\u00c0RREGA<\/a><\/li>\n<\/ul>\n<\/li>\n<\/ul>\n\n\n\n<h4 class=\"wp-block-heading\"><span style=\"text-decoration: underline;\"><strong>Alumnat de continu\u00eftat<\/strong><\/span><strong>:<\/strong><strong> (15 al 30 de juny<\/strong><strong>)<\/strong><\/h4>\n\n\n\n<ul class=\"wp-block-list\">\n<li>Signar autoritzacions i realitzar el pagament a trav\u00e9s de l\u2019APP <a href=\"https:\/\/agora.xtec.cat\/insalfonscostafreda\/secretaria\/pagaments-en-linia\/\">INSTRUCCIONS DE DESC\u00c0RREGA<\/a><\/li>\n<\/ul>\n\n\n\n<p>Teniu problemes? Contacteu amb nosaltres al 973312204 o b\u00e9 a <a href=\"mailto:secretaria@insalfonscostafreda.cat\">secretaria@insalfonscostafreda.cat<\/a><\/p>\n\n\n\n<p><strong>Informaci\u00f3 matr\u00edcula:<\/strong><\/p>\n\n\n\n<ul class=\"wp-block-list\">\n<li>Full informatiu matr\u00edcula 1er ESO<\/li>\n\n\n\n<li>Full informatiu matr\u00edcula 2n, 3er,4rt ESO<\/li>\n\n\n\n<li>Llibres IDDINK<\/li>\n\n\n\n<li>Full informatiu AFA<\/li>\n<\/ul>\n","protected":false},"excerpt":{"rendered":"<p>Preinscripci\u00f3: (del 6 al 18 de mar\u00e7) Calendari de preinscripci\u00f3 Informaci\u00f3: Matr\u00edcula La matr\u00edcula es formalitza 100% en l\u00ednia i no cal anar al centre per presentar-la. A continuaci\u00f3 trobareu les instruccions i documentaci\u00f3 que cal presentar. Alumnat nou al centre: &nbsp;(22 al 30 de juny) Alumnat de continu\u00eftat: (15 al 30 de juny) Teniu [&hellip;]<\/p>\n","protected":false},"author":6,"featured_media":0,"parent":543,"menu_order":1,"comment_status":"closed","ping_status":"closed","template":"","meta":{"_bbp_topic_count":0,"_bbp_reply_count":0,"_bbp_total_topic_count":0,"_bbp_total_reply_count":0,"_bbp_voice_count":0,"_bbp_anonymous_reply_count":0,"_bbp_topic_count_hidden":0,"_bbp_reply_count_hidden":0,"_bbp_forum_subforum_count":0,"site-sidebar-layout":"default","site-content-layout":"","ast-site-content-layout":"default","site-content-style":"default","site-sidebar-style":"default","ast-global-header-display":"","ast-banner-title-visibility":"","ast-main-header-display":"","ast-hfb-above-header-display":"","ast-hfb-below-header-display":"","ast-hfb-mobile-header-display":"","site-post-title":"","ast-breadcrumbs-content":"","ast-featured-img":"","footer-sml-layout":"","theme-transparent-header-meta":"","adv-header-id-meta":"","stick-header-meta":"","header-above-stick-meta":"","header-main-stick-meta":"","header-below-stick-meta":"","astra-migrate-meta-layouts":"set","ast-page-background-enabled":"default","ast-page-background-meta":{"desktop":{"background-color":"var(--ast-global-color-4)","background-image":"","background-repeat":"repeat","background-position":"center center","background-size":"auto","background-attachment":"scroll","background-type":"","background-media":"","overlay-type":"","overlay-color":"","overlay-opacity":"","overlay-gradient":""},"tablet":{"background-color":"","background-image":"","background-repeat":"repeat","background-position":"center center","background-size":"auto","background-attachment":"scroll","background-type":"","background-media":"","overlay-type":"","overlay-color":"","overlay-opacity":"","overlay-gradient":""},"mobile":{"background-color":"","background-image":"","background-repeat":"repeat","background-position":"center center","background-size":"auto","background-attachment":"scroll","background-type":"","background-media":"","overlay-type":"","overlay-color":"","overlay-opacity":"","overlay-gradient":""}},"ast-content-background-meta":{"desktop":{"background-color":"var(--ast-global-color-5)","background-image":"","background-repeat":"repeat","background-position":"center center","background-size":"auto","background-attachment":"scroll","background-type":"","background-media":"","overlay-type":"","overlay-color":"","overlay-opacity":"","overlay-gradient":""},"tablet":{"background-color":"var(--ast-global-color-5)","background-image":"","background-repeat":"repeat","background-position":"center center","background-size":"auto","background-attachment":"scroll","background-type":"","background-media":"","overlay-type":"","overlay-color":"","overlay-opacity":"","overlay-gradient":""},"mobile":{"background-color":"var(--ast-global-color-5)","background-image":"","background-repeat":"repeat","background-position":"center center","background-size":"auto","background-attachment":"scroll","background-type":"","background-media":"","overlay-type":"","overlay-color":"","overlay-opacity":"","overlay-gradient":""}},"footnotes":""},"class_list":["post-1975","page","type-page","status-publish","hentry"],"post_mailing_queue_ids":[],"_links":{"self":[{"href":"https:\/\/agora.xtec.cat\/insalfonscostafreda\/wp-json\/wp\/v2\/pages\/1975","targetHints":{"allow":["GET"]}}],"collection":[{"href":"https:\/\/agora.xtec.cat\/insalfonscostafreda\/wp-json\/wp\/v2\/pages"}],"about":[{"href":"https:\/\/agora.xtec.cat\/insalfonscostafreda\/wp-json\/wp\/v2\/types\/page"}],"author":[{"embeddable":true,"href":"https:\/\/agora.xtec.cat\/insalfonscostafreda\/wp-json\/wp\/v2\/users\/6"}],"replies":[{"embeddable":true,"href":"https:\/\/agora.xtec.cat\/insalfonscostafreda\/wp-json\/wp\/v2\/comments?post=1975"}],"version-history":[{"count":6,"href":"https:\/\/agora.xtec.cat\/insalfonscostafreda\/wp-json\/wp\/v2\/pages\/1975\/revisions"}],"predecessor-version":[{"id":14807,"href":"https:\/\/agora.xtec.cat\/insalfonscostafreda\/wp-json\/wp\/v2\/pages\/1975\/revisions\/14807"}],"up":[{"embeddable":true,"href":"https:\/\/agora.xtec.cat\/insalfonscostafreda\/wp-json\/wp\/v2\/pages\/543"}],"wp:attachment":[{"href":"https:\/\/agora.xtec.cat\/insalfonscostafreda\/wp-json\/wp\/v2\/media?parent=1975"}],"curies":[{"name":"wp","href":"https:\/\/api.w.org\/{rel}","templated":true}]}}