{"id":14476,"date":"2026-02-04T09:55:06","date_gmt":"2026-02-04T08:55:06","guid":{"rendered":"https:\/\/agora.xtec.cat\/insalfonscostafreda\/?page_id=14476"},"modified":"2026-02-04T09:56:24","modified_gmt":"2026-02-04T08:56:24","slug":"programa-qimc","status":"publish","type":"page","link":"https:\/\/agora.xtec.cat\/insalfonscostafreda\/projectes\/programes-fp\/programa-qimc\/","title":{"rendered":"Programa QiMC"},"content":{"rendered":"\n<figure class=\"wp-block-image alignleft\"><img loading=\"lazy\" decoding=\"async\" width=\"638\" height=\"168\" src=\"https:\/\/agora.xtec.cat\/insalfonscostafreda\/wp-content\/uploads\/usu2359\/logo_transp.png\" alt=\"\" class=\"wp-image-851\" srcset=\"https:\/\/agora.xtec.cat\/insalfonscostafreda\/wp-content\/uploads\/usu2359\/logo_transp.png 638w, https:\/\/agora.xtec.cat\/insalfonscostafreda\/wp-content\/uploads\/usu2359\/logo_transp-300x79.png 300w\" sizes=\"auto, (max-width: 638px) 100vw, 638px\" \/><\/figure>\n\n\n\n<p>El PQiMC (<em>Projecte de Qualitat i Millora Cont\u00ednua<\/em>) es desenvolupa a trav\u00e9s de cursos i seminaris espec\u00edfics, de jornades d\u2019intercanvi d\u2019experi\u00e8ncies i, sobretot, de l\u2019agrupaci\u00f3 dels centres en xarxes de treball amb l\u2019objectiu de donar-se suport m\u00fatuament i compartir experi\u00e8ncies, metodologies, aix\u00ed com noves eines de gesti\u00f3 i millora. Les xarxes de centres s\u2019organitzen tenint en compte el grau de desenvolupament del sistema de gesti\u00f3 i respectant, en la mesura que es pugui, la proximitat al territori.<\/p>\n\n\n\n<p>En funci\u00f3 del grau de desenvolupament del sistema de gesti\u00f3, el Pla del PQiMC es divideix en tres programes:<\/p>\n\n\n\n<ul class=\"wp-block-list\">\n<li>El&nbsp;<strong>Programa d\u2019assegurament de la qualitat<\/strong>&nbsp;t\u00e9 com a finalitat millorar els resultats educatius i la cohesi\u00f3 social en els centres educatius, aix\u00ed com garantir la confian\u00e7a dels grups d\u2019inter\u00e8s, mitjan\u00e7ant la implantaci\u00f3 de sistemes de gesti\u00f3 de la qualitat en base a la norma ISO 9001.<\/li>\n\n\n\n<li>El&nbsp;<strong>Programa de millora cont\u00ednua de la qualitat<\/strong>&nbsp;t\u00e9 com a finalitat ajudar a assolir la millora en totes les \u00e0rees i processos dels centres educatius, a trav\u00e9s de la implantaci\u00f3 de sistemes de gesti\u00f3 de la qualitat d\u2019excel\u00b7l\u00e8ncia, en base al model europeu (EFQM), adaptats al sector educatiu (e2Cat).<\/li>\n\n\n\n<li>El&nbsp;<strong>Programa d\u2019excel\u00b7l\u00e8ncia en la gesti\u00f3 educativa<\/strong>&nbsp;t\u00e9 com a finalitat ajudar a assolir uns resultats excel\u00b7lents de manera sostinguda a partir de l\u2019organitzaci\u00f3, gesti\u00f3 i desenvolupament d\u2019accions en un conjunt de dimensions o eixos que configuren l\u2019univers global de processos d\u2019una organitzaci\u00f3 educativa que aspira a satisfer i excel\u00b7lir en la seva relaci\u00f3 amb l\u2019alumnat i la resta de parts interessades a trav\u00e9s del model e2cat, l\u2019adaptaci\u00f3 del model europeu (EFQM).<\/li>\n<\/ul>\n\n\n\n<p>Paral\u00b7lelament, aquells centres que participen al Programa d\u2019excel\u00b7l\u00e8ncia en la gesti\u00f3 educativa o, depenent de la maduresa dels seus sistemes de gesti\u00f3, els que pertanyen al Programa de millora cont\u00ednua de la qualitat, poden participar en les xarxes espec\u00edfiques seg\u00fcents:<\/p>\n\n\n\n<ul class=\"wp-block-list\">\n<li><strong>Xarxa sistema de gesti\u00f3 de seguretat i salut en el treball (SST)<\/strong>&nbsp;t\u00e9 com a finalitat ajudar a assolir la integraci\u00f3 de la norma ISO 45001 i assegurar la gesti\u00f3 dels sistemes de seguretat i salut de les persones del centre.<\/li>\n\n\n\n<li><strong>Xarxa sistema de gesti\u00f3 ambiental (SGA)<\/strong>&nbsp;t\u00e9 com a finalitat ajudar a assolir la integraci\u00f3 de la norma ISO 14001 i a l\u2019optimitzaci\u00f3 de la gesti\u00f3 de recursos, la reducci\u00f3 de residus, i la minimitzaci\u00f3 de l\u2019impacte ambiental derivat de la seva activitat i altres riscos associats.<\/li>\n<\/ul>\n\n\n\n<p>M\u00e9s informaci\u00f3:&nbsp;<a href=\"https:\/\/projectes.xtec.cat\/qualitatfp\/\">https:\/\/projectes.xtec.cat\/qualitatfp\/<\/a><\/p>\n","protected":false},"excerpt":{"rendered":"<p>El PQiMC (Projecte de Qualitat i Millora Cont\u00ednua) es desenvolupa a trav\u00e9s de cursos i seminaris espec\u00edfics, de jornades d\u2019intercanvi d\u2019experi\u00e8ncies i, sobretot, de l\u2019agrupaci\u00f3 dels centres en xarxes de treball amb l\u2019objectiu de donar-se suport m\u00fatuament i compartir experi\u00e8ncies, metodologies, aix\u00ed com noves eines de gesti\u00f3 i millora. Les xarxes de centres s\u2019organitzen tenint [&hellip;]<\/p>\n","protected":false},"author":5,"featured_media":0,"parent":14461,"menu_order":0,"comment_status":"closed","ping_status":"close","template":"page-templates\/side-menu.php","meta":{"_bbp_topic_count":0,"_bbp_reply_count":0,"_bbp_total_topic_count":0,"_bbp_total_reply_count":0,"_bbp_voice_count":0,"_bbp_anonymous_reply_count":0,"_bbp_topic_count_hidden":0,"_bbp_reply_count_hidden":0,"_bbp_forum_subforum_count":0,"site-sidebar-layout":"default","site-content-layout":"","ast-site-content-layout":"","site-content-style":"default","site-sidebar-style":"default","ast-global-header-display":"","ast-banner-title-visibility":"","ast-main-header-display":"","ast-hfb-above-header-display":"","ast-hfb-below-header-display":"","ast-hfb-mobile-header-display":"","site-post-title":"","ast-breadcrumbs-content":"","ast-featured-img":"","footer-sml-layout":"","theme-transparent-header-meta":"","adv-header-id-meta":"","stick-header-meta":"","header-above-stick-meta":"","header-main-stick-meta":"","header-below-stick-meta":"","astra-migrate-meta-layouts":"default","ast-page-background-enabled":"default","ast-page-background-meta":{"desktop":{"background-color":"var(--ast-global-color-4)","background-image":"","background-repeat":"repeat","background-position":"center center","background-size":"auto","background-attachment":"scroll","background-type":"","background-media":"","overlay-type":"","overlay-color":"","overlay-opacity":"","overlay-gradient":""},"tablet":{"background-color":"","background-image":"","background-repeat":"repeat","background-position":"center center","background-size":"auto","background-attachment":"scroll","background-type":"","background-media":"","overlay-type":"","overlay-color":"","overlay-opacity":"","overlay-gradient":""},"mobile":{"background-color":"","background-image":"","background-repeat":"repeat","background-position":"center center","background-size":"auto","background-attachment":"scroll","background-type":"","background-media":"","overlay-type":"","overlay-color":"","overlay-opacity":"","overlay-gradient":""}},"ast-content-background-meta":{"desktop":{"background-color":"var(--ast-global-color-5)","background-image":"","background-repeat":"repeat","background-position":"center center","background-size":"auto","background-attachment":"scroll","background-type":"","background-media":"","overlay-type":"","overlay-color":"","overlay-opacity":"","overlay-gradient":""},"tablet":{"background-color":"var(--ast-global-color-5)","background-image":"","background-repeat":"repeat","background-position":"center center","background-size":"auto","background-attachment":"scroll","background-type":"","background-media":"","overlay-type":"","overlay-color":"","overlay-opacity":"","overlay-gradient":""},"mobile":{"background-color":"var(--ast-global-color-5)","background-image":"","background-repeat":"repeat","background-position":"center center","background-size":"auto","background-attachment":"scroll","background-type":"","background-media":"","overlay-type":"","overlay-color":"","overlay-opacity":"","overlay-gradient":""}},"footnotes":""},"class_list":["post-14476","page","type-page","status-publish","hentry"],"post_mailing_queue_ids":[],"_links":{"self":[{"href":"https:\/\/agora.xtec.cat\/insalfonscostafreda\/wp-json\/wp\/v2\/pages\/14476","targetHints":{"allow":["GET"]}}],"collection":[{"href":"https:\/\/agora.xtec.cat\/insalfonscostafreda\/wp-json\/wp\/v2\/pages"}],"about":[{"href":"https:\/\/agora.xtec.cat\/insalfonscostafreda\/wp-json\/wp\/v2\/types\/page"}],"author":[{"embeddable":true,"href":"https:\/\/agora.xtec.cat\/insalfonscostafreda\/wp-json\/wp\/v2\/users\/5"}],"replies":[{"embeddable":true,"href":"https:\/\/agora.xtec.cat\/insalfonscostafreda\/wp-json\/wp\/v2\/comments?post=14476"}],"version-history":[{"count":2,"href":"https:\/\/agora.xtec.cat\/insalfonscostafreda\/wp-json\/wp\/v2\/pages\/14476\/revisions"}],"predecessor-version":[{"id":14478,"href":"https:\/\/agora.xtec.cat\/insalfonscostafreda\/wp-json\/wp\/v2\/pages\/14476\/revisions\/14478"}],"up":[{"embeddable":true,"href":"https:\/\/agora.xtec.cat\/insalfonscostafreda\/wp-json\/wp\/v2\/pages\/14461"}],"wp:attachment":[{"href":"https:\/\/agora.xtec.cat\/insalfonscostafreda\/wp-json\/wp\/v2\/media?parent=14476"}],"curies":[{"name":"wp","href":"https:\/\/api.w.org\/{rel}","templated":true}]}}