{"id":14416,"date":"2026-02-02T20:09:42","date_gmt":"2026-02-02T19:09:42","guid":{"rendered":"https:\/\/agora.xtec.cat\/insalfonscostafreda\/?page_id=14416"},"modified":"2026-02-02T20:43:57","modified_gmt":"2026-02-02T19:43:57","slug":"projectes-pedagogics","status":"publish","type":"page","link":"https:\/\/agora.xtec.cat\/insalfonscostafreda\/projectes\/projectes-pedagogics\/","title":{"rendered":"Projectes pedag\u00f2gics"},"content":{"rendered":"\n<p>Els <strong>projectes pedag\u00f2gics<\/strong> de l\u2019Institut Alfons Costafreda constitueixen l\u2019eix central del treball a l\u2019aula i responen a la voluntat del centre de millorar cont\u00ednuament els aprenentatges de l\u2019alumnat. A trav\u00e9s de metodologies actives, el treball interdisciplinari i la reflexi\u00f3 did\u00e0ctica compartida, aquests projectes afavoreixen el desenvolupament de compet\u00e8ncies clau i una educaci\u00f3 significativa i inclusiva.<\/p>\n\n\n\n<p>En aquest marc, el centre participa en <strong>projectes impulsats pels departaments did\u00e0ctics<\/strong>, com el <strong>Programa Florence<\/strong> i la <strong>Xarxa de comprensi\u00f3 lectora<\/strong>, que reforcen la qualitat de l\u2019ensenyament, la innovaci\u00f3 metodol\u00f2gica i la millora dels resultats educatius. Aquests projectes permeten aprofundir en aspectes fonamentals com la compet\u00e8ncia lectora, el pensament cr\u00edtic i l\u2019acompanyament de l\u2019alumnat al llarg del seu proc\u00e9s d\u2019aprenentatge.<\/p>\n\n\n\n<p><\/p>\n","protected":false},"excerpt":{"rendered":"<p>Els projectes pedag\u00f2gics de l\u2019Institut Alfons Costafreda constitueixen l\u2019eix central del treball a l\u2019aula i responen a la voluntat del centre de millorar cont\u00ednuament els aprenentatges de l\u2019alumnat. A trav\u00e9s de metodologies actives, el treball interdisciplinari i la reflexi\u00f3 did\u00e0ctica compartida, aquests projectes afavoreixen el desenvolupament de compet\u00e8ncies clau i una educaci\u00f3 significativa i inclusiva. [&hellip;]<\/p>\n","protected":false},"author":5,"featured_media":0,"parent":535,"menu_order":1,"comment_status":"closed","ping_status":"close","template":"page-templates\/side-menu.php","meta":{"_bbp_topic_count":0,"_bbp_reply_count":0,"_bbp_total_topic_count":0,"_bbp_total_reply_count":0,"_bbp_voice_count":0,"_bbp_anonymous_reply_count":0,"_bbp_topic_count_hidden":0,"_bbp_reply_count_hidden":0,"_bbp_forum_subforum_count":0,"site-sidebar-layout":"default","site-content-layout":"","ast-site-content-layout":"","site-content-style":"default","site-sidebar-style":"default","ast-global-header-display":"","ast-banner-title-visibility":"","ast-main-header-display":"","ast-hfb-above-header-display":"","ast-hfb-below-header-display":"","ast-hfb-mobile-header-display":"","site-post-title":"","ast-breadcrumbs-content":"","ast-featured-img":"","footer-sml-layout":"","theme-transparent-header-meta":"","adv-header-id-meta":"","stick-header-meta":"","header-above-stick-meta":"","header-main-stick-meta":"","header-below-stick-meta":"","astra-migrate-meta-layouts":"default","ast-page-background-enabled":"default","ast-page-background-meta":{"desktop":{"background-color":"var(--ast-global-color-4)","background-image":"","background-repeat":"repeat","background-position":"center center","background-size":"auto","background-attachment":"scroll","background-type":"","background-media":"","overlay-type":"","overlay-color":"","overlay-opacity":"","overlay-gradient":""},"tablet":{"background-color":"","background-image":"","background-repeat":"repeat","background-position":"center center","background-size":"auto","background-attachment":"scroll","background-type":"","background-media":"","overlay-type":"","overlay-color":"","overlay-opacity":"","overlay-gradient":""},"mobile":{"background-color":"","background-image":"","background-repeat":"repeat","background-position":"center center","background-size":"auto","background-attachment":"scroll","background-type":"","background-media":"","overlay-type":"","overlay-color":"","overlay-opacity":"","overlay-gradient":""}},"ast-content-background-meta":{"desktop":{"background-color":"var(--ast-global-color-5)","background-image":"","background-repeat":"repeat","background-position":"center center","background-size":"auto","background-attachment":"scroll","background-type":"","background-media":"","overlay-type":"","overlay-color":"","overlay-opacity":"","overlay-gradient":""},"tablet":{"background-color":"var(--ast-global-color-5)","background-image":"","background-repeat":"repeat","background-position":"center center","background-size":"auto","background-attachment":"scroll","background-type":"","background-media":"","overlay-type":"","overlay-color":"","overlay-opacity":"","overlay-gradient":""},"mobile":{"background-color":"var(--ast-global-color-5)","background-image":"","background-repeat":"repeat","background-position":"center center","background-size":"auto","background-attachment":"scroll","background-type":"","background-media":"","overlay-type":"","overlay-color":"","overlay-opacity":"","overlay-gradient":""}},"footnotes":""},"class_list":["post-14416","page","type-page","status-publish","hentry"],"post_mailing_queue_ids":[],"_links":{"self":[{"href":"https:\/\/agora.xtec.cat\/insalfonscostafreda\/wp-json\/wp\/v2\/pages\/14416","targetHints":{"allow":["GET"]}}],"collection":[{"href":"https:\/\/agora.xtec.cat\/insalfonscostafreda\/wp-json\/wp\/v2\/pages"}],"about":[{"href":"https:\/\/agora.xtec.cat\/insalfonscostafreda\/wp-json\/wp\/v2\/types\/page"}],"author":[{"embeddable":true,"href":"https:\/\/agora.xtec.cat\/insalfonscostafreda\/wp-json\/wp\/v2\/users\/5"}],"replies":[{"embeddable":true,"href":"https:\/\/agora.xtec.cat\/insalfonscostafreda\/wp-json\/wp\/v2\/comments?post=14416"}],"version-history":[{"count":6,"href":"https:\/\/agora.xtec.cat\/insalfonscostafreda\/wp-json\/wp\/v2\/pages\/14416\/revisions"}],"predecessor-version":[{"id":14434,"href":"https:\/\/agora.xtec.cat\/insalfonscostafreda\/wp-json\/wp\/v2\/pages\/14416\/revisions\/14434"}],"up":[{"embeddable":true,"href":"https:\/\/agora.xtec.cat\/insalfonscostafreda\/wp-json\/wp\/v2\/pages\/535"}],"wp:attachment":[{"href":"https:\/\/agora.xtec.cat\/insalfonscostafreda\/wp-json\/wp\/v2\/media?parent=14416"}],"curies":[{"name":"wp","href":"https:\/\/api.w.org\/{rel}","templated":true}]}}