{"id":1425,"date":"2023-12-30T21:55:34","date_gmt":"2023-12-30T20:55:34","guid":{"rendered":"https:\/\/agora.xtec.cat\/insalfonscostafreda\/?page_id=1425"},"modified":"2024-01-18T17:32:21","modified_gmt":"2024-01-18T16:32:21","slug":"erasmus-alumnat","status":"publish","type":"page","link":"https:\/\/agora.xtec.cat\/insalfonscostafreda\/erasmus\/erasmus-alumnat\/","title":{"rendered":"Erasmus+ Alumnat"},"content":{"rendered":"<p>A l\u2019Institut Alfons Costafreda els alumnes podeu fer sol\u00b7licitar les seg\u00fcents\u00a0<b>modalitats\u00a0<\/b>de mobilitat:<\/p>\n<ul>\n<li>Mobilitat de pr\u00e0ctiques<\/li>\n<li>Mobilitat d\u2019estudi<\/li>\n<\/ul>\n<p>&nbsp;<\/p>\n<p><b>Mobilitat de pr\u00e0ctiques<\/b><\/p>\n<p>Una mobilitat de pr\u00e0ctiques consisteix en fer la Formaci\u00f3 del Centre de Treball (FCT) en un dels pa\u00efsos del grup 1, 2 3.<\/p>\n<p>&nbsp;<\/p>\n<p><b>Mobilitat d\u2019estudi<\/b><\/p>\n<p>Una mobilitat d\u2019estudi consisteix en fer part dels estudis del cicle formatiu que est\u00e0s impartint en un dels pa\u00efsos del grup 1, 2 o 3.<\/p>\n<p>&nbsp;<\/p>\n<p><b>Convocatoria actual<\/b><\/p>\n<p>En cas d\u2019estar interessat en demanar una mobilitat, visita la p\u00e0gina de la\u00a0<a href=\"https:\/\/www.insalfonscostafreda.cat\/web\/index.php\/portes-obertes\/552-convocatoria-actual-d-alumnes-curs-2020-21-ka103\">convocatoria actual d\u2019alumnes<\/a>.<\/p>\n","protected":false},"excerpt":{"rendered":"<p>A l\u2019Institut Alfons Costafreda els alumnes podeu fer sol\u00b7licitar les seg\u00fcents\u00a0modalitats\u00a0de mobilitat: Mobilitat de pr\u00e0ctiques Mobilitat d\u2019estudi &nbsp; Mobilitat de pr\u00e0ctiques Una mobilitat de pr\u00e0ctiques consisteix en fer la Formaci\u00f3 del Centre de Treball (FCT) en un dels pa\u00efsos del grup 1, 2 3. &nbsp; Mobilitat d\u2019estudi Una mobilitat d\u2019estudi consisteix en fer part dels [&hellip;]<\/p>\n","protected":false},"author":1,"featured_media":0,"parent":758,"menu_order":5,"comment_status":"closed","ping_status":"closed","template":"page-templates\/side-menu.php","meta":{"_bbp_topic_count":0,"_bbp_reply_count":0,"_bbp_total_topic_count":0,"_bbp_total_reply_count":0,"_bbp_voice_count":0,"_bbp_anonymous_reply_count":0,"_bbp_topic_count_hidden":0,"_bbp_reply_count_hidden":0,"_bbp_forum_subforum_count":0,"site-sidebar-layout":"default","site-content-layout":"","ast-site-content-layout":"","site-content-style":"default","site-sidebar-style":"default","ast-global-header-display":"","ast-banner-title-visibility":"","ast-main-header-display":"","ast-hfb-above-header-display":"","ast-hfb-below-header-display":"","ast-hfb-mobile-header-display":"","site-post-title":"","ast-breadcrumbs-content":"","ast-featured-img":"","footer-sml-layout":"","theme-transparent-header-meta":"","adv-header-id-meta":"","stick-header-meta":"","header-above-stick-meta":"","header-main-stick-meta":"","header-below-stick-meta":"","astra-migrate-meta-layouts":"default","ast-page-background-enabled":"default","ast-page-background-meta":{"desktop":{"background-color":"var(--ast-global-color-4)","background-image":"","background-repeat":"repeat","background-position":"center center","background-size":"auto","background-attachment":"scroll","background-type":"","background-media":"","overlay-type":"","overlay-color":"","overlay-opacity":"","overlay-gradient":""},"tablet":{"background-color":"","background-image":"","background-repeat":"repeat","background-position":"center center","background-size":"auto","background-attachment":"scroll","background-type":"","background-media":"","overlay-type":"","overlay-color":"","overlay-opacity":"","overlay-gradient":""},"mobile":{"background-color":"","background-image":"","background-repeat":"repeat","background-position":"center center","background-size":"auto","background-attachment":"scroll","background-type":"","background-media":"","overlay-type":"","overlay-color":"","overlay-opacity":"","overlay-gradient":""}},"ast-content-background-meta":{"desktop":{"background-color":"var(--ast-global-color-5)","background-image":"","background-repeat":"repeat","background-position":"center center","background-size":"auto","background-attachment":"scroll","background-type":"","background-media":"","overlay-type":"","overlay-color":"","overlay-opacity":"","overlay-gradient":""},"tablet":{"background-color":"var(--ast-global-color-5)","background-image":"","background-repeat":"repeat","background-position":"center center","background-size":"auto","background-attachment":"scroll","background-type":"","background-media":"","overlay-type":"","overlay-color":"","overlay-opacity":"","overlay-gradient":""},"mobile":{"background-color":"var(--ast-global-color-5)","background-image":"","background-repeat":"repeat","background-position":"center center","background-size":"auto","background-attachment":"scroll","background-type":"","background-media":"","overlay-type":"","overlay-color":"","overlay-opacity":"","overlay-gradient":""}},"footnotes":""},"class_list":["post-1425","page","type-page","status-publish","hentry"],"post_mailing_queue_ids":[],"_links":{"self":[{"href":"https:\/\/agora.xtec.cat\/insalfonscostafreda\/wp-json\/wp\/v2\/pages\/1425","targetHints":{"allow":["GET"]}}],"collection":[{"href":"https:\/\/agora.xtec.cat\/insalfonscostafreda\/wp-json\/wp\/v2\/pages"}],"about":[{"href":"https:\/\/agora.xtec.cat\/insalfonscostafreda\/wp-json\/wp\/v2\/types\/page"}],"author":[{"embeddable":true,"href":"https:\/\/agora.xtec.cat\/insalfonscostafreda\/wp-json\/wp\/v2\/users\/1"}],"replies":[{"embeddable":true,"href":"https:\/\/agora.xtec.cat\/insalfonscostafreda\/wp-json\/wp\/v2\/comments?post=1425"}],"version-history":[{"count":1,"href":"https:\/\/agora.xtec.cat\/insalfonscostafreda\/wp-json\/wp\/v2\/pages\/1425\/revisions"}],"predecessor-version":[{"id":1426,"href":"https:\/\/agora.xtec.cat\/insalfonscostafreda\/wp-json\/wp\/v2\/pages\/1425\/revisions\/1426"}],"up":[{"embeddable":true,"href":"https:\/\/agora.xtec.cat\/insalfonscostafreda\/wp-json\/wp\/v2\/pages\/758"}],"wp:attachment":[{"href":"https:\/\/agora.xtec.cat\/insalfonscostafreda\/wp-json\/wp\/v2\/media?parent=1425"}],"curies":[{"name":"wp","href":"https:\/\/api.w.org\/{rel}","templated":true}]}}